000
CXUS52 KMLB 141534
CF6LEE
PRELIMINARY LOCAL CLIMATOLOGICAL DATA (WS FORM: F-6)
STATION: LEESBURG
MONTH: JULY
YEAR: 2023
LATITUDE: 28 49 N
LONGITUDE: 81 49 W
TEMPERATURE IN F: :PCPN: SNOW: WIND :SUNSHINE: SKY :PK WND
================================================================================
1 2 3 4 5 6A 6B 7 8 9 10 11 12 13 14 15 16 17 18
12Z AVG MX 2MIN
DY MAX MIN AVG DEP HDD CDD WTR SNW DPTH SPD SPD DIR MIN PSBL S-S WX SPD DR
================================================================================
1 96 72 84 1 0 19 0.00 0.0 0 5.1 20 50 M M 1 1 25 50
2 95 77 86 3 0 21 0.00 0.0 0 5.8 15 110 M M 0 20 90
3 98 78 88 5 0 23 0.00 0.0 0 4.8 14 130 M M 0 38 18 110
4 98 77 88 5 0 23 0.00 0.0 0 4.3 20 100 M M 0 25 100
5 98 76 87 4 0 22 0.00 0.0 0 4.2 26 110 M M 1 3 35 120
6 94 76 85 2 0 20 0.13 0.0 0 3.2 16 280 M M 1 138 25 290
7 91 74 83 0 0 18 1.08 0.0 0 5.6 17 90 M M 3 138 28 250
8 87 76 82 -1 0 17 0.23 0.0 0 6.5 17 20 M M 3 13 23 20
9 92 78 85 2 0 20 0.03 0.0 0 6.2 15 280 M M 1 13 25 280
10 91 75 83 0 0 18 0.25 0.0 0 8.0 22 280 M M 2 13 37 290
11 85 76 81 -2 0 16 0.23 0.0 0 5.3 12 260 M M 3 1 19 220
12 89 73 81 -2 0 16 1.19 0.0 0 2.8 26 50 M M 2 13 44 40
13 91 76 84 1 0 19 0.16 0.0 0 3.0 13 320 M M 1 13 23 240
14 93 75 84 1 0 19 0.20 0.0 0 4.6 15 290 M M 3 13 23 280
15 93 76 85 2 0 20 0.00 0.0 0 5.7 13 280 M M 1 20 260
16 88 76 82 -1 0 17 0.68 0.0 0 4.5 16 310 M M 3 1238 27 270
17 89 76 83 0 0 18 0.15 0.0 0 6.6 15 200 M M 2 138 21 220
18 92 73 83 0 0 18 2.45 0.0 0 5.4 26 350 M M 0 3 35 350
19 94 74 84 1 0 19 0.00 0.0 0 4.4 18 120 M M 0 26 120
20 97 76 87 4 0 22 0.00 0.0 0 4.0 10 190 M M 1 3 15 220
21 94 77 86 3 0 21 0.00 0.0 0 5.4 12 270 M M 0 8 19 270
22 94 76 85 2 0 20 0.00 0.0 0 7.9 22 360 M M 1 3 30 10
23 92 74 83 0 0 18 0.37 0.0 0 6.4 24 210 M M 1 13 35 210
24 88 74 81 -2 0 16 0.27 0.0 0 6.7 18 220 M M 3 13 33 200
25 90 73 82 -1 0 17 0.40 0.0 0 4.2 22 290 M M 1 138 34 270
26 94 76 85 2 0 20 0.00 0.0 0 3.9 18 110 M M 1 3 24 110
27 89 76 83 0 0 18 T 0.0 0 4.4 14 40 M M 1 18 60
28 92 75 84 1 0 19 0.41 0.0 0 2.7 16 240 M M 4 13 31 230
29 93 76 85 2 0 20 0.00 0.0 0 3.9 15 330 M M 1 3 20 320
30 95 76 86 3 0 21 T 0.0 0 4.8 20 40 M M 2 3 27 20
31 92 75 84 1 0 19 0.05 0.0 0 5.7 15 300 M M 2 13 23 290
================================================================================
SM 2864 2338 0 594 8.28 0.0 156.0 M 45
================================================================================
AV 92.4 75.4 5.0 FASTST M M 1 MAX(MPH)
MISC ----> # 26 110 44 40
================================================================================
NOTES:
# LAST OF SEVERAL OCCURRENCES
COLUMN 17 PEAK WIND IN M.P.H.
PRELIMINARY LOCAL CLIMATOLOGICAL DATA (WS FORM: F-6) , PAGE 2
STATION: LEESBURG
MONTH: JULY
YEAR: 2023
LATITUDE: 28 49 N
LONGITUDE: 81 49 W
[TEMPERATURE DATA] [PRECIPITATION DATA] SYMBOLS USED IN COLUMN 16
AVERAGE MONTHLY: 83.9 TOTAL FOR MONTH: 8.28 1 = FOG OR MIST
DPTR FM NORMAL: 0.9 DPTR FM NORMAL: 2.40 2 = FOG REDUCING VISIBILITY
HIGHEST: 98 ON 5, 4 GRTST 24HR 2.45 ON 18-18 TO 1/4 MILE OR LESS
LOWEST: 72 ON 1 3 = THUNDER
SNOW, ICE PELLETS, HAIL 4 = ICE PELLETS
TOTAL MONTH: 0.0 INCH 5 = HAIL
GRTST 24HR 0.0 6 = FREEZING RAIN OR DRIZZLE
GRTST DEPTH: 0 7 = DUSTSTORM OR SANDSTORM:
VSBY 1/2 MILE OR LESS
8 = SMOKE OR HAZE
[NO. OF DAYS WITH] [WEATHER - DAYS WITH] 9 = BLOWING SNOW
X = TORNADO
MAX 32 OR BELOW: 0 0.01 INCH OR MORE: 17
MAX 90 OR ABOVE: 24 0.10 INCH OR MORE: 15
MIN 32 OR BELOW: 0 0.50 INCH OR MORE: 4
MIN 0 OR BELOW: 0 1.00 INCH OR MORE: 3
[HDD (BASE 65) ]
TOTAL THIS MO. 0 CLEAR (SCALE 0-3) 30
DPTR FM NORMAL 0 PTCLDY (SCALE 4-7) 1
TOTAL FM JUL 1 0 CLOUDY (SCALE 8-10) 0
DPTR FM NORMAL 0
[CDD (BASE 65) ]
TOTAL THIS MO. 594
DPTR FM NORMAL 36 [PRESSURE DATA]
TOTAL FM JAN 1 2231 HIGHEST SLP 30.19 ON 25
DPTR FM NORMAL 324 LOWEST SLP 29.90 ON 8
[REMARKS]
#FINAL-07-23#