000
CXUS52 KMLB 010629
CF6LEE
PRELIMINARY LOCAL CLIMATOLOGICAL DATA (WS FORM: F-6)
STATION: LEESBURG
MONTH: MARCH
YEAR: 2022
LATITUDE: 28 49 N
LONGITUDE: 81 49 W
TEMPERATURE IN F: :PCPN: SNOW: WIND :SUNSHINE: SKY :PK WND
================================================================================
1 2 3 4 5 6A 6B 7 8 9 10 11 12 13 14 15 16 17 18
12Z AVG MX 2MIN
DY MAX MIN AVG DEP HDD CDD WTR SNW DPTH SPD SPD DIR MIN PSBL S-S WX SPD DR
================================================================================
1 76 55 66 1 0 1 0.00 0.0 0 6.7 15 20 M M 5 19 30
2 78 49 64 -1 1 0 0.00 0.0 0 3.9 10 100 M M 0 13 80
3 82 53 68 3 0 3 0.00 0.0 0 3.1 10 290 M M 0 14 300
4 85 56 71 6 0 6 0.00 0.0 0 5.3 14 120 M M 0 17 120
5 84 57 71 6 0 6 0.00 0.0 0 8.7 18 110 M M 1 1 23 110
6 84 61 73 8 0 8 0.00 0.0 0 8.7 20 130 M M 1 27 130
7 86 66 76 11 0 11 0.00 0.0 0 5.7 14 310 M M 3 19 150
8 86 70 78 12 0 13 0.00 0.0 0 5.2 12 180 M M 7 16 140
9 86 67 77 11 0 12 0.18 0.0 0 9.5 21 280 M M 8 138 30 290
10 76 64 70 4 0 5 1.66 0.0 0 6.3 21 350 M M 5 123 28 330
11 83 67 75 9 0 10 0.00 0.0 0 5.8 14 230 M M 4 21 220
12 75 44 60 -6 5 0 0.68 0.0 0 13.7 25 230 M M 4 123 36 220
13 65 36 51 -15 14 0 0.00 0.0 0 11.2 17 30 M M 0 21 350
14 77 48 63 -3 2 0 0.00 0.0 0 7.5 17 100 M M 2 23 100
15 79 63 71 5 0 6 1.24 0.0 0 7.4 17 270 M M 6 13 24 270
16 80 64 72 6 0 7 0.22 0.0 0 4.5 16 250 M M 7 138 22 250
17 80 60 70 3 0 5 0.00 0.0 0 4.4 9 160 M M 2 1 12 280
18 89 57 73 6 0 8 0.00 0.0 0 6.0 23 30 M M 1 1 27 30
19 87 65 76 9 0 11 0.00 0.0 0 7.7 14 200 M M 1 18 210
20 77 58 68 1 0 3 0.04 0.0 0 7.7 16 300 M M 2 13 24 290
21 80 51 66 -1 0 1 0.00 0.0 0 8.1 17 110 M M 0 22 100
22 83 59 71 4 0 6 0.00 0.0 0 9.8 20 120 M M 1 25 120
23 84 69 77 9 0 12 0.26 0.0 0 7.3 18 190 M M 6 8 26 210
24 74 60 67 -1 0 2 0.49 0.0 0 5.6 15 330 M M 8 1 19 330
25 75 59 67 -1 0 2 T 0.0 0 7.5 21 270 M M 4 28 270
26 78 56 67 -1 0 2 0.00 0.0 0 8.4 17 270 M M 0 24 260
27 79 56 68 0 0 3 0.00 0.0 0 7.4 16 280 M M 0 23 270
28 82 56 69 1 0 4 0.00 0.0 0 6.3 14 280 M M 0 1 20 250
29 85 57 71 2 0 6 0.00 0.0 0 4.4 12 100 M M 1 12 15 110
30 85 65 75 6 0 10 0.00 0.0 0 10.6 20 120 M M 1 27 120
31 82 66 74 5 0 9 1.98 0.0 0 10.4 20 190 M M 8 13 26 190
================================================================================
SM 2502 1814 22 172 6.75 0.0 224.8 M 88
================================================================================
AV 80.7 58.5 7.3 FASTST M M 3 MAX(MPH)
MISC ----> 25 230 36 220
================================================================================
NOTES:
# LAST OF SEVERAL OCCURRENCES
COLUMN 17 PEAK WIND IN M.P.H.
PRELIMINARY LOCAL CLIMATOLOGICAL DATA (WS FORM: F-6) , PAGE 2
STATION: LEESBURG
MONTH: MARCH
YEAR: 2022
LATITUDE: 28 49 N
LONGITUDE: 81 49 W
[TEMPERATURE DATA] [PRECIPITATION DATA] SYMBOLS USED IN COLUMN 16
AVERAGE MONTHLY: 69.6 TOTAL FOR MONTH: 6.75 1 = FOG OR MIST
DPTR FM NORMAL: 3.0 DPTR FM NORMAL: 3.53 2 = FOG REDUCING VISIBILITY
HIGHEST: 89 ON 18 GRTST 24HR 1.98 ON 31-31 TO 1/4 MILE OR LESS
LOWEST: 36 ON 13 3 = THUNDER
SNOW, ICE PELLETS, HAIL 4 = ICE PELLETS
TOTAL MONTH: 0.0 INCH 5 = HAIL
GRTST 24HR 0.0 6 = FREEZING RAIN OR DRIZZLE
GRTST DEPTH: 0 7 = DUSTSTORM OR SANDSTORM:
VSBY 1/2 MILE OR LESS
8 = SMOKE OR HAZE
[NO. OF DAYS WITH] [WEATHER - DAYS WITH] 9 = BLOWING SNOW
X = TORNADO
MAX 32 OR BELOW: 0 0.01 INCH OR MORE: 9
MAX 90 OR ABOVE: 0 0.10 INCH OR MORE: 8
MIN 32 OR BELOW: 0 0.50 INCH OR MORE: 4
MIN 0 OR BELOW: 0 1.00 INCH OR MORE: 3
[HDD (BASE 65) ]
TOTAL THIS MO. 22 CLEAR (SCALE 0-3) 18
DPTR FM NORMAL -42 PTCLDY (SCALE 4-7) 12
TOTAL FM JUL 1 435 CLOUDY (SCALE 8-10) 1
DPTR FM NORMAL -183
[CDD (BASE 65) ]
TOTAL THIS MO. 172
DPTR FM NORMAL 56 [PRESSURE DATA]
TOTAL FM JAN 1 289 HIGHEST SLP M ON M
DPTR FM NORMAL 75 LOWEST SLP 29.76 ON 12
[REMARKS]
#FINAL-03-22#