000
CXUS53 KLMK 010710
CF6LEX
PRELIMINARY LOCAL CLIMATOLOGICAL DATA (WS FORM: F-6)
STATION: LEXINGTON KY
MONTH: MAY
YEAR: 2023
LATITUDE: 38 1 N
LONGITUDE: 84 36 W
TEMPERATURE IN F: :PCPN: SNOW: WIND :SUNSHINE: SKY :PK WND
================================================================================
1 2 3 4 5 6A 6B 7 8 9 10 11 12 13 14 15 16 17 18
12Z AVG MX 2MIN
DY MAX MIN AVG DEP HDD CDD WTR SNW DPTH SPD SPD DIR MIN PSBL S-S WX SPD DR
================================================================================
1 56 45 51 -10 14 0 0.02 0.0 0 16.2 26 250 M M 10 40 290
2 63 45 54 -8 11 0 0.00 0.0 0 14.2 26 270 M M 5 39 280
3 63 42 53 -9 12 0 0.00 0.0 0 9.1 21 290 M M 5 30 330
4 70 36 53 -9 12 0 0.00 0.0 0 3.8 12 280 M M 1 16 350
5 76 45 61 -1 4 0 0.00 0.0 0 6.1 13 90 M M 0 18 150
6 77 50 64 1 1 0 0.00 0.0 0 7.7 18 170 M M 5 26 160
7 72 60 66 3 0 1 0.44 0.0 0 10.6 38 280 M M 3 13 60 270
8 77 54 66 3 0 1 0.08 0.0 0 6.3 16 160 M M 4 1 22 260
9 77 55 66 2 0 1 0.05 0.0 0 7.4 18 330 M M 6 18 26 340
10 79 49 64 0 1 0 0.00 0.0 0 7.7 14 50 M M 0 19 30
11 84 60 72 8 0 7 T 0.0 0 5.4 18 210 M M 3 26 190
12 76 66 71 7 0 6 0.03 0.0 0 6.8 15 230 M M 9 1 21 230
13 82 67 75 10 0 10 0.35 0.0 0 5.8 23 10 M M 8 13 29 20
14 80 64 72 7 0 7 0.00 0.0 0 9.1 15 60 M M 2 19 50
15 77 60 69 4 0 4 0.00 0.0 0 7.6 14 30 M M 4 17 60
16 69 58 64 -1 1 0 0.49 0.0 0 5.1 21 340 M M 8 13 31 290
17 75 51 63 -3 2 0 0.00 0.0 0 5.8 14 40 M M 0 12 20 30
18 80 48 64 -2 1 0 T 0.0 0 5.1 13 50 M M 2 17 70
19 78 66 72 6 0 7 0.00 0.0 0 7.3 16 210 M M 6 21 210
20 73 55 64 -2 1 0 0.82 0.0 0 6.7 15 330 M M 6 18 20 350
21 75 49 62 -5 3 0 0.00 0.0 0 7.1 17 40 M M 0 22 40
22 78 49 64 -3 1 0 0.00 0.0 0 7.8 18 70 M M 0 25 80
23 84 57 71 4 0 6 0.00 0.0 0 5.7 10 100 M M 2 17 20
24 82 55 69 1 0 4 0.00 0.0 0 4.8 16 50 M M 2 20 60
25 74 54 64 -4 1 0 0.00 0.0 0 11.4 18 30 M M 0 27 360
26 79 49 64 -4 1 0 0.00 0.0 0 10.5 20 60 M M 1 27 50
27 73 54 64 -4 1 0 0.00 0.0 0 8.2 16 60 M M 0 22 60
28 65 54 60 -9 5 0 0.25 0.0 0 7.6 15 40 M M 10 1 20 140
29 82 56 69 0 0 4 T 0.0 0 4.3 14 30 M M 9 19 60
30 85 63 74 5 0 9 0.00 0.0 0 5.6 15 90 M M 2 22 90
31 87 66 77 7 0 12 0.00 0.0 0 7.1 15 70 M M 1 21 70
================================================================================
SM 2348 1682 72 79 2.53 0.0 233.9 M 114
================================================================================
AV 75.7 54.3 7.5 FASTST M M 4 MAX(MPH)
MISC ----> 38 280 60 270
================================================================================
NOTES:
# LAST OF SEVERAL OCCURRENCES
COLUMN 17 PEAK WIND IN M.P.H.
PRELIMINARY LOCAL CLIMATOLOGICAL DATA (WS FORM: F-6) , PAGE 2
STATION: LEXINGTON KY
MONTH: MAY
YEAR: 2023
LATITUDE: 38 1 N
LONGITUDE: 84 36 W
[TEMPERATURE DATA] [PRECIPITATION DATA] SYMBOLS USED IN COLUMN 16
AVERAGE MONTHLY: 65.0 TOTAL FOR MONTH: 2.53 1 = FOG OR MIST
DPTR FM NORMAL: -0.4 DPTR FM NORMAL: -2.91 2 = FOG REDUCING VISIBILITY
HIGHEST: 87 ON 31 GRTST 24HR 0.82 ON 20-20 TO 1/4 MILE OR LESS
LOWEST: 36 ON 4 3 = THUNDER
SNOW, ICE PELLETS, HAIL 4 = ICE PELLETS
TOTAL MONTH: 0.0 INCH 5 = HAIL
GRTST 24HR 0.0 6 = FREEZING RAIN OR DRIZZLE
GRTST DEPTH: 0 7 = DUSTSTORM OR SANDSTORM:
VSBY 1/2 MILE OR LESS
8 = SMOKE OR HAZE
[NO. OF DAYS WITH] [WEATHER - DAYS WITH] 9 = BLOWING SNOW
X = TORNADO
MAX 32 OR BELOW: 0 0.01 INCH OR MORE: 9
MAX 90 OR ABOVE: 0 0.10 INCH OR MORE: 5
MIN 32 OR BELOW: 0 0.50 INCH OR MORE: 1
MIN 0 OR BELOW: 0 1.00 INCH OR MORE: 0
[HDD (BASE 65) ]
TOTAL THIS MO. 72 CLEAR (SCALE 0-3) 17
DPTR FM NORMAL -24 PTCLDY (SCALE 4-7) 10
TOTAL FM JUL 1 3652 CLOUDY (SCALE 8-10) 4
DPTR FM NORMAL -772
[CDD (BASE 65) ]
TOTAL THIS MO. 79
DPTR FM NORMAL -29 [PRESSURE DATA]
TOTAL FM JAN 1 107 HIGHEST SLP M ON M
DPTR FM NORMAL -28 LOWEST SLP 29.50 ON 1
[REMARKS]
#FINAL-05-23#