000
CXUS54 KLCH 161906
CF6LFT
PRELIMINARY LOCAL CLIMATOLOGICAL DATA (WS FORM: F-6)
STATION: LAFAYETTE
MONTH: AUGUST
YEAR: 2020
LATITUDE: 30 12 N
LONGITUDE: 92 0 W
TEMPERATURE IN F: :PCPN: SNOW: WIND :SUNSHINE: SKY :PK WND
================================================================================
1 2 3 4 5 6A 6B 7 8 9 10 11 12 13 14 15 16 17 18
12Z AVG MX 2MIN
DY MAX MIN AVG DEP HDD CDD WTR SNW DPTH SPD SPD DIR MIN PSBL S-S WX SPD DR
================================================================================
1 87 74 81 -3 0 16 T 0.0 0 3.5 14 20 M M 2 3 19 350
2 91 72 82 -2 0 17 0.00 0.0 0 2.7 10 360 M M 3 12 15 340
3 92 71 82 -2 0 17 0.00 0.0 0 3.4 15 300 M M 2 13 20 350
4 94 76 85 1 0 20 0.00 0.0 0 4.5 13 290 M M 0 18 350
5 94 75 85 1 0 20 0.49 0.0 0 4.4 31 330 M M 3 13 41 340
6 92 75 84 0 0 19 0.00 0.0 0 4.7 13 10 M M 1 18 20
7 94 72 83 -1 0 18 0.00 0.0 0 2.1 12 20 M M 0 1 16 10
8 94 75 85 1 0 20 0.05 0.0 0 2.1 14 240 M M 2 138 25 140
9 92 74 83 -1 0 18 1.63 0.0 0 2.4 25 240 M M 2 1238 38 240
10 95 75 85 1 0 20 0.00 0.0 0 3.8 15 210 M M 2 1 20 220
11 94 75 85 1 0 20 0.00 0.0 0 4.2 12 190 M M 2 1 18 200
12 94 78 86 2 0 21 0.00 0.0 0 3.0 14 170 M M 2 25 170
13 95 75 85 1 0 20 0.68 0.0 0 3.7 18 230 M M 3 138 25 190
14 95 75 85 1 0 20 0.00 0.0 0 5.7 14 200 M M 2 3 21 140
15 98 76 87 3 0 22 0.00 0.0 0 4.8 20 350 M M 2 38 26 360
16 95 74 85 1 0 20 0.00 0.0 0 3.5 13 10 M M 1 22 310
17 92 76 84 0 0 19 0.00 0.0 0 6.4 17 10 M M 1 22 360
18 94 73 84 0 0 19 0.00 0.0 0 4.4 13 350 M M 0 16 350
19 92 72 82 -2 0 17 0.00 0.0 0 4.7 14 20 M M 1 23 20
20 90 70 80 -4 0 15 0.00 0.0 0 5.3 16 350 M M 0 25 350
21 93 68 81 -3 0 16 0.00 0.0 0 2.4 13 310 M M 1 17 300
22 93 70 82 -2 0 17 0.00 0.0 0 2.9 13 30 M M 2 18 21 10
23 94 72 83 -1 0 18 0.00 0.0 0 4.8 14 40 M M 1 1 20 60
24 93 73 83 0 0 18 0.00 0.0 0 6.5 16 30 M M 2 23 40
25 95 76 86 3 0 21 0.10 0.0 0 5.9 10 50 M M 7 138 18 150
26 88 77 83 0 0 18 1.82 0.0 0 9.8 20 110 M M M 138 42 70
27 90 78 84 1 0 19 5.83 0.0 0 16.5 36 200 M M M 138 57 150
28 90 76 83 0 0 18 0.39 0.0 0 7.2 18 330 M M M 18 27 230
29 91 76 84 1 0 19 0.52 0.0 0 2.3 22 320 M M M 138 27 320
30 91 76 84 1 0 19 0.13 0.0 0 4.5 14 190 M M M 1 18 190
31 93 80 87 4 0 22 0.03 0.0 0 7.7 16 210 M M M 18 24 210
================================================================================
SM 2875 2305 0 583 11.67 0.0 149.8 M 44
================================================================================
AV 92.7 74.4 4.8 FASTST M M 2 MAX(MPH)
MISC ----> # 36 200 # 57 150
================================================================================
NOTES:
# LAST OF SEVERAL OCCURRENCES
COLUMN 17 PEAK WIND IN M.P.H.
PRELIMINARY LOCAL CLIMATOLOGICAL DATA (WS FORM: F-6) , PAGE 2
STATION: LAFAYETTE
MONTH: AUGUST
YEAR: 2020
LATITUDE: 30 12 N
LONGITUDE: 92 0 W
[TEMPERATURE DATA] [PRECIPITATION DATA] SYMBOLS USED IN COLUMN 16
AVERAGE MONTHLY: 83.6 TOTAL FOR MONTH: 11.67 1 = FOG OR MIST
DPTR FM NORMAL: -0.1 DPTR FM NORMAL: 7.05 2 = FOG REDUCING VISIBILITY
HIGHEST: 98 ON 15 GRTST 24HR 5.83 ON 27-27 TO 1/4 MILE OR LESS
LOWEST: 68 ON 21 3 = THUNDER
SNOW, ICE PELLETS, HAIL 4 = ICE PELLETS
TOTAL MONTH: 0.0 INCH 5 = HAIL
GRTST 24HR 0.0 6 = FREEZING RAIN OR DRIZZLE
GRTST DEPTH: 0 7 = DUSTSTORM OR SANDSTORM:
VSBY 1/2 MILE OR LESS
8 = SMOKE OR HAZE
[NO. OF DAYS WITH] [WEATHER - DAYS WITH] 9 = BLOWING SNOW
X = TORNADO
MAX 32 OR BELOW: 0 0.01 INCH OR MORE: 11
MAX 90 OR ABOVE: 29 0.10 INCH OR MORE: 9
MIN 32 OR BELOW: 0 0.50 INCH OR MORE: 5
MIN 0 OR BELOW: 0 1.00 INCH OR MORE: 3
[HDD (BASE 65) ]
TOTAL THIS MO. 0 CLEAR (SCALE 0-3) 24
DPTR FM NORMAL 0 PTCLDY (SCALE 4-7) 1
TOTAL FM JUL 1 0 CLOUDY (SCALE 8-10) 0
DPTR FM NORMAL 0
[CDD (BASE 65) ]
TOTAL THIS MO. 583
DPTR FM NORMAL 6 [PRESSURE DATA]
TOTAL FM JAN 1 2351 HIGHEST SLP M ON M
DPTR FM NORMAL 90 LOWEST SLP 29.50 ON 27
[REMARKS]
#FINAL-08-20#