000
CXUS54 KLCH 011030
CLMLFT
CLIMATE REPORT
NATIONAL WEATHER SERVICE LAKE CHARLES, LA
430 AM CST FRI DEC 01 2023
...................................
...THE LAFAYETTE CLIMATE SUMMARY FOR THE MONTH OF NOVEMBER 2023...
CLIMATE NORMAL PERIOD: 1991 TO 2020
CLIMATE RECORD PERIOD: 1893 TO 2023
WEATHER OBSERVED NORMAL DEPART LAST YEAR`S
VALUE DATE(S) VALUE FROM VALUE DATE(S)
NORMAL
................................................................
TEMPERATURE (F)
RECORD
HIGH 92 11/03/1936
LOW 21 11/16/1916
HIGHEST 86 11/07 MM MM 89 11/08
LOWEST 32 11/02 MM MM 32 11/18
AVG. MAXIMUM 71.7 71.5 0.2 72.2
AVG. MINIMUM 51.1 50.2 0.9 50.6
MEAN 61.4 60.8 0.6 61.4
DAYS MAX >= 90 0 0.0 0.0 0
DAYS MAX <= 32 0 0.0 0.0 0
DAYS MIN <= 32 1 0.9 0.1 1
DAYS MIN <= 0 0 0.0 0.0 0
PRECIPITATION (INCHES)
RECORD
MAXIMUM 19.83 1929
MINIMUM 0.13 1967
TOTALS 2.71 4.39 -1.68 6.25
DAILY AVG. 0.09 0.15 -0.06 0.21
DAYS >= .01 9 8.3 0.7 11
DAYS >= .10 5 5.4 -0.4 7
DAYS >= .50 3 2.8 0.2 5
DAYS >= 1.00 1 1.3 -0.3 4
GREATEST
24 HR. TOTAL 1.03 11/30 TO 11/30
SNOWFALL (INCHES)
RECORDS
TOTAL MM 5
TOTALS 0.0 MM MM 0.0
SINCE 7/1 0.0 MM MM MM
SNOWDEPTH AVG. MM MM
DAYS >= 1.0 0 MM MM 0
GREATEST
24 HR TOTAL MM
DEGREE DAYS
HEATING TOTAL 146 179 -33 189
SINCE 7/1 177 213 -36 MM
COOLING TOTAL 45 54 -9 89
SINCE 1/1 3851 2979 872 MM
................................................................
WIND (MPH)
AVERAGE WIND SPEED 5.6
HIGHEST WIND SPEED/DIRECTION 21/170 DATE 11/20
21/340 11/21
HIGHEST GUST SPEED/DIRECTION 35/170 DATE 11/20
SKY COVER
POSSIBLE SUNSHINE (PERCENT) MM
AVERAGE SKY COVER 0.44
NUMBER OF DAYS FAIR 14
NUMBER OF DAYS PC 7
NUMBER OF DAYS CLOUDY 9
AVERAGE RH (PERCENT) 76
WEATHER CONDITIONS. NUMBER OF DAYS WITH
THUNDERSTORM 2 MIXED PRECIP 1
HEAVY RAIN 2 RAIN 10
LIGHT RAIN 9 FREEZING RAIN 0
LT FREEZING RAIN 0 HAIL 0
HEAVY SNOW 0 SNOW 0
LIGHT SNOW 0 SLEET 0
FOG 24 FOG W/VIS <= 1/4 MILE 1
HAZE 3
- INDICATES NEGATIVE NUMBERS.
R INDICATES RECORD WAS SET OR TIED.
MM INDICATES DATA IS MISSING.
T INDICATES TRACE AMOUNT.
$$