000
CXUS56 KLOX 011256
CF6LGB
PRELIMINARY LOCAL CLIMATOLOGICAL DATA (WS FORM: F-6)
STATION: LONG BEACH AIRPORT CA
MONTH: DECEMBER
YEAR: 2023
LATITUDE: 33 49 N
LONGITUDE: 118 9 W
TEMPERATURE IN F: :PCPN: SNOW: WIND :SUNSHINE: SKY :PK WND
================================================================================
1 2 3 4 5 6A 6B 7 8 9 10 11 12 13 14 15 16 17 18
12Z AVG MX 2MIN
DY MAX MIN AVG DEP HDD CDD WTR SNW DPTH SPD SPD DIR MIN PSBL S-S WX SPD DR
================================================================================
1 71 53 62 4 3 0 0.00 M M 6.3 16 290 M M 0 21 290
2 67 47 57 -1 8 0 0.00 M M 2.3 9 210 M M 1 18 14 180
3 70 49 60 2 5 0 0.00 M M 2.3 9 300 M M 0 18 12 290
4 76 51 64 6 1 0 0.00 M M 2.8 8 320 M M 0 18 10 180
5 86 53 70 13 0 5 0.00 M M 2.6 12 290 M M 0 8 14 290
6 75 53 64 7 1 0 0.00 M M 3.0 12 280 M M 0 18 15 290
7 69 53 61 4 4 0 0.00 M M 3.4 16 290 M M 4 18 21 290
8 69 48 59 2 6 0 0.00 M M 3.0 10 290 M M 0 18 14 300
9 75 48 62 5 3 0 0.00 M M 8.4 21 60 M M 0 27 60
10 79 49 64 7 1 0 0.00 M M 4.9 13 340 M M 0 15 360
11 71 47 59 2 6 0 0.00 M M 1.1 8 210 M M 1 18 11 200
12 66 48 57 1 8 0 0.00 M M 1.3 8 200 M M 2 18 11 210
13 71 53 62 6 3 0 0.00 M M 2.8 13 310 M M 3 18 15 300
14 79 49 64 8 1 0 0.00 M M 2.6 9 290 M M 1 18 13 350
15 83 51 67 11 0 2 0.00 M M 4.0 9 300 M M 0 12 350
16 83 55 69 13 0 4 0.00 M M 4.0 20 290 M M 0 25 280
17 78 51 65 9 0 0 0.00 M M 2.7 8 200 M M 0 10 200
18 76 57 67 11 0 2 T M M 2.7 9 310 M M 7 8 13 70
19 69 60 65 9 0 0 0.01 M M 3.4 9 140 M M 9 1 14 170
20 67 61 64 8 1 0 0.29 M M 7.3 16 150 M M 10 18 25 150
21 69 60 65 9 0 0 0.50 M M 7.1 16 170 M M 8 138 26 160
22 71 57 64 8 1 0 0.44 M M 4.8 21 50 M M 5 1 28 50
23 66 53 60 4 5 0 0.00 M M 2.7 10 190 M M 5 1 15 180
24 68 54 61 5 4 0 0.00 M M 2.9 12 300 M M 4 18 16 300
25 68 50 59 3 6 0 0.00 M M 1.9 10 290 M M 0 18 13 200
26 70 51 61 5 4 0 0.00 M M 1.6 9 300 M M 0 18 11 310
27 67 52 60 4 5 0 0.00 M M 2.6 14 290 M M 2 18 17 290
28 69 55 62 6 3 0 0.00 M M 2.6 10 300 M M 5 18 13 290
29 65 51 58 2 7 0 0.00 M M 1.3 8 230 M M 2 18 12 220
30 66 54 60 4 5 0 0.44 M M 5.8 15 290 M M 7 18 21 250
31 61 52 57 0 8 0 0.03 M M 2.0 8 220 M M 5 18 12 220
================================================================================
SM 2220 1625 99 13 1.71 M 106.2 M 81
================================================================================
AV 71.6 52.4 3.4 FASTST M M 3 MAX(MPH)
MISC ----> # 21 60 28 50
================================================================================
NOTES:
# LAST OF SEVERAL OCCURRENCES
COLUMN 17 PEAK WIND IN M.P.H.
PRELIMINARY LOCAL CLIMATOLOGICAL DATA (WS FORM: F-6) , PAGE 2
STATION: LONG BEACH AIRPORT CA
MONTH: DECEMBER
YEAR: 2023
LATITUDE: 33 49 N
LONGITUDE: 118 9 W
[TEMPERATURE DATA] [PRECIPITATION DATA] SYMBOLS USED IN COLUMN 16
AVERAGE MONTHLY: 62.0 TOTAL FOR MONTH: 1.71 1 = FOG OR MIST
DPTR FM NORMAL: 5.3 DPTR FM NORMAL: -0.44 2 = FOG REDUCING VISIBILITY
HIGHEST: 86 ON 5 GRTST 24HR 0.85 ON 21-22 TO 1/4 MILE OR LESS
LOWEST: 47 ON 11, 2 3 = THUNDER
SNOW, ICE PELLETS, HAIL 4 = ICE PELLETS
TOTAL MONTH: M 5 = HAIL
GRTST 24HR M ON M 6 = FREEZING RAIN OR DRIZZLE
GRTST DEPTH: M ON M 7 = DUSTSTORM OR SANDSTORM:
VSBY 1/2 MILE OR LESS
8 = SMOKE OR HAZE
[NO. OF DAYS WITH] [WEATHER - DAYS WITH] 9 = BLOWING SNOW
X = TORNADO
MAX 32 OR BELOW: 0 0.01 INCH OR MORE: 6
MAX 90 OR ABOVE: 0 0.10 INCH OR MORE: 4
MIN 32 OR BELOW: 0 0.50 INCH OR MORE: 1
MIN 0 OR BELOW: 0 1.00 INCH OR MORE: 0
[HDD (BASE 65) ]
TOTAL THIS MO. 99 CLEAR (SCALE 0-3) 19
DPTR FM NORMAL -162 PTCLDY (SCALE 4-7) 10
TOTAL FM JUL 1 113 CLOUDY (SCALE 8-10) 2
DPTR FM NORMAL -289
[CDD (BASE 65) ]
TOTAL THIS MO. 13
DPTR FM NORMAL 11 [PRESSURE DATA]
TOTAL FM JAN 1 1222 HIGHEST SLP 30.24 ON 3
DPTR FM NORMAL 56 LOWEST SLP 29.81 ON 22
[REMARKS]
#FINAL-12-23#