000
CXUS56 KLOX 011730
CLMLGB
CLIMATE REPORT
NATIONAL WEATHER SERVICE LOS ANGELES/OXNARD
930 AM PST MON JAN 01 2024
...................................
...THE LONG BEACH AIRPORT CA CLIMATE SUMMARY FOR THE MONTH OF DECEMBER 2023...
CLIMATE NORMAL PERIOD: 1991 TO 2020
CLIMATE RECORD PERIOD: 1958 TO 2023
WEATHER OBSERVED NORMAL DEPART LAST YEAR`S
VALUE DATE(S) VALUE FROM VALUE
NORMAL
..............................................................
TEMPERATURE (F)
HIGHEST 86 12/05
LOWEST 47 12/02
12/11
AVG. MAXIMUM 71.6 66.7 4.9
AVG. MINIMUM 52.4 46.6 5.8
MEAN 62.0 56.7 5.3
DAYS MAX >= 90 0
DAYS MAX <= 32 0
DAYS MIN <= 32 0
DAYS MIN <= 0 0
PRECIPITATION (INCHES)
TOTALS 1.71 2.15 -0.44
DAILY AVG. 0.06
DAYS >= .01 6
DAYS >= .10 4
DAYS >= .50 1
DAYS >= 1.00 0
GREATEST
24 HR. TOTAL 0.85 12/21 TO 12/22
STORM TOTAL 0.50
DEGREE DAYS
HEATING TOTAL 99 261 -162 211
SINCE 7/1 113 402 -289 MM
COOLING TOTAL 13 2 11 3
SINCE 1/1 1222 1166 56 MM
..............................................................
WIND (MPH)
AVERAGE WIND SPEED 3.4
HIGHEST WIND SPEED/DIRECTION 21/060 DATE 12/09
21/050 12/22
HIGHEST GUST SPEED/DIRECTION 28/050 DATE 12/22
SKY COVER
POSSIBLE SUNSHINE (PERCENT) MM
AVERAGE SKY COVER 0.25
NUMBER OF DAYS FAIR 20
NUMBER OF DAYS PC 8
NUMBER OF DAYS CLOUDY 3
AVERAGE RH (PERCENT) 63
WEATHER CONDITIONS. NUMBER OF DAYS WITH
THUNDERSTORM 1 MIXED PRECIP 0
HEAVY RAIN 3 RAIN 4
LIGHT RAIN 7 FREEZING RAIN 0
LT FREEZING RAIN 0 HAIL 0
HEAVY SNOW 0 SNOW 0
LIGHT SNOW 0 SLEET 0
FOG 23 FOG W/VIS <= 1/4 MILE 0
HAZE 22
- INDICATES NEGATIVE NUMBERS.
R INDICATES RECORD WAS SET OR TIED.
MM INDICATES DATA IS MISSING.
T INDICATES TRACE AMOUNT.
$$