000
CXUS54 KFWD 010730
CF6LHB
PRELIMINARY LOCAL CLIMATOLOGICAL DATA (WS FORM: F-6)
STATION: HEARNE
MONTH: MARCH
YEAR: 2023
LATITUDE: 30 52 N
LONGITUDE: 96 36 W
TEMPERATURE IN F: :PCPN: SNOW: WIND :SUNSHINE: SKY :PK WND
================================================================================
1 2 3 4 5 6A 6B 7 8 9 10 11 12 13 14 15 16 17 18
12Z AVG MX 2MIN
DY MAX MIN AVG DEP HDD CDD WTR SNW DPTH SPD SPD DIR MIN PSBL S-S WX SPD DR
================================================================================
1 82 69 76 M 0 11 0.00 M M 8.1 21 190 M M 8 25 190
2 80 59 70 M 0 5 0.42 M M 9.1 18 240 M M 9 1 30 240
3 68 47 58 M 7 0 0.05 M M 8.6 17 320 M M 1 24 320
4 78 42 60 M 5 0 0.00 M M 3.9 10 150 M M 0 M M
5 79 54 67 M 0 2 0.00 M M 5.7 10 150 M M 1 12 18 140
6 82 58 70 M 0 5 0.00 M M 3.5 12 220 M M 5 16 220
7 81 66 74 M 0 9 0.00 M M 4.8 9 150 M M 8 M M
8 83 64 74 M 0 9 0.00 M M 3.5 10 150 M M 7 1 17 150
9 84 57 71 M 0 6 M M M 5.1 14 340 M M 7 22 170
10 70 56 63 M 2 0 0.00 M M 5.8 10 350 M M 6 M M
11 87 59 73 M 0 8 0.00 M M 10.5 21 190 M M 4 1 29 210
12 72 56 64 M 1 0 M M M 11.5 20 350 M M 6 28 300
13 68 46 57 M 8 0 0.00 M M 7.1 13 30 M M 0 18 360
14 66 50 58 M 7 0 M M M 6.4 12 50 M M 7 17 80
15 74 47 61 M 4 0 0.00 M M 7.6 15 160 M M 5 22 120
16 78 50 64 M 1 0 0.53 M M 10.9 24 330 M M 9 3 32 250
17 58 41 50 M 15 0 0.05 M M 15.9 26 330 M M 3 33 340
18 55 43 49 M 16 0 0.00 M M 4.0 10 340 M M 6 M M
19 57 33 45 M 20 0 0.00 M M 1.9 6 290 M M 0 M M
20 57 35 46 M 19 0 0.00 M M 6.0 14 160 M M 7 22 150
21 72 51 62 M 3 0 0.02 M M 8.6 16 160 M M 10 8 24 160
22 81 67 74 M 0 9 0.00 M M 10.9 17 170 M M 10 24 180
23 85 71 78 M 0 13 0.00 M M 12.9 23 180 M M 8 30 160
24 84 54 69 M 0 4 0.00 M M 8.7 16 170 M M 5 26 180
25 80 46 63 M 2 0 0.00 M M 2.7 14 320 M M 0 17 320
26 78 46 62 M 3 0 0.00 M M 1.1 6 110 M M 3 M M
27 80 51 66 M 0 1 0.00 M M 5.2 13 30 M M 4 18 320
28 72 56 64 M 1 0 0.00 M M 11.0 23 360 M M 2 31 360
29 73 51 62 M 3 0 0.02 M M 5.2 8 90 M M 9 M M
30 76 62 69 M 0 4 0.00 M M 9.5 15 160 M M 8 22 140
31 90 59 75 M 0 10 0.09 M M 11.0 20 180 M M 7 1 29 190
================================================================================
SM 2330 1646 117 96 1.18 M 226.7 M 165
================================================================================
AV 75.2 53.1 7.3 FASTST M M 5 MAX(MPH)
MISC ----> 26 330 33 340
================================================================================
NOTES:
# LAST OF SEVERAL OCCURRENCES
COLUMN 17 PEAK WIND IN M.P.H.
PRELIMINARY LOCAL CLIMATOLOGICAL DATA (WS FORM: F-6) , PAGE 2
STATION: HEARNE
MONTH: MARCH
YEAR: 2023
LATITUDE: 30 52 N
LONGITUDE: 96 36 W
[TEMPERATURE DATA] [PRECIPITATION DATA] SYMBOLS USED IN COLUMN 16
AVERAGE MONTHLY: 64.1 TOTAL FOR MONTH: 1.18 1 = FOG OR MIST
DPTR FM NORMAL: 0.0 DPTR FM NORMAL: M 2 = FOG REDUCING VISIBILITY
HIGHEST: 90 ON 31 GRTST 24HR 0.53 ON 16-16 TO 1/4 MILE OR LESS
LOWEST: 33 ON 19 3 = THUNDER
SNOW, ICE PELLETS, HAIL 4 = ICE PELLETS
TOTAL MONTH: M 5 = HAIL
GRTST 24HR M ON M 6 = FREEZING RAIN OR DRIZZLE
GRTST DEPTH: M ON M 7 = DUSTSTORM OR SANDSTORM:
VSBY 1/2 MILE OR LESS
8 = SMOKE OR HAZE
[NO. OF DAYS WITH] [WEATHER - DAYS WITH] 9 = BLOWING SNOW
X = TORNADO
MAX 32 OR BELOW: 0 0.01 INCH OR MORE: 7
MAX 90 OR ABOVE: 1 0.10 INCH OR MORE: 2
MIN 32 OR BELOW: 0 0.50 INCH OR MORE: 1
MIN 0 OR BELOW: 0 1.00 INCH OR MORE: 0
[HDD (BASE 65) ]
TOTAL THIS MO. 117 CLEAR (SCALE 0-3) 8
DPTR FM NORMAL M PTCLDY (SCALE 4-7) 16
TOTAL FM JUL 1 1453 CLOUDY (SCALE 8-10) 7
DPTR FM NORMAL M
[CDD (BASE 65) ]
TOTAL THIS MO. 96
DPTR FM NORMAL M [PRESSURE DATA]
TOTAL FM JAN 1 156 HIGHEST SLP M ON M
DPTR FM NORMAL M LOWEST SLP M ON M
[REMARKS]
#FINAL-03-23#