000
CXUS55 KBOU 011000
CF6LIC
PRELIMINARY LOCAL CLIMATOLOGICAL DATA (WS FORM: F-6)
STATION: LIMON CO
MONTH: DECEMBER
YEAR: 2020
LATITUDE: 39 10 N
LONGITUDE: 103 42 W
TEMPERATURE IN F: :PCPN: SNOW: WIND :SUNSHINE: SKY :PK WND
================================================================================
1 2 3 4 5 6A 6B 7 8 9 10 11 12 13 14 15 16 17 18
12Z AVG MX 2MIN
DY MAX MIN AVG DEP HDD CDD WTR SNW DPTH SPD SPD DIR MIN PSBL S-S WX SPD DR
================================================================================
1 41 12 27 M 38 0 T M M 22.1 38 350 M M 5 47 350
2 26 13 20 M 45 0 T M M 22.6 33 340 M M 7 46 340
3 45 8 27 M 38 0 0.00 M M 10.7 22 330 M M 0 28 340
4 57 24 41 M 24 0 0.00 M M 11.6 21 350 M M 0 26 350
5 51 16 34 M 31 0 0.00 M M 10.0 23 350 M M 0 29 330
6 59 13 36 M 29 0 0.00 M M 7.6 17 340 M M 0 22 350
7 59 15 37 M 28 0 0.00 M M 9.1 18 350 M M 0 27 310
8 65 9 37 M 28 0 0.00 M M 5.8 12 180 M M 0 18 190
9 64 12 38 M 27 0 0.00 M M 6.8 17 190 M M 0 22 180
10 42 11 27 M 38 0 T M M 13.3 23 350 M M 3 1 30 30
11 26 6 16 M 49 0 0.04 M M 11.0 20 340 M M 9 18 23 340
12 27 2 15 M 50 0 0.12 M M 8.8 21 160 M M 9 12 27 160
13 27 9 18 M 47 0 0.01 M M 9.7 18 330 M M 4 1 22 330
14 27 14 21 M 44 0 T M M 12.2 25 330 M M 3 1 30 320
15 25 -1 12 M 53 0 0.09 M M 16.9 31 340 M M 6 18 41 330
16 37 -3 17 M 48 0 0.00 M M 6.4 12 330 M M 1 M M
17 36 2 19 M 46 0 0.00 M M 6.0 10 360 M M 0 M M
18 35 11 23 M 42 0 T M M 13.2 22 350 M M M 18 29 10
19 40 3 22 M 43 0 0.00 M M 5.8 18 330 M M 0 25 330
20 49 6 28 M 37 0 0.00 M M 6.8 22 320 M M 0 29 330
21 51 22 37 M 28 0 0.00 M M 6.2 21 160 M M 0 25 170
22 63 17 40 M 25 0 0.00 M M 9.8 41 340 M M 0 58 330
23 28 4 16 M 49 0 0.00 M M 24.4 45 350 M M 3 8 62 340
24 49 1 25 M 40 0 0.00 M M 12.4 36 330 M M 2 50 330
25 59 12 36 M 29 0 0.00 M M 5.2 13 190 M M 0 17 190
26 61 14 38 M 27 0 0.00 M M 5.9 30 340 M M 0 40 340
27 44 23 34 M 31 0 0.00 M M 9.3 25 350 M M 0 32 340
28 33 23 28 M 37 0 0.06 M M 16.7 36 150 M M 10 1 48 160
29 33 12 23 M 42 0 T M M 16.5 33 330 M M 5 12 44 350
30 38 -1 19 M 46 0 0.00 M M 4.6 15 310 M M 0 18 200
31 49 6 28 M 37 0 0.00 M M 4.8 14 160 M M 0 18 150
================================================================================
SM 1346 315 1176 0 0.32 M 332.2 M 67
================================================================================
AV 43.4 10.2 10.7 FASTST M M 2 MAX(MPH)
MISC ----> 45 350 62 340
================================================================================
NOTES:
# LAST OF SEVERAL OCCURRENCES
COLUMN 17 PEAK WIND IN M.P.H.
PRELIMINARY LOCAL CLIMATOLOGICAL DATA (WS FORM: F-6) , PAGE 2
STATION: LIMON CO
MONTH: DECEMBER
YEAR: 2020
LATITUDE: 39 10 N
LONGITUDE: 103 42 W
[TEMPERATURE DATA] [PRECIPITATION DATA] SYMBOLS USED IN COLUMN 16
AVERAGE MONTHLY: 26.8 TOTAL FOR MONTH: 0.32 1 = FOG OR MIST
DPTR FM NORMAL: 1.0 DPTR FM NORMAL: -0.05 2 = FOG REDUCING VISIBILITY
HIGHEST: 65 ON 8 GRTST 24HR 0.13 ON 12-13 TO 1/4 MILE OR LESS
LOWEST: -3 ON 16 3 = THUNDER
SNOW, ICE PELLETS, HAIL 4 = ICE PELLETS
TOTAL MONTH: M 5 = HAIL
GRTST 24HR M ON M 6 = FREEZING RAIN OR DRIZZLE
GRTST DEPTH: M ON M 7 = DUSTSTORM OR SANDSTORM:
VSBY 1/2 MILE OR LESS
8 = SMOKE OR HAZE
[NO. OF DAYS WITH] [WEATHER - DAYS WITH] 9 = BLOWING SNOW
X = TORNADO
MAX 32 OR BELOW: 7 0.01 INCH OR MORE: 5
MAX 90 OR ABOVE: 0 0.10 INCH OR MORE: 1
MIN 32 OR BELOW: 31 0.50 INCH OR MORE: 0
MIN 0 OR BELOW: 3 1.00 INCH OR MORE: 0
[HDD (BASE 65) ]
TOTAL THIS MO. 1176 CLEAR (SCALE 0-3) 21
DPTR FM NORMAL M PTCLDY (SCALE 4-7) 6
TOTAL FM JUL 1 2717 CLOUDY (SCALE 8-10) 4
DPTR FM NORMAL 2717
[CDD (BASE 65) ]
TOTAL THIS MO. 0
DPTR FM NORMAL M [PRESSURE DATA]
TOTAL FM JAN 1 636 HIGHEST SLP 30.53 ON 2
DPTR FM NORMAL 493 LOWEST SLP 29.45 ON 22
[REMARKS]
#FINAL-12-20#