000
CXUS54 KLZK 020343
CF6LIT
PRELIMINARY LOCAL CLIMATOLOGICAL DATA (WS FORM: F-6)
STATION: Little Rock Adams Field
MONTH: JUNE
YEAR: 2020
LATITUDE: 34 43 N
LONGITUDE: 92 14 W
TEMPERATURE IN F: :PCPN: SNOW: WIND :SUNSHINE: SKY :PK WND
================================================================================
1 2 3 4 5 6A 6B 7 8 9 10 11 12 13 14 15 16 17 18
12Z AVG MX 2MIN
DY MAX MIN AVG DEP HDD CDD WTR SNW DPTH SPD SPD DIR MIN PSBL S-S WX SPD DR
================================================================================
1 83 61 72 -4 0 7 0.00 0.0 0 3.8 12 70 M M 7 18 130
2 86 61 74 -2 0 9 0.00 0.0 0 3.3 12 170 M M 7 15 170
3 85 69 77 1 0 12 0.01 0.0 0 4.6 17 180 M M 8 13 22 180
4 89 72 81 4 0 16 T 0.0 0 6.1 20 270 M M 8 13 24 270
5 94 69 82 5 0 17 0.26 0.0 0 6.6 32 170 M M 6 138 41 170
6 90 68 79 2 0 14 0.00 0.0 0 5.4 14 120 M M 3 19 70
7 93 71 82 5 0 17 0.00 0.0 0 9.4 22 90 M M 3 28 80
8 79 73 76 -2 0 11 2.15 0.0 0 12.0 22 30 M M 9 1 29 20
9 90 72 81 3 0 16 0.01 0.0 0 13.3 25 200 M M 6 1 33 200
10 80 63 72 -6 0 7 0.00 0.0 0 12.7 28 290 M M 4 41 280
11 86 59 73 -5 0 8 0.00 0.0 0 5.1 15 340 M M 0 19 30
12 89 63 76 -3 0 11 0.00 0.0 0 4.0 12 60 M M 1 16 50
13 92 66 79 0 0 14 0.02 0.0 0 3.7 14 50 M M 3 3 19 70
14 90 68 79 0 0 14 0.00 0.0 0 3.4 12 100 M M 4 17 80
15 91 68 80 1 0 15 0.00 0.0 0 4.7 12 60 M M 3 16 30
16 85 66 76 -4 0 11 0.00 0.0 0 5.8 13 100 M M 3 15 110
17 88 60 74 -6 0 9 0.00 0.0 0 3.4 10 80 M M 1 16 40
18 89 63 76 -4 0 11 0.00 0.0 0 3.8 10 150 M M 2 13 150
19 91 67 79 -1 0 14 0.00 0.0 0 5.8 14 220 M M 4 20 210
20 89 72 81 1 0 16 T 0.0 0 6.4 16 170 M M 7 21 180
21 88 69 79 -1 0 14 0.61 0.0 0 5.9 25 190 M M 7 13 30 190
22 86 69 78 -3 0 13 0.22 0.0 0 8.4 18 220 M M 8 13 23 220
23 87 68 78 -3 0 13 1.49 0.0 0 4.9 35 240 M M 8 123 48 240
24 86 68 77 -4 0 12 0.00 0.0 0 5.4 14 60 M M 5 1 17 50
25 89 64 77 -4 0 12 0.00 0.0 0 5.8 16 130 M M 4 22 120
26 82 70 76 -5 0 11 0.22 0.0 0 8.5 18 220 M M 10 13 25 240
27 90 70 80 -1 0 15 0.00 0.0 0 8.7 20 220 M M 7 18 25 220
28 90 71 81 -1 0 16 0.27 0.0 0 9.3 25 240 M M 6 13 33 250
29 78 71 75 -7 0 10 1.47 0.0 0 6.5 24 160 M M 9 123 30 150
30 90 74 82 0 0 17 0.00 0.0 0 10.4 20 230 M M 6 1 26 240
================================================================================
SM 2625 2025 0 382 6.73 0.0 197.1 M 159
================================================================================
AV 87.5 67.5 6.6 FASTST M M 5 MAX(MPH)
MISC ----> # 35 240 # 48 240
================================================================================
NOTES:
# LAST OF SEVERAL OCCURRENCES
COLUMN 17 PEAK WIND IN M.P.H.
PRELIMINARY LOCAL CLIMATOLOGICAL DATA (WS FORM: F-6) , PAGE 2
STATION: Little Rock Adams Field
MONTH: JUNE
YEAR: 2020
LATITUDE: 34 43 N
LONGITUDE: 92 14 W
[TEMPERATURE DATA] [PRECIPITATION DATA] SYMBOLS USED IN COLUMN 16
AVERAGE MONTHLY: 77.5 TOTAL FOR MONTH: 6.73 1 = FOG OR MIST
DPTR FM NORMAL: -1.6 DPTR FM NORMAL: 3.08 2 = FOG REDUCING VISIBILITY
HIGHEST: 94 ON 5 GRTST 24HR 2.15 ON 8- 8 TO 1/4 MILE OR LESS
LOWEST: 59 ON 11 3 = THUNDER
SNOW, ICE PELLETS, HAIL 4 = ICE PELLETS
TOTAL MONTH: 0.0 INCH 5 = HAIL
GRTST 24HR 0.0 6 = FREEZING RAIN OR DRIZZLE
GRTST DEPTH: 0 7 = DUSTSTORM OR SANDSTORM:
VSBY 1/2 MILE OR LESS
8 = SMOKE OR HAZE
[NO. OF DAYS WITH] [WEATHER - DAYS WITH] 9 = BLOWING SNOW
X = TORNADO
MAX 32 OR BELOW: 0 0.01 INCH OR MORE: 11
MAX 90 OR ABOVE: 11 0.10 INCH OR MORE: 8
MIN 32 OR BELOW: 0 0.50 INCH OR MORE: 4
MIN 0 OR BELOW: 0 1.00 INCH OR MORE: 3
[HDD (BASE 65) ]
TOTAL THIS MO. 0 CLEAR (SCALE 0-3) 8
DPTR FM NORMAL 0 PTCLDY (SCALE 4-7) 19
TOTAL FM JUL 1 2929 CLOUDY (SCALE 8-10) 3
DPTR FM NORMAL -123
[CDD (BASE 65) ]
TOTAL THIS MO. 382
DPTR FM NORMAL -43 [PRESSURE DATA]
TOTAL FM JAN 1 577 HIGHEST SLP 30.31 ON 12
DPTR FM NORMAL -129 LOWEST SLP 29.39 ON 8
[REMARKS]
#FINAL-06-20#