000
CXUS54 KLZK 011230
CF6LLQ
PRELIMINARY LOCAL CLIMATOLOGICAL DATA (WS FORM: F-6)
STATION: MONTICELLO
MONTH: APRIL
YEAR: 2023
LATITUDE: 33 37 N
LONGITUDE: 91 45 W
TEMPERATURE IN F: :PCPN: SNOW: WIND :SUNSHINE: SKY :PK WND
================================================================================
1 2 3 4 5 6A 6B 7 8 9 10 11 12 13 14 15 16 17 18
12Z AVG MX 2MIN
DY MAX MIN AVG DEP HDD CDD WTR SNW DPTH SPD SPD DIR MIN PSBL S-S WX SPD DR
================================================================================
1 80 50 65 5 0 0 0.00 0.0 0 7.6 20 270 M M 0 27 280
2 74 45 60 0 5 0 1.79 0.0 0 5.0 16 130 M M 5 138 23 110
3 83 59 71 11 0 6 0.18 0.0 0 5.8 15 110 M M 7 1 24 130
4 88 69 79 18 0 14 0.00 0.0 0 10.9 25 190 M M 5 32 160
5 80 54 67 6 0 2 2.39 0.0 0 8.1 26 240 M M 8 13 38 230
6 55 49 52 -9 13 0 1.86 0.0 0 9.2 20 60 M M 10 13 25 50
7 58 49 54 -7 11 0 0.01 0.0 0 7.1 17 50 M M 10 20 50
8 67 51 59 -3 6 0 0.03 0.0 0 6.9 15 50 M M 10 21 50
9 67 53 60 -2 5 0 0.00 0.0 0 6.2 15 70 M M 6 1 19 50
10 74 50 62 0 3 0 0.00 0.0 0 2.3 13 80 M M 5 16 60
11 77 50 64 2 1 0 0.00 0.0 0 3.1 15 60 M M 1 20 80
12 79 48 64 1 1 0 0.00 0.0 0 2.0 10 60 M M 1 15 140
13 79 58 69 6 0 4 T 0.0 0 3.8 14 40 M M 8 20 50
14 82 51 67 4 0 2 0.00 0.0 0 4.4 13 250 M M 1 18 270
15 82 59 71 8 0 6 0.20 0.0 0 8.8 22 290 M M 5 13 30 300
16 70 47 59 -5 6 0 0.00 0.0 0 8.1 21 290 M M 0 33 270
17 78 42 60 -4 5 0 0.00 0.0 0 5.4 12 210 M M 0 16 200
18 80 53 67 3 0 2 0.00 0.0 M 7.8 16 190 M M 0 23 200
19 85 54 70 6 0 5 0.00 0.0 0 7.9 17 190 M M 0 24 170
20 80 62 71 6 0 6 0.93 0.0 0 8.4 24 280 M M 5 13 44 270
21 66 49 58 -7 7 0 0.73 0.0 0 3.0 13 300 M M 8 13 20 99
22 74 45 60 -5 5 0 T 0.0 0 3.5 9 290 M M 3 1 M M
23 57 45 51 -15 14 0 T 0.0 0 6.0 15 60 M M 9 21 50
24 68 47 58 -8 7 0 0.00 0.0 0 5.8 16 50 M M 3 23 40
25 64 49 57 -9 8 0 0.01 0.0 0 6.4 14 50 M M 9 19 40
26 63 51 57 -9 8 0 0.41 0.0 0 7.0 15 80 M M 9 13 20 330
27 74 58 66 -1 0 1 0.07 0.0 0 3.5 13 310 M M 7 13 19 300
28 72 57 65 -2 0 0 0.01 0.0 0 3.7 13 60 M M 7 1 16 50
29 64 56 60 -7 5 0 0.50 0.0 0 5.3 12 40 M M 8 13 15 70
30 77 50 64 -3 1 0 0.00 0.0 0 6.4 20 280 M M 0 27 310
================================================================================
SM 2197 1560 111 48 9.12 0.0 179.4 M 150
================================================================================
AV 73.2 52.0 6.0 FASTST M M 5 MAX(MPH)
MISC ----> 26 240 44 270
================================================================================
NOTES:
# LAST OF SEVERAL OCCURRENCES
COLUMN 17 PEAK WIND IN M.P.H.
PRELIMINARY LOCAL CLIMATOLOGICAL DATA (WS FORM: F-6) , PAGE 2
STATION: MONTICELLO
MONTH: APRIL
YEAR: 2023
LATITUDE: 33 37 N
LONGITUDE: 91 45 W
[TEMPERATURE DATA] [PRECIPITATION DATA] SYMBOLS USED IN COLUMN 16
AVERAGE MONTHLY: 62.6 TOTAL FOR MONTH: 9.12 1 = FOG OR MIST
DPTR FM NORMAL: -1.0 DPTR FM NORMAL: 3.14 2 = FOG REDUCING VISIBILITY
HIGHEST: 88 ON 4 GRTST 24HR 3.91 ON 5- 6 TO 1/4 MILE OR LESS
LOWEST: 42 ON 17 3 = THUNDER
SNOW, ICE PELLETS, HAIL 4 = ICE PELLETS
TOTAL MONTH: 0.0 INCH 5 = HAIL
GRTST 24HR 0.0 6 = FREEZING RAIN OR DRIZZLE
GRTST DEPTH: 0 7 = DUSTSTORM OR SANDSTORM:
VSBY 1/2 MILE OR LESS
8 = SMOKE OR HAZE
[NO. OF DAYS WITH] [WEATHER - DAYS WITH] 9 = BLOWING SNOW
X = TORNADO
MAX 32 OR BELOW: 0 0.01 INCH OR MORE: 14
MAX 90 OR ABOVE: 0 0.10 INCH OR MORE: 9
MIN 32 OR BELOW: 0 0.50 INCH OR MORE: 6
MIN 0 OR BELOW: 0 1.00 INCH OR MORE: 3
[HDD (BASE 65) ]
TOTAL THIS MO. 111 CLEAR (SCALE 0-3) 11
DPTR FM NORMAL -10 PTCLDY (SCALE 4-7) 13
TOTAL FM JUL 1 2123 CLOUDY (SCALE 8-10) 6
DPTR FM NORMAL -492
[CDD (BASE 65) ]
TOTAL THIS MO. 48
DPTR FM NORMAL -31 [PRESSURE DATA]
TOTAL FM JAN 1 131 HIGHEST SLP 30.34 ON 6
DPTR FM NORMAL 22 LOWEST SLP 29.66 ON 27
[REMARKS]
#FINAL-04-23#