000
CXUS55 KRIW 050400
CF6LND
PRELIMINARY LOCAL CLIMATOLOGICAL DATA (WS FORM: F-6)
STATION: LANDER WY
MONTH: JANUARY
YEAR: 2022
LATITUDE: 42 49 N
LONGITUDE: 108 44 W
TEMPERATURE IN F: :PCPN: SNOW: WIND :SUNSHINE: SKY :PK WND
================================================================================
1 2 3 4 5 6A 6B 7 8 9 10 11 12 13 14 15 16 17 18
12Z AVG MX 2MIN
DY MAX MIN AVG DEP HDD CDD WTR SNW DPTH SPD SPD DIR MIN PSBL S-S WX SPD DR
================================================================================
1 23 -1 11 -9 54 0 T T T 3.6 15 150 M M 2 1 21 150
2 30 9 20 0 45 0 0.00 0.0 T 2.9 12 360 M M 0 13 350
3 39 7 23 2 42 0 0.00 0.0 T 4.4 17 250 M M 0 28 260
4 40 21 31 10 34 0 0.00 0.0 0 13.6 38 250 M M 5 57 250
5 28 1 15 -6 50 0 0.33 3.0 0 5.4 15 10 M M 9 12 20 10
6 8 -6 1 -20 64 0 0.00 0.0 3 1.2 9 120 M M 2 1 13 110
7 50 0 25 4 40 0 0.00 0.0 3 11.1 33 250 M M 1 46 250
8 40 18 29 8 36 0 0.00 0.0 2 9.7 29 250 M M 1 44 240
9 37 9 23 2 42 0 0.00 0.0 2 3.0 10 260 M M 0 12 230
10 35 11 23 2 42 0 0.00 0.0 1 3.0 8 320 M M 0 9 260
11 39 15 27 6 38 0 0.00 0.0 T 6.8 16 250 M M 0 18 250
12 54 26 40 19 25 0 0.00 0.0 T 7.0 18 240 M M 0 22 240
13 39 24 32 11 33 0 0.00 0.0 0 5.2 17 240 M M 0 22 340
14 38 19 29 8 36 0 0.04 0.4 0 4.5 18 250 M M 7 1 22 240
15 35 11 23 2 42 0 0.00 0.0 0 3.2 10 360 M M 0 14 250
16 46 16 31 10 34 0 0.00 0.0 0 3.6 12 250 M M 0 16 20
17 44 25 35 14 30 0 0.00 0.0 0 3.6 12 240 M M 0 14 250
18 52 24 38 16 27 0 0.00 0.0 0 6.0 16 20 M M 1 21 350
19 25 18 22 0 43 0 0.00 0.0 0 3.6 9 20 M M 10 1 10 260
20 35 11 23 1 42 0 0.00 0.0 0 3.1 14 120 M M 8 12 17 140
21 37 20 29 7 36 0 0.03 0.1 0 5.4 14 30 M M 6 1 17 240
22 44 13 29 7 36 0 0.00 0.0 T 3.9 12 280 M M 0 16 270
23 47 18 33 11 32 0 0.00 0.0 0 3.9 10 80 M M 0 15 90
24 45 22 34 12 31 0 0.03 0.5 0 6.8 16 30 M M 2 1 21 20
25 32 13 23 1 42 0 0.13 3.0 3 4.8 12 230 M M 5 18 16 240
26 33 10 22 0 43 0 0.00 0.0 3 3.7 9 270 M M 0 12 120
27 29 10 20 -2 45 0 0.15 3.4 4 5.8 15 150 M M 4 12 17 150
28 36 10 23 1 42 0 0.00 0.0 3 2.4 8 340 M M 0 9 330
29 45 10 28 6 37 0 0.00 0.0 2 3.0 12 250 M M 0 13 250
30 45 15 30 8 35 0 0.00 0.0 2 2.8 9 240 M M 0 11 240
31 43 15 29 7 36 0 0.00 0.0 2 12.4 36 310 M M 1 58 350
================================================================================
SM 1173 414 1214 0 0.71 10.4 159.4 M 64
================================================================================
AV 37.8 13.4 5.1 FASTST M M 2 MAX(MPH)
MISC ----> 38 250 58 350
================================================================================
NOTES:
# LAST OF SEVERAL OCCURRENCES
COLUMN 17 PEAK WIND IN M.P.H.
PRELIMINARY LOCAL CLIMATOLOGICAL DATA (WS FORM: F-6) , PAGE 2
STATION: LANDER WY
MONTH: JANUARY
YEAR: 2022
LATITUDE: 42 49 N
LONGITUDE: 108 44 W
[TEMPERATURE DATA] [PRECIPITATION DATA] SYMBOLS USED IN COLUMN 16
AVERAGE MONTHLY: 25.6 TOTAL FOR MONTH: 0.71 1 = FOG OR MIST
DPTR FM NORMAL: 4.3 DPTR FM NORMAL: 0.20 2 = FOG REDUCING VISIBILITY
HIGHEST: 54 ON 12 GRTST 24HR 0.33 ON 5- 5 TO 1/4 MILE OR LESS
LOWEST: -6 ON 6 3 = THUNDER
SNOW, ICE PELLETS, HAIL 4 = ICE PELLETS
TOTAL MONTH: 10.4 INCHES 5 = HAIL
GRTST 24HR 3.4 ON 27-27 6 = FREEZING RAIN OR DRIZZLE
GRTST DEPTH: 4 ON 27 7 = DUSTSTORM OR SANDSTORM:
VSBY 1/2 MILE OR LESS
8 = SMOKE OR HAZE
[NO. OF DAYS WITH] [WEATHER - DAYS WITH] 9 = BLOWING SNOW
X = TORNADO
MAX 32 OR BELOW: 7 0.01 INCH OR MORE: 6
MAX 90 OR ABOVE: 0 0.10 INCH OR MORE: 3
MIN 32 OR BELOW: 31 0.50 INCH OR MORE: 0
MIN 0 OR BELOW: 3 1.00 INCH OR MORE: 0
[HDD (BASE 65) ]
TOTAL THIS MO. 1214 CLEAR (SCALE 0-3) 23
DPTR FM NORMAL -141 PTCLDY (SCALE 4-7) 6
TOTAL FM JUL 1 3694 CLOUDY (SCALE 8-10) 2
DPTR FM NORMAL -835
[CDD (BASE 65) ]
TOTAL THIS MO. 0
DPTR FM NORMAL 0 [PRESSURE DATA]
TOTAL FM JAN 1 0 HIGHEST SLP 30.73 ON 10
DPTR FM NORMAL 0 LOWEST SLP 29.51 ON 8
[REMARKS]
#FINAL-01-22#