000
CXUS53 KMKX 010910
CF6LNR
PRELIMINARY LOCAL CLIMATOLOGICAL DATA (WS FORM: F-6)
STATION: LONE ROCK WI
MONTH: JUNE
YEAR: 2020
LATITUDE: 43 12 N
LONGITUDE: 90 11 W
TEMPERATURE IN F: :PCPN: SNOW: WIND :SUNSHINE: SKY :PK WND
================================================================================
1 2 3 4 5 6A 6B 7 8 9 10 11 12 13 14 15 16 17 18
12Z AVG MX 2MIN
DY MAX MIN AVG DEP HDD CDD WTR SNW DPTH SPD SPD DIR MIN PSBL S-S WX SPD DR
================================================================================
1 81 57 69 5 0 4 0.04 0.0 0 9.3 24 190 M M 5 1 33 180
2 92 65 79 15 0 14 0.42 0.0 0 8.6 39 330 M M 2 138 58 320
3 86 65 76 12 0 11 0.06 0.0 0 4.1 12 290 M M 4 1 16 260
4 88 60 74 10 0 9 0.04 0.0 0 3.7 23 220 M M 0 3 35 250
5 85 62 74 9 0 9 0.12 0.0 0 5.5 16 300 M M 2 13 20 290
6 81 58 70 5 0 5 0.00 0.0 0 4.9 16 100 M M 2 21 90
7 83 57 70 5 0 5 0.05 0.0 0 9.3 16 150 M M 2 23 110
8 89 64 77 11 0 12 0.00 0.0 0 7.8 17 190 M M 0 22 190
9 84 65 75 9 0 10 0.06 0.0 0 10.4 24 70 M M 5 1 35 60
10 75 58 67 1 0 2 1.09 0.0 0 7.6 28 310 M M 6 12 40 310
11 80 52 66 -1 0 1 0.00 0.0 0 9.0 25 290 M M 1 37 280
12 83 50 67 0 0 2 0.01 0.0 0 6.9 17 40 M M 1 24 60
13 70 50 60 -7 5 0 0.00 0.0 0 9.7 15 80 M M 3 23 100
14 74 45 60 -7 5 0 0.00 0.0 0 8.1 20 100 M M 0 25 90
15 78 51 65 -3 0 0 0.00 0.0 0 7.0 15 170 M M 2 20 170
16 82 55 69 1 0 4 0.00 0.0 0 5.7 14 160 M M 0 21 200
17 84 57 71 3 0 6 0.00 0.0 M 5.3 20 170 M M 1 1 27 180
18 86 57 72 4 0 7 0.00 0.0 0 4.4 16 180 M M 0 1 21 160
19 82 63 73 4 0 8 T 0.0 0 3.6 13 270 M M 3 1 19 270
20 79 64 72 3 0 7 0.41 0.0 0 4.0 10 300 M M 7 123 17 300
21 83 59 71 2 0 6 0.17 0.0 0 3.8 25 300 M M 3 123 32 290
22 71 60 66 -4 0 1 0.67 0.0 0 4.6 15 330 M M 9 1 25 330
23 74 55 65 -5 0 0 0.05 M M 6.7 23 10 M M M 2 29 10
24 76 55 66 -4 0 1 0.03 M M 6.6 17 270 M M 3 23 28 270
25 83 53 68 -2 0 3 0.00 0.0 0 3.0 13 250 M M 3 12 19 240
26 77 62 70 0 0 5 1.38 0.0 0 3.5 25 340 M M 3 13 35 340
27 86 62 74 4 0 9 0.00 0.0 0 2.5 10 340 M M 3 12 14 300
28 86 61 74 3 0 9 0.00 0.0 0 5.5 16 110 M M 3 1 21 110
29 85 67 76 5 0 11 0.10 0.0 0 5.7 14 100 M M 3 13 18 100
30 88 66 77 6 0 12 0.00 0.0 0 6.3 18 130 M M 1 26 150
================================================================================
SM 2451 1755 10 173 4.70 0.0 183.1 M 77
================================================================================
AV 81.7 58.5 6.1 FASTST M M 3 MAX(MPH)
MISC ----> # 39 330 # 58 320
================================================================================
NOTES:
# LAST OF SEVERAL OCCURRENCES
COLUMN 17 PEAK WIND IN M.P.H.
PRELIMINARY LOCAL CLIMATOLOGICAL DATA (WS FORM: F-6) , PAGE 2
STATION: LONE ROCK WI
MONTH: JUNE
YEAR: 2020
LATITUDE: 43 12 N
LONGITUDE: 90 11 W
[TEMPERATURE DATA] [PRECIPITATION DATA] SYMBOLS USED IN COLUMN 16
AVERAGE MONTHLY: 70.1 TOTAL FOR MONTH: 4.70 1 = FOG OR MIST
DPTR FM NORMAL: 2.5 DPTR FM NORMAL: 0.03 2 = FOG REDUCING VISIBILITY
HIGHEST: 92 ON 2 GRTST 24HR 1.38 ON 26-26 TO 1/4 MILE OR LESS
LOWEST: 45 ON 14 3 = THUNDER
SNOW, ICE PELLETS, HAIL 4 = ICE PELLETS
TOTAL MONTH: 0.0 INCH 5 = HAIL
GRTST 24HR 0.0 6 = FREEZING RAIN OR DRIZZLE
GRTST DEPTH: 0 7 = DUSTSTORM OR SANDSTORM:
VSBY 1/2 MILE OR LESS
8 = SMOKE OR HAZE
[NO. OF DAYS WITH] [WEATHER - DAYS WITH] 9 = BLOWING SNOW
X = TORNADO
MAX 32 OR BELOW: 0 0.01 INCH OR MORE: 16
MAX 90 OR ABOVE: 1 0.10 INCH OR MORE: 8
MIN 32 OR BELOW: 0 0.50 INCH OR MORE: 3
MIN 0 OR BELOW: 0 1.00 INCH OR MORE: 2
[HDD (BASE 65) ]
TOTAL THIS MO. 10 CLEAR (SCALE 0-3) 19
DPTR FM NORMAL -35 PTCLDY (SCALE 4-7) 9
TOTAL FM JUL 1 6844 CLOUDY (SCALE 8-10) 1
DPTR FM NORMAL -453
[CDD (BASE 65) ]
TOTAL THIS MO. 173
DPTR FM NORMAL 50 [PRESSURE DATA]
TOTAL FM JAN 1 212 HIGHEST SLP 30.37 ON 14
DPTR FM NORMAL 55 LOWEST SLP 29.14 ON 9
[REMARKS]
#FINAL-06-20#