000
CXUS53 KLMK 010710
CF6LOU
PRELIMINARY LOCAL CLIMATOLOGICAL DATA (WS FORM: F-6)
STATION: LOUISVILLE BOWMAN KY
MONTH: SEPTEMBER
YEAR: 2022
LATITUDE: 38 13 N
LONGITUDE: 85 39 W
TEMPERATURE IN F: :PCPN: SNOW: WIND :SUNSHINE: SKY :PK WND
================================================================================
1 2 3 4 5 6A 6B 7 8 9 10 11 12 13 14 15 16 17 18
12Z AVG MX 2MIN
DY MAX MIN AVG DEP HDD CDD WTR SNW DPTH SPD SPD DIR MIN PSBL S-S WX SPD DR
================================================================================
1 86 61 74 -1 0 9 0.00 M M 2.5 12 80 M M 1 1 16 110
2 89 63 76 1 0 11 0.00 M M 2.6 13 180 M M 1 21 180
3 88 71 80 5 0 15 0.80 M M 5.7 17 10 M M 5 13 23 10
4 82 69 76 2 0 11 0.01 M M 1.9 12 150 M M 5 13 15 150
5 86 69 78 4 0 13 0.07 M M 2.9 14 60 M M 5 38 19 70
6 84 68 76 2 0 11 0.08 M M 2.5 22 50 M M 7 123 30 40
7 83 63 73 -1 0 8 0.00 M M 4.9 14 30 M M 1 19 360
8 81 58 70 -3 0 5 0.00 M M 4.6 14 50 M M 1 1 20 80
9 86 60 73 0 0 8 0.00 M M 3.5 9 120 M M 1 15 140
10 83 67 75 3 0 10 0.02 M M 3.6 10 120 M M 2 1 16 140
11 82 67 75 3 0 10 0.20 M M 6.6 20 210 M M 9 18 28 230
12 75 60 68 -4 0 3 0.01 M M 8.3 18 230 M M 5 26 190
13 75 56 66 -6 0 1 0.00 M M 2.3 10 280 M M 6 15 290
14 82 59 71 0 0 6 0.00 M M 1.2 7 30 M M 2 1 12 40
15 85 58 72 1 0 7 0.00 M M 1.9 10 50 M M 0 1 14 40
16 86 58 72 2 0 7 0.00 M M 2.0 10 170 M M 0 1 14 170
17 86 62 74 4 0 9 0.00 M M 5.1 16 230 M M 2 22 220
18 86 61 74 4 0 9 0.00 M M 5.4 16 180 M M 0 22 210
19 88 69 79 10 0 14 0.05 M M 4.5 16 230 M M 5 3 20 230
20 92 66 79 10 0 14 0.00 M M 2.1 8 80 M M 0 12 10 110
21 96 69 83 15 0 18 0.00 M M 4.6 18 220 M M 1 24 210
22 78 57 68 0 0 3 0.00 M M 9.4 20 20 M M 3 29 20
23 69 47 58 -10 7 0 T M M 3.5 12 100 M M 2 16 70
24 80 59 70 3 0 5 0.01 M M 7.6 18 210 M M 5 25 180
25 79 61 70 3 0 5 0.08 M M 7.9 22 270 M M 2 3 30 250
26 73 56 65 -2 0 0 0.00 M M 9.2 18 270 M M 1 34 250
27 70 44 57 -9 8 0 0.00 M M 5.8 17 270 M M 0 30 320
28 66 41 54 -12 11 0 0.00 M M 5.0 16 20 M M 2 23 310
29 70 43 57 -8 8 0 0.00 M M 6.0 17 50 M M 1 28 50
30 74 46 60 -5 5 0 0.00 M M 7.5 16 20 M M 0 22 10
================================================================================
SM 2440 1788 39 212 1.33 M 140.6 M 75
================================================================================
AV 81.3 59.6 4.7 FASTST M M 3 MAX(MPH)
MISC ----> # 22 50 34 250
================================================================================
NOTES:
# LAST OF SEVERAL OCCURRENCES
COLUMN 17 PEAK WIND IN M.P.H.
PRELIMINARY LOCAL CLIMATOLOGICAL DATA (WS FORM: F-6) , PAGE 2
STATION: LOUISVILLE BOWMAN KY
MONTH: SEPTEMBER
YEAR: 2022
LATITUDE: 38 13 N
LONGITUDE: 85 39 W
[TEMPERATURE DATA] [PRECIPITATION DATA] SYMBOLS USED IN COLUMN 16
AVERAGE MONTHLY: 70.5 TOTAL FOR MONTH: 1.33 1 = FOG OR MIST
DPTR FM NORMAL: 0.1 DPTR FM NORMAL: -2.28 2 = FOG REDUCING VISIBILITY
HIGHEST: 96 ON 21 GRTST 24HR 0.80 ON 3- 3 TO 1/4 MILE OR LESS
LOWEST: 41 ON 28 3 = THUNDER
SNOW, ICE PELLETS, HAIL 4 = ICE PELLETS
TOTAL MONTH: M 5 = HAIL
GRTST 24HR M ON M 6 = FREEZING RAIN OR DRIZZLE
GRTST DEPTH: M ON M 7 = DUSTSTORM OR SANDSTORM:
VSBY 1/2 MILE OR LESS
8 = SMOKE OR HAZE
[NO. OF DAYS WITH] [WEATHER - DAYS WITH] 9 = BLOWING SNOW
X = TORNADO
MAX 32 OR BELOW: 0 0.01 INCH OR MORE: 10
MAX 90 OR ABOVE: 2 0.10 INCH OR MORE: 2
MIN 32 OR BELOW: 0 0.50 INCH OR MORE: 1
MIN 0 OR BELOW: 0 1.00 INCH OR MORE: 0
[HDD (BASE 65) ]
TOTAL THIS MO. 39 CLEAR (SCALE 0-3) 21
DPTR FM NORMAL 7 PTCLDY (SCALE 4-7) 8
TOTAL FM JUL 1 39 CLOUDY (SCALE 8-10) 1
DPTR FM NORMAL 10
[CDD (BASE 65) ]
TOTAL THIS MO. 212
DPTR FM NORMAL 18 [PRESSURE DATA]
TOTAL FM JAN 1 1640 HIGHEST SLP M ON M
DPTR FM NORMAL 137 LOWEST SLP 29.77 ON 25
[REMARKS]
#FINAL-09-22#