000
CXUS54 KCRP 020100
CF6LRD
PRELIMINARY LOCAL CLIMATOLOGICAL DATA (WS FORM: F-6)
STATION: LAREDO
MONTH: FEBRUARY
YEAR: 2022
LATITUDE: 27 31 N
LONGITUDE: 99 28 W
TEMPERATURE IN F: :PCPN: SNOW: WIND :SUNSHINE: SKY :PK WND
================================================================================
1 2 3 4 5 6A 6B 7 8 9 10 11 12 13 14 15 16 17 18
12Z AVG MX 2MIN
DY MAX MIN AVG DEP HDD CDD WTR SNW DPTH SPD SPD DIR MIN PSBL S-S WX SPD DR
================================================================================
1 80 52 66 6 0 1 0.00 0.0 0 M M M M M 5 12 M M
2 83 52 68 8 0 3 T 0.0 0 M M M M M 7 1 M M
3 52 35 44 -16 21 0 T 0.0 0 M M M M M 10 1 M M
4 48 33 41 -20 24 0 0.00 0.0 0 M M M M M 6 M M
5 56 24 40 -21 25 0 0.00 0.0 0 M M M M M 0 M M
6 68 32 50 -11 15 0 0.00 0.0 0 M M M M M 0 M M
7 66 44 55 -6 10 0 0.00 0.0 0 M M M M M 5 M M
8 70 36 53 -8 12 0 0.00 0.0 0 M M M M M 0 8 M M
9 75 39 57 -5 8 0 0.00 0.0 0 M M M M M 0 M M
10 74 44 59 -3 6 0 0.00 0.0 0 M M M M M 0 M M
11 81 46 64 2 1 0 0.00 0.0 0 M M M M M 0 M M
12 66 44 55 -7 10 0 0.00 0.0 0 M M M M M 5 1 M M
13 65 31 48 -14 17 0 0.00 0.0 0 M M M M M 0 M M
14 74 38 56 -6 9 0 0.00 0.0 0 M M M M M 0 M M
15 80 47 64 1 1 0 0.00 0.0 0 M M M M M 0 M M
16 89 60 75 12 0 10 0.00 0.0 0 M M M M M 0 M M
17 83 51 67 4 0 2 0.00 0.0 0 M M M M M 0 8 M M
18 66 42 54 -9 11 0 0.00 0.0 0 M M M M M 0 M M
19 68 45 57 -6 8 0 0.00 0.0 0 M M M M M 2 M M
20 80 49 65 2 0 0 0.00 0.0 0 M M M M M 1 M M
21 90 66 78 14 0 13 0.00 0.0 0 M M M M M 4 M M
22 97 64 81 17 0 16 0.00 0.0 0 M M M M M 0 1 M M
23 73 38 56 -8 9 0 T 0.0 0 M M M M M 9 1 M M
24 51 36 44 -20 21 0 T 0.0 0 M M M M M 10 1 M M
25 43 39 41 -23 24 0 T 0.0 0 M M M M M 10 1 M M
26 47 38 43 -21 22 0 0.00 0.0 0 M M M M M 10 18 M M
27 63 42 53 -12 12 0 0.01 0.0 0 M M M M M 7 1 M M
28 72 30 51 -14 14 0 0.00 0.0 0 M M M M M 0 M M
================================================================================
SM 1960 1197 280 45 0.01 0.0 M M 91
================================================================================
AV 70.0 42.8 M FASTST M M 3 MAX(MPH)
MISC ----> M M M M
================================================================================
NOTES:
# LAST OF SEVERAL OCCURRENCES
COLUMN 17 PEAK WIND IN M.P.H.
PRELIMINARY LOCAL CLIMATOLOGICAL DATA (WS FORM: F-6) , PAGE 2
STATION: LAREDO
MONTH: FEBRUARY
YEAR: 2022
LATITUDE: 27 31 N
LONGITUDE: 99 28 W
[TEMPERATURE DATA] [PRECIPITATION DATA] SYMBOLS USED IN COLUMN 16
AVERAGE MONTHLY: 56.4 TOTAL FOR MONTH: 0.01 1 = FOG OR MIST
DPTR FM NORMAL: -6.1 DPTR FM NORMAL: -0.82 2 = FOG REDUCING VISIBILITY
HIGHEST: 97 ON 22 GRTST 24HR 0.01 ON 27-27 TO 1/4 MILE OR LESS
LOWEST: 24 ON 5 3 = THUNDER
SNOW, ICE PELLETS, HAIL 4 = ICE PELLETS
TOTAL MONTH: 0.0 INCH 5 = HAIL
GRTST 24HR 0.0 6 = FREEZING RAIN OR DRIZZLE
GRTST DEPTH: 0 7 = DUSTSTORM OR SANDSTORM:
VSBY 1/2 MILE OR LESS
8 = SMOKE OR HAZE
[NO. OF DAYS WITH] [WEATHER - DAYS WITH] 9 = BLOWING SNOW
X = TORNADO
MAX 32 OR BELOW: 0 0.01 INCH OR MORE: 1
MAX 90 OR ABOVE: 2 0.10 INCH OR MORE: 0
MIN 32 OR BELOW: 4 0.50 INCH OR MORE: 0
MIN 0 OR BELOW: 0 1.00 INCH OR MORE: 0
[HDD (BASE 65) ]
TOTAL THIS MO. 280 CLEAR (SCALE 0-3) 16
DPTR FM NORMAL 138 PTCLDY (SCALE 4-7) 7
TOTAL FM JUL 1 635 CLOUDY (SCALE 8-10) 5
DPTR FM NORMAL -108
[CDD (BASE 65) ]
TOTAL THIS MO. 45
DPTR FM NORMAL -27 [PRESSURE DATA]
TOTAL FM JAN 1 67 HIGHEST SLP 30.70 ON 4
DPTR FM NORMAL -30 LOWEST SLP 29.64 ON 17
[REMARKS]
#FINAL-02-22#