000
CXUS54 KLZK 011230
CF6LRF
PRELIMINARY LOCAL CLIMATOLOGICAL DATA (WS FORM: F-6)
STATION: JACKSONVILLE/LITTLE ROCK AFB
MONTH: APRIL
YEAR: 2023
LATITUDE: 34 55 N
LONGITUDE: 92 9 W
TEMPERATURE IN F: :PCPN: SNOW: WIND :SUNSHINE: SKY :PK WND
================================================================================
1 2 3 4 5 6A 6B 7 8 9 10 11 12 13 14 15 16 17 18
12Z AVG MX 2MIN
DY MAX MIN AVG DEP HDD CDD WTR SNW DPTH SPD SPD DIR MIN PSBL S-S WX SPD DR
================================================================================
1 70 44 57 -1 8 0 0.00 0.0 0 9.7 18 280 M M 0 27 280
2 78 38 58 0 7 0 0.50 0.0 0 6.7 17 200 M M 2 24 200
3 80 59 70 12 0 5 0.01 0.0 0 6.5 12 170 M M 7 20 170
4 85 68 77 18 0 12 0.02 0.0 0 9.5 16 190 M M 6 35 140
5 77 55 66 7 0 1 0.52 0.0 M 9.3 25 240 M M 8 13 32 250
6 58 52 55 -4 10 0 0.00 0.0 M 10.1 16 60 M M 9 22 30
7 62 48 55 -5 10 0 0.00 M M 10.3 14 70 M M 6 21 50
8 70 49 60 0 5 0 0.00 0.0 0 7.3 13 70 M M 4 M M
9 66 48 57 -3 8 0 0.00 0.0 0 5.4 13 60 M M 7 M M
10 74 50 62 2 3 0 0.00 0.0 0 3.2 10 120 M M 5 8 16 100
11 76 44 60 -1 5 0 0.00 0.0 0 3.2 14 130 M M 0 18 130
12 78 40 59 -2 6 0 0.00 0.0 0 2.1 10 140 M M 1 M M
13 78 53 66 5 0 1 0.00 0.0 0 3.8 13 60 M M 7 1 M M
14 82 49 66 5 0 1 0.00 0.0 0 3.5 8 200 M M 0 8 M M
15 83 55 69 7 0 4 0.47 0.0 0 9.5 30 280 M M 7 13 43 280
16 67 42 55 -7 10 0 0.00 0.0 0 12.2 21 290 M M 2 32 270
17 77 36 57 -5 8 0 0.00 M M 4.7 12 300 M M 0 18 300
18 81 43 62 -1 3 0 T M M 6.1 18 200 M M 0 23 220
19 84 57 71 8 0 6 0.00 0.0 M 8.5 18 210 M M 0 27 210
20 79 63 71 8 0 6 1.12 0.0 M 8.1 20 240 M M 7 13 24 230
21 70 50 60 -3 5 0 0.80 M M 6.6 18 60 M M 5 33 30
22 69 42 56 -8 9 0 0.00 0.0 0 4.6 10 250 M M 4 M M
23 58 41 50 -14 15 0 0.19 0.0 0 3.4 8 180 M M 7 M M
24 65 36 51 -13 14 0 0.00 0.0 0 5.3 14 70 M M 1 20 70
25 66 49 58 -6 7 0 0.55 M M 3.9 9 130 M M 9 M M
26 62 51 57 -8 8 0 0.06 0.0 M 4.9 12 70 M M 10 M M
27 68 56 62 -3 3 0 0.67 0.0 0 4.7 10 80 M M 10 13 M M
28 68 52 60 -5 5 0 0.03 0.0 0 3.1 8 350 M M 8 M M
29 67 53 60 -5 5 0 2.05 0.0 0 5.2 14 60 M M 7 13 16 40
30 73 44 59 -7 6 0 0.00 0.0 0 8.2 22 310 M M 0 33 270
================================================================================
SM 2171 1467 160 36 6.99 0.0 189.6 M 139
================================================================================
AV 72.4 48.9 6.3 FASTST M M 5 MAX(MPH)
MISC ----> 30 280 43 280
================================================================================
NOTES:
# LAST OF SEVERAL OCCURRENCES
COLUMN 17 PEAK WIND IN M.P.H.
PRELIMINARY LOCAL CLIMATOLOGICAL DATA (WS FORM: F-6) , PAGE 2
STATION: JACKSONVILLE/LITTLE ROCK AFB
MONTH: APRIL
YEAR: 2023
LATITUDE: 34 55 N
LONGITUDE: 92 9 W
[TEMPERATURE DATA] [PRECIPITATION DATA] SYMBOLS USED IN COLUMN 16
AVERAGE MONTHLY: 60.6 TOTAL FOR MONTH: 6.99 1 = FOG OR MIST
DPTR FM NORMAL: -1.2 DPTR FM NORMAL: M 2 = FOG REDUCING VISIBILITY
HIGHEST: 85 ON 4 GRTST 24HR 2.05 ON 29-29 TO 1/4 MILE OR LESS
LOWEST: 36 ON 17,24 3 = THUNDER
SNOW, ICE PELLETS, HAIL 4 = ICE PELLETS
TOTAL MONTH: 0.0 INCH 5 = HAIL
GRTST 24HR 0.0 6 = FREEZING RAIN OR DRIZZLE
GRTST DEPTH: 0 7 = DUSTSTORM OR SANDSTORM:
VSBY 1/2 MILE OR LESS
8 = SMOKE OR HAZE
[NO. OF DAYS WITH] [WEATHER - DAYS WITH] 9 = BLOWING SNOW
X = TORNADO
MAX 32 OR BELOW: 0 0.01 INCH OR MORE: 13
MAX 90 OR ABOVE: 0 0.10 INCH OR MORE: 9
MIN 32 OR BELOW: 0 0.50 INCH OR MORE: 7
MIN 0 OR BELOW: 0 1.00 INCH OR MORE: 2
[HDD (BASE 65) ]
TOTAL THIS MO. 160 CLEAR (SCALE 0-3) 11
DPTR FM NORMAL 3 PTCLDY (SCALE 4-7) 13
TOTAL FM JUL 1 2861 CLOUDY (SCALE 8-10) 6
DPTR FM NORMAL -277
[CDD (BASE 65) ]
TOTAL THIS MO. 36
DPTR FM NORMAL -22 [PRESSURE DATA]
TOTAL FM JAN 1 51 HIGHEST SLP M ON M
DPTR FM NORMAL -23 LOWEST SLP M ON M
[REMARKS]
#FINAL-04-23#