000
CXUS54 KEPZ 011030
CF6LRU
PRELIMINARY LOCAL CLIMATOLOGICAL DATA (WS FORM: F-6)
STATION: LAS CRUCES
MONTH: JUNE
YEAR: 2023
LATITUDE: 32 17 N
LONGITUDE: 106 46 W
TEMPERATURE IN F: :PCPN: SNOW: WIND :SUNSHINE: SKY :PK WND
================================================================================
1 2 3 4 5 6A 6B 7 8 9 10 11 12 13 14 15 16 17 18
12Z AVG MX 2MIN
DY MAX MIN AVG DEP HDD CDD WTR SNW DPTH SPD SPD DIR MIN PSBL S-S WX SPD DR
================================================================================
1 86 60 73 M 0 8 0.00 M M 11.2 22 250 M M 0 26 240
2 88 64 76 M 0 11 0.00 M M 10.4 18 260 M M 0 27 270
3 92 63 78 M 0 13 0.00 M M M M M M M M M M
4 92 64 78 M 0 13 0.00 M M 5.8 13 120 M M 0 38 220
5 92 67 80 M 0 15 0.00 M M 10.5 20 120 M M 1 27 100
6 93 67 80 M 0 15 0.00 M M 13.2 18 270 M M 2 28 110
7 89 59 74 M 0 9 0.00 M M 8.7 13 160 M M 0 25 250
8 92 58 75 M 0 10 0.00 M M 7.6 15 270 M M 0 24 260
9 88 66 77 M 0 12 0.00 M M 11.7 21 260 M M 0 29 260
10 93 55 74 M 0 9 0.00 M M 7.6 14 260 M M 0 25 260
11 96 62 79 M 0 14 0.00 M M 12.3 24 240 M M 1 31 240
12 91 63 77 M 0 12 0.00 M M 13.9 24 260 M M 0 33 270
13 92 56 74 M 0 9 0.00 M M 11.6 22 280 M M 0 31 240
14 96 56 76 M 0 11 0.00 M M 10.2 18 250 M M 0 29 270
15 97 61 79 M 0 14 0.00 M M 14.6 25 260 M M 0 35 260
16 98 62 80 M 0 15 0.00 M M 12.7 28 250 M M 0 40 250
17 98 65 82 M 0 17 0.00 M M 13.7 26 260 M M 0 38 260
18 99 66 83 M 0 18 0.00 M M 9.5 20 270 M M 0 32 280
19 100 71 86 M 0 21 0.00 M M 12.2 18 270 M M 0 28 270
20 100 68 84 M 0 19 0.00 M M 8.3 16 270 M M 0 25 220
21 103 70 87 M 0 22 0.00 M M 8.7 22 250 M M 0 33 250
22 104 67 86 M 0 21 0.00 M M 12.1 25 260 M M 0 31 240
23 104 67 86 M 0 21 0.00 M M 11.1 20 260 M M 0 31 260
24 104 66 85 M 0 20 0.00 M M 13.0 25 270 M M 0 33 270
25 106 67 87 M 0 22 0.00 M M 7.9 21 270 M M 0 29 270
26 108 70 89 M 0 24 0.00 M M 7.7 15 250 M M 0 23 160
27 108 75 92 M 0 27 0.00 M M 8.9 17 280 M M 0 27 290
28 104 74 89 M 0 24 0.00 M M 11.8 29 270 M M 0 36 270
29 102 75 89 M 0 24 0.00 M M 7.4 18 280 M M 1 25 280
30 100 75 88 M 0 23 0.00 M M 10.4 20 240 M M 3 27 240
================================================================================
SM 2915 1959 0 493 0.00 M 304.6 M 8
================================================================================
AV 97.2 65.3 10.5 FASTST M M 0 MAX(MPH)
MISC ----> 29 270 40 250
================================================================================
NOTES:
# LAST OF SEVERAL OCCURRENCES
COLUMN 17 PEAK WIND IN M.P.H.
PRELIMINARY LOCAL CLIMATOLOGICAL DATA (WS FORM: F-6) , PAGE 2
STATION: LAS CRUCES
MONTH: JUNE
YEAR: 2023
LATITUDE: 32 17 N
LONGITUDE: 106 46 W
[TEMPERATURE DATA] [PRECIPITATION DATA] SYMBOLS USED IN COLUMN 16
AVERAGE MONTHLY: 81.2 TOTAL FOR MONTH: 0.00 1 = FOG OR MIST
DPTR FM NORMAL: 0.0 DPTR FM NORMAL: M 2 = FOG REDUCING VISIBILITY
HIGHEST: 108 ON 27,26 GRTST 24HR 0.00 ON 1- 1 TO 1/4 MILE OR LESS
LOWEST: 55 ON 10 3 = THUNDER
SNOW, ICE PELLETS, HAIL 4 = ICE PELLETS
TOTAL MONTH: M 5 = HAIL
GRTST 24HR M ON M 6 = FREEZING RAIN OR DRIZZLE
GRTST DEPTH: M ON M 7 = DUSTSTORM OR SANDSTORM:
VSBY 1/2 MILE OR LESS
8 = SMOKE OR HAZE
[NO. OF DAYS WITH] [WEATHER - DAYS WITH] 9 = BLOWING SNOW
X = TORNADO
MAX 32 OR BELOW: 0 0.01 INCH OR MORE: 0
MAX 90 OR ABOVE: 26 0.10 INCH OR MORE: 0
MIN 32 OR BELOW: 0 0.50 INCH OR MORE: 0
MIN 0 OR BELOW: 0 1.00 INCH OR MORE: 0
[HDD (BASE 65) ]
TOTAL THIS MO. 0 CLEAR (SCALE 0-3) 29
DPTR FM NORMAL M PTCLDY (SCALE 4-7) 0
TOTAL FM JUL 1 2624 CLOUDY (SCALE 8-10) 1
DPTR FM NORMAL M
[CDD (BASE 65) ]
TOTAL THIS MO. 493
DPTR FM NORMAL M [PRESSURE DATA]
TOTAL FM JAN 1 823 HIGHEST SLP M ON M
DPTR FM NORMAL M LOWEST SLP M ON M
[REMARKS]
#FINAL-06-23#