000
CXUS54 KEPZ 011130
CF6LRU
PRELIMINARY LOCAL CLIMATOLOGICAL DATA (WS FORM: F-6)
STATION: LAS CRUCES
MONTH: OCTOBER
YEAR: 2020
LATITUDE: 32 17 N
LONGITUDE: 106 46 W
TEMPERATURE IN F: :PCPN: SNOW: WIND :SUNSHINE: SKY :PK WND
================================================================================
1 2 3 4 5 6A 6B 7 8 9 10 11 12 13 14 15 16 17 18
12Z AVG MX 2MIN
DY MAX MIN AVG DEP HDD CDD WTR SNW DPTH SPD SPD DIR MIN PSBL S-S WX SPD DR
================================================================================
1 90 48 69 M 0 4 0.00 M M 6.0 13 120 M M 0 18 140
2 88 50 69 M 0 4 0.00 M M 6.5 9 190 M M 0 17 230
3 90 46 68 M 0 3 0.00 M M 4.3 13 130 M M 0 16 110
4 85 49 67 M 0 2 0.00 M M 5.2 10 130 M M 0 M M
5 91 48 70 M 0 5 0.00 M M 4.1 9 260 M M 0 M M
6 91 49 70 M 0 5 0.00 M M 4.0 9 30 M M 0 M M
7 90 49 70 M 0 5 0.00 M M 2.7 6 270 M M 0 M M
8 91 51 71 M 0 6 0.00 M M 4.0 9 250 M M 0 M M
9 91 47 69 M 0 4 0.00 M M 5.3 14 280 M M 0 18 220
10 88 53 71 M 0 6 0.00 M M 7.6 14 270 M M 0 25 250
11 86 57 72 M 0 7 0.00 M M 14.0 25 260 M M 0 33 260
12 84 54 69 M 0 4 0.00 M M 6.3 9 330 M M 0 M M
13 89 48 69 M 0 4 0.00 M M 4.1 10 130 M M 0 M M
14 93 49 71 M 0 6 0.00 M M 9.2 20 260 M M 0 29 260
15 83 50 67 M 0 2 0.00 M M 8.3 14 150 M M 0 21 150
16 75 52 64 M 1 0 0.00 M M 10.4 16 130 M M 0 23 130
17 89 45 67 M 0 2 0.00 M M 9.0 23 270 M M 0 33 270
18 88 49 69 M 0 4 0.00 M M 8.2 15 270 M M 0 23 250
19 89 47 68 M 0 3 0.00 M M 5.9 12 250 M M 0 18 250
20 87 48 68 M 0 3 0.00 M M 3.9 10 280 M M 0 M M
21 88 47 68 M 0 3 0.00 M M 5.6 12 230 M M 0 17 220
22 85 54 70 M 0 5 0.00 M M 10.1 18 270 M M 0 27 270
23 83 54 69 M 0 4 0.00 M M 10.3 15 250 M M 0 21 130
24 82 49 66 M 0 1 0.00 M M 8.2 16 260 M M 0 23 230
25 84 52 68 M 0 3 0.00 M M 11.2 26 260 M M 1 37 240
26 69 27 48 M 17 0 0.08 M M 15.6 24 140 M M 4 30 140
27 32 24 28 M 37 0 0.04 M M 6.8 14 340 M M 10 18 340
28 52 29 41 M 24 0 0.00 M M 4.0 10 280 M M 2 M M
29 62 34 48 M 17 0 0.00 M M 3.8 9 140 M M 0 M M
30 68 37 53 M 12 0 0.00 M M 3.4 7 130 M M 0 M M
31 76 41 59 M 6 0 0.00 M M 3.2 8 110 M M 0 M M
================================================================================
SM 2539 1437 114 95 0.12 M 211.3 M 17
================================================================================
AV 81.9 46.4 6.8 FASTST M M 1 MAX(MPH)
MISC ----> 26 260 37 240
================================================================================
NOTES:
# LAST OF SEVERAL OCCURRENCES
COLUMN 17 PEAK WIND IN M.P.H.
PRELIMINARY LOCAL CLIMATOLOGICAL DATA (WS FORM: F-6) , PAGE 2
STATION: LAS CRUCES
MONTH: OCTOBER
YEAR: 2020
LATITUDE: 32 17 N
LONGITUDE: 106 46 W
[TEMPERATURE DATA] [PRECIPITATION DATA] SYMBOLS USED IN COLUMN 16
AVERAGE MONTHLY: 64.1 TOTAL FOR MONTH: 0.12 1 = FOG OR MIST
DPTR FM NORMAL: 0.0 DPTR FM NORMAL: M 2 = FOG REDUCING VISIBILITY
HIGHEST: 93 ON 14 GRTST 24HR 0.08 ON 26-26 TO 1/4 MILE OR LESS
LOWEST: 24 ON 27 3 = THUNDER
SNOW, ICE PELLETS, HAIL 4 = ICE PELLETS
TOTAL MONTH: M 5 = HAIL
GRTST 24HR M ON M 6 = FREEZING RAIN OR DRIZZLE
GRTST DEPTH: M ON M 7 = DUSTSTORM OR SANDSTORM:
VSBY 1/2 MILE OR LESS
8 = SMOKE OR HAZE
[NO. OF DAYS WITH] [WEATHER - DAYS WITH] 9 = BLOWING SNOW
X = TORNADO
MAX 32 OR BELOW: 1 0.01 INCH OR MORE: 2
MAX 90 OR ABOVE: 8 0.10 INCH OR MORE: 0
MIN 32 OR BELOW: 3 0.50 INCH OR MORE: 0
MIN 0 OR BELOW: 0 1.00 INCH OR MORE: 0
[HDD (BASE 65) ]
TOTAL THIS MO. 114 CLEAR (SCALE 0-3) 29
DPTR FM NORMAL M PTCLDY (SCALE 4-7) 1
TOTAL FM JUL 1 133 CLOUDY (SCALE 8-10) 1
DPTR FM NORMAL M
[CDD (BASE 65) ]
TOTAL THIS MO. 95
DPTR FM NORMAL M [PRESSURE DATA]
TOTAL FM JAN 1 2382 HIGHEST SLP M ON M
DPTR FM NORMAL M LOWEST SLP M ON M
[REMARKS]
#FINAL-10-20#