000
CXUS53 KARX 011000
CF6LSE
PRELIMINARY LOCAL CLIMATOLOGICAL DATA (WS FORM: F-6)
STATION: LA CROSSE WI
MONTH: FEBRUARY
YEAR: 2023
LATITUDE: 43 52 N
LONGITUDE: 91 15 W
TEMPERATURE IN F: :PCPN: SNOW: WIND :SUNSHINE: SKY :PK WND
================================================================================
1 2 3 4 5 6A 6B 7 8 9 10 11 12 13 14 15 16 17 18
12Z AVG MX 2MIN
DY MAX MIN AVG DEP HDD CDD WTR SNW DPTH SPD SPD DIR MIN PSBL S-S WX SPD DR
================================================================================
1 24 1 13 -6 52 0 0.00 0.0 5 7.2 14 190 M M 2 17 190
2 20 -2 9 -11 56 0 0.00 0.0 5 12.8 26 330 M M 1 33 330
3 8 -10 -1 -21 66 0 0.00 0.0 5 7.4 17 180 M M 6 21 170
4 32 6 19 -1 46 0 0.00 0.0 4 9.6 17 180 M M 0 23 170
5 34 12 23 3 42 0 0.00 0.0 4 4.8 14 340 M M 1 128 17 310
6 42 12 27 7 38 0 0.02 0.0 4 10.1 24 160 M M 4 18 35 170
7 41 28 35 14 30 0 0.00 0.0 3 10.4 17 270 M M 5 27 270
8 48 27 38 17 27 0 0.00 0.0 2 6.5 14 180 M M 0 19 170
9 40 30 35 14 30 0 0.00 0.0 T 10.3 24 340 M M 7 32 340
10 32 17 25 3 40 0 0.00 0.0 T 9.4 22 320 M M 0 32 310
11 48 23 36 14 29 0 0.00 0.0 T 10.7 21 230 M M 0 30 220
12 47 27 37 15 28 0 0.00 0.0 T 4.6 10 170 M M 0 14 170
13 47 22 35 13 30 0 0.00 0.0 T 6.2 16 170 M M 0 24 160
14 47 37 42 19 23 0 0.36 0.0 0 10.5 22 200 M M 6 1 35 160
15 46 25 36 13 29 0 0.01 0.0 0 14.2 24 270 M M 9 34 260
16 28 18 23 -1 42 0 0.00 0.0 0 11.0 20 340 M M 8 24 320
17 31 10 21 -3 44 0 0.00 0.0 0 9.4 20 190 M M 2 27 190
18 45 21 33 9 32 0 0.00 0.0 0 7.3 16 170 M M 0 23 170
19 46 24 35 10 30 0 0.00 0.0 0 8.3 21 330 M M 2 27 320
20 44 19 32 7 33 0 0.04 1.0 0 10.2 25 270 M M 5 12 43 270
21 25 12 19 -7 46 0 0.22 2.1 T 6.8 30 270 M M 8 18 39 290
22 25 23 24 -2 41 0 0.49 6.5 2 12.0 23 80 M M 10 1 37 70
23 25 5 15 -11 50 0 0.08 1.2 9 9.9 21 280 M M 9 168 29 60
24 18 -4 7 -20 58 0 0.04 0.5 10 3.3 8 320 M M 5 1 9 20
25 31 16 24 -3 41 0 T T 10 7.1 17 200 M M 4 1 23 200
26 40 7 24 -4 41 0 0.00 0.0 9 4.4 13 140 M M 0 128 20 130
27 38 34 36 8 29 0 0.87 0.0 7 10.0 18 310 M M 10 1 24 320
28 44 25 35 6 30 0 0.06 0.2 3 3.6 16 310 M M 4 1 19 320
================================================================================
SM 996 465 1083 0 2.19 11.5 238.0 M 108
================================================================================
AV 35.6 16.6 8.5 FASTST M M 4 MAX(MPH)
MISC ----> 30 270 43 270
================================================================================
NOTES:
# LAST OF SEVERAL OCCURRENCES
COLUMN 17 PEAK WIND IN M.P.H.
PRELIMINARY LOCAL CLIMATOLOGICAL DATA (WS FORM: F-6) , PAGE 2
STATION: LA CROSSE WI
MONTH: FEBRUARY
YEAR: 2023
LATITUDE: 43 52 N
LONGITUDE: 91 15 W
[TEMPERATURE DATA] [PRECIPITATION DATA] SYMBOLS USED IN COLUMN 16
AVERAGE MONTHLY: 26.1 TOTAL FOR MONTH: 2.19 1 = FOG OR MIST
DPTR FM NORMAL: 2.8 DPTR FM NORMAL: 1.00 2 = FOG REDUCING VISIBILITY
HIGHEST: 48 ON 11, 8 GRTST 24HR 0.87 ON 26-27 TO 1/4 MILE OR LESS
LOWEST: -10 ON 3 3 = THUNDER
SNOW, ICE PELLETS, HAIL 4 = ICE PELLETS
TOTAL MONTH: 11.5 INCHES 5 = HAIL
GRTST 24HR 6.5 ON 22-22 6 = FREEZING RAIN OR DRIZZLE
GRTST DEPTH: 10 ON 25,24 7 = DUSTSTORM OR SANDSTORM:
VSBY 1/2 MILE OR LESS
8 = SMOKE OR HAZE
[NO. OF DAYS WITH] [WEATHER - DAYS WITH] 9 = BLOWING SNOW
X = TORNADO
MAX 32 OR BELOW: 12 0.01 INCH OR MORE: 10
MAX 90 OR ABOVE: 0 0.10 INCH OR MORE: 4
MIN 32 OR BELOW: 26 0.50 INCH OR MORE: 1
MIN 0 OR BELOW: 3 1.00 INCH OR MORE: 0
[HDD (BASE 65) ]
TOTAL THIS MO. 1083 CLEAR (SCALE 0-3) 13
DPTR FM NORMAL -83 PTCLDY (SCALE 4-7) 10
TOTAL FM JUL 1 5015 CLOUDY (SCALE 8-10) 5
DPTR FM NORMAL -175
[CDD (BASE 65) ]
TOTAL THIS MO. 0
DPTR FM NORMAL 0 [PRESSURE DATA]
TOTAL FM JAN 1 0 HIGHEST SLP 30.78 ON 24
DPTR FM NORMAL 0 LOWEST SLP 29.16 ON 14
[REMARKS]
#FINAL-02-23#