000
CXUS53 KARX 010900
CF6LSE
PRELIMINARY LOCAL CLIMATOLOGICAL DATA (WS FORM: F-6)
STATION: LA CROSSE WI
MONTH: SEPTEMBER
YEAR: 2021
LATITUDE: 43 52 N
LONGITUDE: 91 15 W
TEMPERATURE IN F: :PCPN: SNOW: WIND :SUNSHINE: SKY :PK WND
================================================================================
1 2 3 4 5 6A 6B 7 8 9 10 11 12 13 14 15 16 17 18
12Z AVG MX 2MIN
DY MAX MIN AVG DEP HDD CDD WTR SNW DPTH SPD SPD DIR MIN PSBL S-S WX SPD DR
================================================================================
1 81 58 70 0 0 5 0.00 0.0 0 4.5 13 50 M M 1 1 18 100
2 75 54 65 -5 0 0 0.00 0.0 0 5.1 16 100 M M 0 24 100
3 67 62 65 -4 0 0 0.49 0.0 0 5.9 16 130 M M 10 18 21 140
4 78 61 70 1 0 5 T 0.0 0 6.4 13 290 M M 5 1 18 310
5 83 57 70 1 0 5 0.00 0.0 0 4.5 16 290 M M 1 21 290
6 80 55 68 0 0 3 0.00 0.0 0 3.0 10 170 M M 2 12 14 180
7 82 62 72 4 0 7 0.00 0.0 0 11.3 22 310 M M 1 29 300
8 77 57 67 -1 0 2 T 0.0 0 9.6 22 310 M M 2 29 310
9 79 54 67 -1 0 2 0.00 0.0 0 3.7 12 320 M M 0 16 310
10 82 57 70 3 0 5 0.00 0.0 0 6.7 15 190 M M 2 12 19 170
11 89 64 77 10 0 12 0.00 0.0 0 6.1 13 180 M M 1 17 170
12 74 60 67 1 0 2 T 0.0 0 5.8 15 350 M M 5 19 350
13 74 56 65 -1 0 0 T 0.0 0 7.2 16 170 M M 6 23 170
14 74 57 66 0 0 1 0.04 0.0 0 8.4 20 290 M M 5 38 26 290
15 81 52 67 2 0 2 0.00 0.0 0 4.4 10 150 M M 0 15 150
16 85 58 72 7 0 7 0.00 0.0 0 14.1 26 170 M M 0 36 190
17 77 48 63 -1 2 0 0.00 0.0 0 7.7 23 300 M M 1 1 29 170
18 81 43 62 -2 3 0 0.00 0.0 0 3.9 9 160 M M 1 12 14 200
19 90 64 77 13 0 12 0.00 0.0 0 10.4 22 180 M M 0 30 180
20 85 64 75 12 0 10 0.71 0.0 0 13.8 41 250 M M 6 13 57 250
21 73 54 64 1 1 0 T 0.0 0 10.4 24 310 M M 3 32 310
22 71 49 60 -2 5 0 0.00 0.0 0 5.6 15 350 M M 1 19 340
23 74 46 60 -2 5 0 0.00 0.0 0 4.0 14 300 M M 1 12 21 320
24 73 50 62 0 3 0 0.19 0.0 0 7.1 25 320 M M 2 18 35 320
25 69 45 57 -4 8 0 0.00 0.0 0 6.0 17 290 M M 0 22 270
26 82 48 65 4 0 0 0.00 0.0 0 7.5 16 200 M M 0 22 190
27 84 55 70 10 0 5 0.00 0.0 0 4.7 12 350 M M 0 1 16 40
28 79 53 66 6 0 1 0.00 0.0 0 6.4 10 130 M M 0 17 150
29 86 54 70 11 0 5 0.00 0.0 0 5.5 12 140 M M 0 16 150
30 87 61 74 15 0 9 0.00 0.0 0 3.2 10 100 M M 0 14 100
================================================================================
SM 2372 1658 27 100 1.43 0.0 202.9 M 56
================================================================================
AV 79.1 55.3 6.8 FASTST M M 2 MAX(MPH)
MISC ----> 41 250 57 250
================================================================================
NOTES:
# LAST OF SEVERAL OCCURRENCES
COLUMN 17 PEAK WIND IN M.P.H.
PRELIMINARY LOCAL CLIMATOLOGICAL DATA (WS FORM: F-6) , PAGE 2
STATION: LA CROSSE WI
MONTH: SEPTEMBER
YEAR: 2021
LATITUDE: 43 52 N
LONGITUDE: 91 15 W
[TEMPERATURE DATA] [PRECIPITATION DATA] SYMBOLS USED IN COLUMN 16
AVERAGE MONTHLY: 67.2 TOTAL FOR MONTH: 1.43 1 = FOG OR MIST
DPTR FM NORMAL: 2.4 DPTR FM NORMAL: -2.20 2 = FOG REDUCING VISIBILITY
HIGHEST: 90 ON 19 GRTST 24HR 0.71 ON 20-20 TO 1/4 MILE OR LESS
LOWEST: 43 ON 18 3 = THUNDER
SNOW, ICE PELLETS, HAIL 4 = ICE PELLETS
TOTAL MONTH: 0.0 INCH 5 = HAIL
GRTST 24HR 0.0 6 = FREEZING RAIN OR DRIZZLE
GRTST DEPTH: 0 7 = DUSTSTORM OR SANDSTORM:
VSBY 1/2 MILE OR LESS
8 = SMOKE OR HAZE
[NO. OF DAYS WITH] [WEATHER - DAYS WITH] 9 = BLOWING SNOW
X = TORNADO
MAX 32 OR BELOW: 0 0.01 INCH OR MORE: 4
MAX 90 OR ABOVE: 1 0.10 INCH OR MORE: 3
MIN 32 OR BELOW: 0 0.50 INCH OR MORE: 1
MIN 0 OR BELOW: 0 1.00 INCH OR MORE: 0
[HDD (BASE 65) ]
TOTAL THIS MO. 27 CLEAR (SCALE 0-3) 23
DPTR FM NORMAL -78 PTCLDY (SCALE 4-7) 6
TOTAL FM JUL 1 27 CLOUDY (SCALE 8-10) 1
DPTR FM NORMAL -89
[CDD (BASE 65) ]
TOTAL THIS MO. 100
DPTR FM NORMAL 1 [PRESSURE DATA]
TOTAL FM JAN 1 1182 HIGHEST SLP 30.31 ON 22
DPTR FM NORMAL 252 LOWEST SLP 29.56 ON 20
[REMARKS]
#FINAL-09-21#