000
CXUS53 KARX 081728 CCA
CLSLSE
CLIMATE REPORT
NATIONAL WEATHER SERVICE LA CROSSE WI
949 PM CDT SAT SEP 02 2023
...................................
...THE LA CROSSE WI CLIMATE SUMMARY FOR THE SEASON, FROM
6/1/2023 TO 8/31/2023...
CLIMATE NORMAL PERIOD 1991 TO 2020
CLIMATE RECORD PERIOD 1872 TO 2023
WEATHER OBSERVED NORMAL DEPART LAST YEAR`S
VALUE DATE(S) VALUE FROM VALUE DATE(S)
NORMAL
................................................................
TEMPERATURE (F)
RECORD
HIGH 108 07/13/1995
07/14/1936
LOW 33 06/01/1897
HIGHEST 104 08/23 98 06/14
06/20
LOWEST 43 06/12 50 06/02
06/03
AVG. MAXIMUM 84.9 83.5 1.4 83.4
AVG. MINIMUM 61.6 62.4 -0.8 63.0
MEAN 73.2 72.9 0.3 73.2
DAYS MAX >= 90 22 14.8 7.2 12
DAYS MAX <= 32 0 0.0 0.0 0
DAYS MIN <= 32 0 0.0 0.0 0
DAYS MIN <= 0 0 0.0 0.0 0
PRECIPITATION (INCHES)
RECORD
MAXIMUM 22.29 2021
MINIMUM 3.01 1894
TOTALS 8.22 13.21 -4.99 12.55
DAYS >= .01 26 31.3 -5.3 33
DAYS >= .10 14 21.1 -7.1 20
DAYS >= .50 4 9.5 -5.5 9
DAYS >= 1.00 4 3.5 0.5 5
GREATEST
24 HR. TOTAL 1.82 2.09 06/13 TO 06/13
SNOWFALL (INCHES)
RECORDS
TOTAL 0.0 2020
SNOW DEPTH 0 08/31/2020
TOTALS 0.0 0.0 0.0 0.0
SNOWDEPTH AVG. 0 0
DAYS >= TRACE 0 0.0 0.0 0
DAYS >= 1.0 0 0.0 0.0 0
GREATEST
SNOW DEPTH 0 0 MM
DEGREE DAYS
HEATING TOTAL 14 35 -21 12
COOLING TOTAL 798 765 33 792
................................................................
WIND (MPH)
AVERAGE WIND SPEED 6.5
HIGHEST WIND SPEED/DIRECTION 48/340 DATE 08/11
HIGHEST GUST SPEED/DIRECTION 68/330 DATE 08/11
AVERAGE RH (PERCENT) 65
WEATHER CONDITIONS. NUMBER OF DAYS WITH
THUNDERSTORM 21 MIXED PRECIP 0
HEAVY RAIN 8 RAIN 7
LIGHT RAIN 33 FREEZING RAIN 0
LT FREEZING RAIN 0 HAIL 0
HEAVY SNOW 0 SNOW 0
LIGHT SNOW 0 SLEET 0
FOG 34 FOG W/VIS <= 1/4 MILE 7
HAZE 17
- INDICATES NEGATIVE NUMBERS.
R INDICATES RECORD WAS SET OR TIED.
MM INDICATES DATA IS MISSING.
T INDICATES TRACE AMOUNT.
$$
BOYNE