000
CXUS54 KFWD 010834
CF6LUD
PRELIMINARY LOCAL CLIMATOLOGICAL DATA (WS FORM: F-6)
STATION: DECATUR
MONTH: FEBRUARY
YEAR: 2024
LATITUDE: 33 15 N
LONGITUDE: 97 30 W
TEMPERATURE IN F: :PCPN: SNOW: WIND :SUNSHINE: SKY :PK WND
================================================================================
1 2 3 4 5 6A 6B 7 8 9 10 11 12 13 14 15 16 17 18
12Z AVG MX 2MIN
DY MAX MIN AVG DEP HDD CDD WTR SNW DPTH SPD SPD DIR MIN PSBL S-S WX SPD DR
================================================================================
1 73 52 63 20 2 0 0.00 M M 10.2 15 170 M M 0 24 170
2 65 51 58 15 7 0 0.56 M M 11.9 20 270 M M 7 1 31 270
3 66 48 57 14 8 0 0.02 M M 8.4 15 100 M M 5 1 30 100
4 61 48 55 11 10 0 0.00 M M 9.7 17 330 M M 9 1 28 320
5 60 44 52 8 13 0 0.00 M M 8.2 13 340 M M 4 22 340
6 65 41 53 9 12 0 0.00 M M 2.5 7 160 M M 0 M M
7 64 46 55 11 10 0 0.00 M M 10.5 21 160 M M 1 28 160
8 68 55 62 18 3 0 0.00 M M 8.9 13 180 M M 1 18 180
9 68 52 60 16 5 0 0.00 M M 4.1 10 230 M M 0 M M
10 60 49 55 10 10 0 0.07 M M 7.1 12 70 M M 5 17 130
11 50 35 43 -2 22 0 0.83 M M 9.3 14 50 M M 10 1 21 60
12 53 35 44 -1 21 0 0.00 M M 8.0 12 330 M M 4 20 300
13 64 36 50 5 15 0 0.00 M M 6.2 12 170 M M 0 10 200
14 67 46 57 12 8 0 0.00 M M 11.3 16 190 M M 0 23 170
15 69 52 61 15 4 0 0.00 M M 5.9 12 180 M M 0 16 200
16 63 37 50 4 15 0 0.00 M M 10.6 16 320 M M 0 24 10
17 43 31 37 -9 28 0 0.00 M M 10.1 15 20 M M 3 26 30
18 53 26 40 -6 25 0 0.00 M M 4.4 9 190 M M 0 M M
19 71 37 54 7 11 0 0.00 M M 8.0 15 170 M M 0 20 160
20 80 51 66 19 0 1 0.00 M M 8.7 16 170 M M 0 22 170
21 80 57 69 22 0 4 0.00 M M 12.6 22 180 M M 0 32 180
22 74 57 66 19 0 1 0.00 M M 10.4 15 270 M M 0 23 190
23 71 45 58 10 7 0 0.00 M M 5.9 10 320 M M 0 20 330
24 76 44 60 12 5 0 0.00 M M 6.6 14 170 M M 0 23 170
25 84 57 71 23 0 6 0.00 M M 9.5 15 240 M M 0 22 230
26 94 60 77 29 0 12 0.00 M M 9.7 15 170 M M 0 23 240
27 80 57 69 20 0 4 0.00 M M 8.7 13 180 M M 0 22 220
28 57 34 46 -3 19 0 0.00 M M 8.2 16 330 M M 0 30 340
29 46 36 41 -8 24 0 0.26 M M 5.2 14 70 M M 6 1 16 80
================================================================================
SM 1925 1319 284 28 1.74 M 240.8 M 55
================================================================================
AV 66.4 45.5 8.3 FASTST M M 2 MAX(MPH)
MISC ----> 22 180 32 180
================================================================================
NOTES:
# LAST OF SEVERAL OCCURRENCES
COLUMN 17 PEAK WIND IN M.P.H.
PRELIMINARY LOCAL CLIMATOLOGICAL DATA (WS FORM: F-6) , PAGE 2
STATION: DECATUR
MONTH: FEBRUARY
YEAR: 2024
LATITUDE: 33 15 N
LONGITUDE: 97 30 W
[TEMPERATURE DATA] [PRECIPITATION DATA] SYMBOLS USED IN COLUMN 16
AVERAGE MONTHLY: 55.9 TOTAL FOR MONTH: 1.74 1 = FOG OR MIST
DPTR FM NORMAL: 10.2 DPTR FM NORMAL: -0.84 2 = FOG REDUCING VISIBILITY
HIGHEST: 94 ON 26 GRTST 24HR 0.83 ON 11-11 TO 1/4 MILE OR LESS
LOWEST: 26 ON 18 3 = THUNDER
SNOW, ICE PELLETS, HAIL 4 = ICE PELLETS
TOTAL MONTH: M 5 = HAIL
GRTST 24HR M ON M 6 = FREEZING RAIN OR DRIZZLE
GRTST DEPTH: M ON M 7 = DUSTSTORM OR SANDSTORM:
VSBY 1/2 MILE OR LESS
8 = SMOKE OR HAZE
[NO. OF DAYS WITH] [WEATHER - DAYS WITH] 9 = BLOWING SNOW
X = TORNADO
MAX 32 OR BELOW: 0 0.01 INCH OR MORE: 5
MAX 90 OR ABOVE: 1 0.10 INCH OR MORE: 3
MIN 32 OR BELOW: 2 0.50 INCH OR MORE: 2
MIN 0 OR BELOW: 0 1.00 INCH OR MORE: 0
[HDD (BASE 65) ]
TOTAL THIS MO. 284 CLEAR (SCALE 0-3) 20
DPTR FM NORMAL -258 PTCLDY (SCALE 4-7) 7
TOTAL FM JUL 1 1813 CLOUDY (SCALE 8-10) 2
DPTR FM NORMAL -620
[CDD (BASE 65) ]
TOTAL THIS MO. 28
DPTR FM NORMAL 26 [PRESSURE DATA]
TOTAL FM JAN 1 28 HIGHEST SLP M ON M
DPTR FM NORMAL 26 LOWEST SLP M ON M
[REMARKS]
#FINAL-02-24#