000
CXUS54 KFWD 010831
CF6LUD
PRELIMINARY LOCAL CLIMATOLOGICAL DATA (WS FORM: F-6)
STATION: DECATUR
MONTH: NOVEMBER
YEAR: 2023
LATITUDE: 33 15 N
LONGITUDE: 97 30 W
TEMPERATURE IN F: :PCPN: SNOW: WIND :SUNSHINE: SKY :PK WND
================================================================================
1 2 3 4 5 6A 6B 7 8 9 10 11 12 13 14 15 16 17 18
12Z AVG MX 2MIN
DY MAX MIN AVG DEP HDD CDD WTR SNW DPTH SPD SPD DIR MIN PSBL S-S WX SPD DR
================================================================================
1 56 30 43 -16 22 0 0.00 M M 4.3 6 140 M M 0 M M
2 63 38 51 -8 14 0 0.00 M M 8.2 14 160 M M 0 21 170
3 72 48 60 2 5 0 0.00 M M 9.9 16 170 M M 0 21 170
4 74 55 65 7 0 0 0.00 M M 8.9 14 170 M M 2 1 17 170
5 79 61 70 12 0 5 0.00 M M 9.5 13 170 M M 1 20 200
6 83 62 73 16 0 8 0.00 M M 11.7 16 190 M M 0 21 210
7 86 63 75 18 0 10 0.00 M M 10.1 17 170 M M 0 24 170
8 86 65 76 20 0 11 0.00 M M 9.0 12 180 M M 0 17 230
9 66 48 57 1 8 0 0.25 M M 9.0 15 50 M M 8 1 23 20
10 62 45 54 -2 11 0 0.00 M M 6.4 12 70 M M 2 17 60
11 65 49 57 2 8 0 0.00 M M 3.6 9 70 M M 4 8 M M
12 66 48 57 2 8 0 0.00 M M 1.5 5 120 M M 0 M M
13 69 48 59 5 6 0 0.00 M M 3.7 9 90 M M 0 16 70
14 68 49 59 5 6 0 0.00 M M 1.8 6 170 M M 1 M M
15 71 50 61 7 4 0 0.00 M M 2.3 7 120 M M 0 18 M M
16 62 51 57 4 8 0 0.00 M M 7.7 12 180 M M 5 12 16 160
17 60 55 58 5 7 0 0.00 M M 5.4 10 160 M M 9 1 17 160
18 68 48 58 6 7 0 0.00 M M 1.6 6 160 M M 2 1 M M
19 64 52 58 6 7 0 0.04 M M 8.8 16 170 M M 8 1 25 170
20 68 51 60 8 5 0 0.00 M M 8.6 14 180 M M 5 23 180
21 57 40 49 -2 16 0 0.00 M M 9.9 16 330 M M 7 29 340
22 61 35 48 -3 17 0 0.00 M M 2.7 6 320 M M 0 M M
23 66 43 55 5 10 0 0.00 M M 5.8 10 180 M M 0 M M
24 62 38 50 0 15 0 0.00 M M 3.6 7 80 M M 0 1 M M
25 59 38 49 0 16 0 0.11 M M 6.1 14 140 M M 4 1 18 140
26 49 30 40 -9 25 0 0.00 M M 7.4 13 320 M M 1 1 21 320
27 53 31 42 -7 23 0 0.00 M M 1.5 5 20 M M 0 M M
28 61 40 51 3 14 0 0.00 M M 5.7 12 180 M M 0 M M
29 63 43 53 5 12 0 0.00 M M 8.8 14 180 M M 3 21 180
30 60 49 55 8 10 0 0.07 M M 6.9 14 170 M M 9 12 16 170
================================================================================
SM 1979 1403 284 34 0.47 M 190.5 M 71
================================================================================
AV 66.0 46.8 6.4 FASTST M M 2 MAX(MPH)
MISC ----> 17 170 29 340
================================================================================
NOTES:
# LAST OF SEVERAL OCCURRENCES
COLUMN 17 PEAK WIND IN M.P.H.
PRELIMINARY LOCAL CLIMATOLOGICAL DATA (WS FORM: F-6) , PAGE 2
STATION: DECATUR
MONTH: NOVEMBER
YEAR: 2023
LATITUDE: 33 15 N
LONGITUDE: 97 30 W
[TEMPERATURE DATA] [PRECIPITATION DATA] SYMBOLS USED IN COLUMN 16
AVERAGE MONTHLY: 56.4 TOTAL FOR MONTH: 0.47 1 = FOG OR MIST
DPTR FM NORMAL: 3.0 DPTR FM NORMAL: -2.39 2 = FOG REDUCING VISIBILITY
HIGHEST: 86 ON 8, 7 GRTST 24HR 0.25 ON 9- 9 TO 1/4 MILE OR LESS
LOWEST: 30 ON 26, 1 3 = THUNDER
SNOW, ICE PELLETS, HAIL 4 = ICE PELLETS
TOTAL MONTH: M 5 = HAIL
GRTST 24HR M ON M 6 = FREEZING RAIN OR DRIZZLE
GRTST DEPTH: M ON M 7 = DUSTSTORM OR SANDSTORM:
VSBY 1/2 MILE OR LESS
8 = SMOKE OR HAZE
[NO. OF DAYS WITH] [WEATHER - DAYS WITH] 9 = BLOWING SNOW
X = TORNADO
MAX 32 OR BELOW: 0 0.01 INCH OR MORE: 4
MAX 90 OR ABOVE: 0 0.10 INCH OR MORE: 2
MIN 32 OR BELOW: 3 0.50 INCH OR MORE: 0
MIN 0 OR BELOW: 0 1.00 INCH OR MORE: 0
[HDD (BASE 65) ]
TOTAL THIS MO. 284 CLEAR (SCALE 0-3) 20
DPTR FM NORMAL -73 PTCLDY (SCALE 4-7) 8
TOTAL FM JUL 1 390 CLOUDY (SCALE 8-10) 2
DPTR FM NORMAL -89
[CDD (BASE 65) ]
TOTAL THIS MO. 34
DPTR FM NORMAL 27 [PRESSURE DATA]
TOTAL FM JAN 1 3239 HIGHEST SLP M ON M
DPTR FM NORMAL 1146 LOWEST SLP M ON M
[REMARKS]
#FINAL-11-23#