000
CXUS53 KTOP 011519
CLMLWC
CLIMATE REPORT
NATIONAL WEATHER SERVICE TOPEKA KS
1019 AM CDT MON MAY 01 2023
...................................
...THE LAWRENCE KS CLIMATE SUMMARY FOR THE MONTH OF APRIL 2023...
CLIMATE NORMAL PERIOD 1991 TO 2020
CLIMATE RECORD PERIOD 9999 TO 9999
WEATHER OBSERVED NORMAL DEPART LAST YEAR`S
VALUE DATE(S) VALUE FROM VALUE
NORMAL
..............................................................
TEMPERATURE (F)
HIGHEST 87 04/04 86
LOWEST 22 04/06 22
AVG. MAXIMUM 71.2 67.7 3.5 67.5
AVG. MINIMUM 39.6 41.8 -2.2 40.1
MEAN 55.4 54.8 0.6 53.8
DAYS MAX >= 90 0 0.2 -0.2 0
DAYS MAX <= 32 0 0.0 0.0 0
DAYS MIN <= 32 8 5.4 2.6 8
DAYS MIN <= 0 0 0.0 0.0 0
PRECIPITATION (INCHES)
TOTALS 2.41 4.03 -1.62 1.67
DAILY AVG. 0.08 0.06
DAYS >= .01 6 10
DAYS >= .10 5 4
DAYS >= .50 2 1
DAYS >= 1.00 1 0
GREATEST
24 HR. TOTAL 1.21 04/19 TO 04/20 0.75
DEGREE DAYS
HEATING TOTAL 296 327 -31 348
SINCE 7/1 4751 4892 -141 MM
COOLING TOTAL 14 20 -6 21
SINCE 1/1 14 24 -10 MM
..............................................................
WIND (MPH)
AVERAGE WIND SPEED 11.0
HIGHEST WIND SPEED/DIRECTION 44/300 DATE 04/01
HIGHEST GUST SPEED/DIRECTION 56/300 DATE 04/01
SKY COVER
POSSIBLE SUNSHINE (PERCENT) MM
AVERAGE SKY COVER 0.24
NUMBER OF DAYS FAIR 24
NUMBER OF DAYS PC 2
NUMBER OF DAYS CLOUDY 4
AVERAGE RH (PERCENT) 57
WEATHER CONDITIONS. NUMBER OF DAYS WITH
THUNDERSTORM 8 MIXED PRECIP 0
HEAVY RAIN 5 RAIN 5
LIGHT RAIN 8 FREEZING RAIN 0
LT FREEZING RAIN 0 HAIL 0
HEAVY SNOW 0 SNOW 0
LIGHT SNOW 0 SLEET 0
FOG 14 FOG W/VIS <= 1/4 MILE 1
HAZE 27
- INDICATES NEGATIVE NUMBERS.
R INDICATES RECORD WAS SET OR TIED.
MM INDICATES DATA IS MISSING.
T INDICATES TRACE AMOUNT.
$$