000
CXUS53 KTOP 011431
CLMLWC
CLIMATE REPORT
NATIONAL WEATHER SERVICE TOPEKA KS
931 AM CDT WED NOV 01 2023
...................................
...THE LAWRENCE KS CLIMATE SUMMARY FOR THE MONTH OF OCTOBER 2023...
CLIMATE NORMAL PERIOD 1991 TO 2020
CLIMATE RECORD PERIOD 9999 TO 9999
WEATHER OBSERVED NORMAL DEPART LAST YEAR`S
VALUE DATE(S) VALUE FROM VALUE
NORMAL
..............................................................
TEMPERATURE (F)
HIGHEST 93 10/01 87
LOWEST 18 10/31 15
AVG. MAXIMUM 71.7 69.4 2.3 73.7
AVG. MINIMUM 44.7 43.6 1.1 37.7
MEAN 58.2 56.5 1.7 55.7
DAYS MAX >= 90 2 0.5 1.5 0
DAYS MAX <= 32 0 0.0 0.0 0
DAYS MIN <= 32 7 4.7 2.3 11
DAYS MIN <= 0 0 0.0 0.0 0
PRECIPITATION (INCHES)
TOTALS 3.67 2.89 0.78 1.34
DAILY AVG. 0.12 0.04
DAYS >= .01 9 3
DAYS >= .10 4 2
DAYS >= .50 3 1
DAYS >= 1.00 2 0
GREATEST
24 HR. TOTAL 2.58 10/24 TO 10/25 0.92
DEGREE DAYS
HEATING TOTAL 274 294 -20 314
SINCE 7/1 278 355 -77 MM
COOLING TOTAL 70 31 39 32
SINCE 1/1 1673 1461 212 MM
..............................................................
WIND (MPH)
AVERAGE WIND SPEED 8.7
HIGHEST WIND SPEED/DIRECTION 30/340 DATE 10/06
HIGHEST GUST SPEED/DIRECTION 44/340 DATE 10/06
SKY COVER
POSSIBLE SUNSHINE (PERCENT) MM
AVERAGE SKY COVER 0.30
NUMBER OF DAYS FAIR 21
NUMBER OF DAYS PC 3
NUMBER OF DAYS CLOUDY 7
AVERAGE RH (PERCENT) 66
WEATHER CONDITIONS. NUMBER OF DAYS WITH
THUNDERSTORM 3 MIXED PRECIP 0
HEAVY RAIN 4 RAIN 4
LIGHT RAIN 14 FREEZING RAIN 0
LT FREEZING RAIN 0 HAIL 0
HEAVY SNOW 0 SNOW 0
LIGHT SNOW 0 SLEET 0
FOG 18 FOG W/VIS <= 1/4 MILE 0
HAZE 16
- INDICATES NEGATIVE NUMBERS.
R INDICATES RECORD WAS SET OR TIED.
MM INDICATES DATA IS MISSING.
T INDICATES TRACE AMOUNT.
$$