000
CXUS53 KDMX 030246
CF6LWD
PRELIMINARY LOCAL CLIMATOLOGICAL DATA (WS FORM: F-6)
STATION: LAMONI IA
MONTH: JUNE
YEAR: 2021
LATITUDE: 40 37 N
LONGITUDE: 93 56 W
TEMPERATURE IN F: :PCPN: SNOW: WIND :SUNSHINE: SKY :PK WND
================================================================================
1 2 3 4 5 6A 6B 7 8 9 10 11 12 13 14 15 16 17 18
12Z AVG MX 2MIN
DY MAX MIN AVG DEP HDD CDD WTR SNW DPTH SPD SPD DIR MIN PSBL S-S WX SPD DR
================================================================================
1 76 49 63 -5 2 0 0.00 0.0 0 2.8 9 140 M M 5 12 13 150
2 77 52 65 -3 0 0 0.00 0.0 0 3.6 12 140 M M 3 1 19 260
3 83 57 70 1 0 5 0.00 0.0 0 7.2 17 280 M M 1 27 270
4 84 58 71 2 0 6 0.00 0.0 0 9.1 20 250 M M 0 32 260
5 87 65 76 7 0 11 0.00 0.0 0 11.2 21 210 M M 0 36 260
6 83 63 73 3 0 8 0.00 0.0 0 9.5 20 180 M M 2 32 170
7 86 66 76 6 0 11 0.00 0.0 0 7.6 15 140 M M 1 25 110
8 86 64 75 5 0 10 T 0.0 0 5.2 15 150 M M 1 1 23 90
9 89 66 78 8 0 13 0.00 0.0 0 4.8 9 60 M M 0 1 20 160
10 91 70 81 10 0 16 0.00 0.0 0 6.3 15 250 M M 0 22 260
11 90 71 81 10 0 16 T 0.0 0 9.4 23 10 M M 2 39 290
12 86 64 75 4 0 10 0.00 0.0 0 9.6 21 10 M M 0 30 10
13 91 59 75 3 0 10 0.00 0.0 0 6.1 17 290 M M 0 23 260
14 90 66 78 6 0 13 0.00 0.0 0 6.6 12 320 M M 0 26 270
15 90 61 76 4 0 11 0.00 0.0 0 4.9 16 290 M M 0 24 270
16 90 63 77 5 0 12 0.04 0.0 0 7.8 30 320 M M 0 3 49 310
17 94 69 82 10 0 17 0.03 0.0 0 11.2 30 230 M M 1 3 50 240
18 91 71 81 8 0 16 0.13 0.0 0 10.1 18 30 M M 2 3 33 250
19 91 70 81 8 0 16 0.00 0.0 0 12.7 17 300 M M 0 13 25 290
20 88 63 76 3 0 11 1.84 0.0 0 19.7 35 330 M M 4 123 53 240
21 74 55 65 -8 0 0 0.00 0.0 0 21.3 37 300 M M 1 49 300
22 85 53 69 -5 0 4 0.00 0.0 0 M M M M M 1 M M
23 86 63 75 1 0 10 0.00 0.0 0 16.8 28 250 M M 0 39 180
24 84 69 77 3 0 12 2.12 0.0 0 10.4 26 10 M M 6 13 35 20
25 83 68 76 2 0 11 0.04 0.0 0 6.2 16 170 M M 7 1 26 160
26 81 66 74 0 0 9 0.17 0.0 0 10.6 23 290 M M 8 1 30 290
27 79 62 71 -3 0 6 0.00 0.0 0 4.3 8 300 M M 1 1 11 290
28 80 68 74 0 0 9 T 0.0 0 3.0 9 170 M M 3 13 160
29 78 69 74 -1 0 9 0.49 0.0 0 5.7 10 180 M M 5 1 14 180
30 82 69 76 1 0 11 0.04 0.0 0 3.8 14 210 M M 5 1 18 10
================================================================================
SM 2555 1909 2 293 4.90 0.0 247.5 M 59
================================================================================
AV 85.2 63.6 8.5 FASTST M M 2 MAX(MPH)
MISC ----> 37 300 53 240
================================================================================
NOTES:
# LAST OF SEVERAL OCCURRENCES
COLUMN 17 PEAK WIND IN M.P.H.
PRELIMINARY LOCAL CLIMATOLOGICAL DATA (WS FORM: F-6) , PAGE 2
STATION: LAMONI IA
MONTH: JUNE
YEAR: 2021
LATITUDE: 40 37 N
LONGITUDE: 93 56 W
[TEMPERATURE DATA] [PRECIPITATION DATA] SYMBOLS USED IN COLUMN 16
AVERAGE MONTHLY: 74.4 TOTAL FOR MONTH: 4.90 1 = FOG OR MIST
DPTR FM NORMAL: 2.6 DPTR FM NORMAL: 0.09 2 = FOG REDUCING VISIBILITY
HIGHEST: 94 ON 17 GRTST 24HR 2.13 ON 24-25 TO 1/4 MILE OR LESS
LOWEST: 49 ON 1 3 = THUNDER
SNOW, ICE PELLETS, HAIL 4 = ICE PELLETS
TOTAL MONTH: 0.0 INCH 5 = HAIL
GRTST 24HR 0.0 6 = FREEZING RAIN OR DRIZZLE
GRTST DEPTH: 0 7 = DUSTSTORM OR SANDSTORM:
VSBY 1/2 MILE OR LESS
8 = SMOKE OR HAZE
[NO. OF DAYS WITH] [WEATHER - DAYS WITH] 9 = BLOWING SNOW
X = TORNADO
MAX 32 OR BELOW: 0 0.01 INCH OR MORE: 9
MAX 90 OR ABOVE: 9 0.10 INCH OR MORE: 5
MIN 32 OR BELOW: 0 0.50 INCH OR MORE: 2
MIN 0 OR BELOW: 0 1.00 INCH OR MORE: 2
[HDD (BASE 65) ]
TOTAL THIS MO. 2 CLEAR (SCALE 0-3) 23
DPTR FM NORMAL -13 PTCLDY (SCALE 4-7) 7
TOTAL FM JUL 1 5895 CLOUDY (SCALE 8-10) 0
DPTR FM NORMAL 4
[CDD (BASE 65) ]
TOTAL THIS MO. 293
DPTR FM NORMAL 73 [PRESSURE DATA]
TOTAL FM JAN 1 367 HIGHEST SLP 30.22 ON 1
DPTR FM NORMAL 73 LOWEST SLP 29.52 ON 20
[REMARKS]
#FINAL-06-21#