000
CXUS53 KDMX 081429
CF6LWD
PRELIMINARY LOCAL CLIMATOLOGICAL DATA (WS FORM: F-6)
STATION: LAMONI IA
MONTH: OCTOBER
YEAR: 2023
LATITUDE: 40 37 N
LONGITUDE: 93 56 W
TEMPERATURE IN F: :PCPN: SNOW: WIND :SUNSHINE: SKY :PK WND
================================================================================
1 2 3 4 5 6A 6B 7 8 9 10 11 12 13 14 15 16 17 18
12Z AVG MX 2MIN
DY MAX MIN AVG DEP HDD CDD WTR SNW DPTH SPD SPD DIR MIN PSBL S-S WX SPD DR
================================================================================
1 90 64 77 17 0 12 0.00 0.0 0 7.2 15 170 M M 0 22 170
2 87 63 75 15 0 10 0.00 0.0 0 6.9 13 170 M M 1 19 180
3 83 64 74 15 0 9 T 0.0 0 11.6 25 190 M M 2 38 35 190
4 75 58 67 8 0 2 0.18 0.0 0 7.8 15 170 M M 3 13 24 170
5 75 47 61 3 4 0 0.00 0.0 0 9.5 22 320 M M 0 29 350
6 58 40 49 -9 16 0 0.01 0.0 0 14.1 31 310 M M 4 48 330
7 61 35 48 -10 17 0 0.00 0.0 0 8.2 17 290 M M 0 8 24 310
8 75 41 58 1 7 0 0.00 0.0 0 6.8 15 330 M M 1 21 340
9 65 40 53 -4 12 0 0.00 0.0 0 6.1 20 350 M M 1 25 350
10 69 37 53 -3 12 0 0.00 0.0 0 3.5 12 280 M M 1 15 270
11 79 50 65 9 0 0 0.07 0.0 0 7.1 17 180 M M 4 3 24 180
12 76 52 64 9 1 0 T 0.0 0 10.0 20 150 M M 6 32 180
13 65 50 58 3 7 0 T 0.0 0 13.2 22 230 M M 10 1 30 240
14 54 49 52 -3 13 0 0.01 0.0 0 11.7 20 350 M M 10 1 28 360
15 55 40 48 -6 17 0 0.01 0.0 0 11.3 21 360 M M 8 29 360
16 66 37 52 -2 13 0 0.00 0.0 0 7.6 16 340 M M 0 25 350
17 69 39 54 1 11 0 0.00 0.0 0 7.7 15 200 M M 0 20 200
18 69 48 59 6 6 0 T 0.0 0 10.4 18 270 M M 4 26 260
19 67 47 57 5 8 0 T 0.0 0 10.4 21 300 M M 6 1 27 290
20 76 43 60 8 5 0 0.00 0.0 0 7.0 14 330 M M 0 19 300
21 72 47 60 8 5 0 0.00 0.0 0 10.7 21 330 M M 0 28 340
22 67 39 53 2 12 0 0.00 0.0 0 6.5 14 140 M M 0 24 130
23 80 54 67 16 0 2 0.00 0.0 0 11.3 20 200 M M 0 28 180
24 73 60 67 17 0 2 0.03 0.0 0 12.7 23 200 M M 6 1 34 190
25 66 60 63 13 2 0 0.35 0.0 0 4.6 15 150 M M 10 123 24 150
26 70 64 67 18 0 2 1.02 0.0 0 8.9 20 210 M M 7 13 27 230
27 65 31 48 -1 17 0 T 0.0 0 13.8 23 340 M M 6 1 33 350
28 45 28 37 -11 28 0 T 0.0 0 11.7 20 20 M M 6 28 30
29 36 25 31 -17 34 0 T M 0 12.7 18 360 M M 8 27 20
30 40 21 31 -17 34 0 0.00 0.0 0 9.3 15 220 M M 0 22 290
31 37 20 29 -18 36 0 0.00 0.0 0 14.7 30 320 M M 1 42 320
================================================================================
SM 2065 1393 317 39 1.68 0.0 295.0 M 105
================================================================================
AV 66.6 44.9 9.5 FASTST M M 3 MAX(MPH)
MISC ----> 31 310 48 330
================================================================================
NOTES:
# LAST OF SEVERAL OCCURRENCES
COLUMN 17 PEAK WIND IN M.P.H.
PRELIMINARY LOCAL CLIMATOLOGICAL DATA (WS FORM: F-6) , PAGE 2
STATION: LAMONI IA
MONTH: OCTOBER
YEAR: 2023
LATITUDE: 40 37 N
LONGITUDE: 93 56 W
[TEMPERATURE DATA] [PRECIPITATION DATA] SYMBOLS USED IN COLUMN 16
AVERAGE MONTHLY: 55.8 TOTAL FOR MONTH: 1.68 1 = FOG OR MIST
DPTR FM NORMAL: 2.2 DPTR FM NORMAL: -1.14 2 = FOG REDUCING VISIBILITY
HIGHEST: 90 ON 1 GRTST 24HR 1.36 ON 25-26 TO 1/4 MILE OR LESS
LOWEST: 20 ON 31 3 = THUNDER
SNOW, ICE PELLETS, HAIL 4 = ICE PELLETS
TOTAL MONTH: 0.0 INCH 5 = HAIL
GRTST 24HR 0.0 6 = FREEZING RAIN OR DRIZZLE
GRTST DEPTH: 0 7 = DUSTSTORM OR SANDSTORM:
VSBY 1/2 MILE OR LESS
8 = SMOKE OR HAZE
[NO. OF DAYS WITH] [WEATHER - DAYS WITH] 9 = BLOWING SNOW
X = TORNADO
MAX 32 OR BELOW: 0 0.01 INCH OR MORE: 8
MAX 90 OR ABOVE: 1 0.10 INCH OR MORE: 3
MIN 32 OR BELOW: 5 0.50 INCH OR MORE: 1
MIN 0 OR BELOW: 0 1.00 INCH OR MORE: 1
[HDD (BASE 65) ]
TOTAL THIS MO. 317 CLEAR (SCALE 0-3) 17
DPTR FM NORMAL -51 PTCLDY (SCALE 4-7) 11
TOTAL FM JUL 1 323 CLOUDY (SCALE 8-10) 3
DPTR FM NORMAL -137
[CDD (BASE 65) ]
TOTAL THIS MO. 39
DPTR FM NORMAL 23 [PRESSURE DATA]
TOTAL FM JAN 1 1126 HIGHEST SLP 30.50 ON 31
DPTR FM NORMAL 88 LOWEST SLP 29.51 ON 13
[REMARKS]
#FINAL-10-23#