000
CXUS56 KOTX 040336
CF6LWS
PRELIMINARY LOCAL CLIMATOLOGICAL DATA (WS FORM: F-6)
STATION: LEWISTON ID AIRPORT
MONTH: FEBRUARY
YEAR: 2022
LATITUDE: 46 22 N
LONGITUDE: 117 1 W
TEMPERATURE IN F: :PCPN: SNOW: WIND :SUNSHINE: SKY :PK WND
================================================================================
1 2 3 4 5 6A 6B 7 8 9 10 11 12 13 14 15 16 17 18
12Z AVG MX 2MIN
DY MAX MIN AVG DEP HDD CDD WTR SNW DPTH SPD SPD DIR MIN PSBL S-S WX SPD DR
================================================================================
1 43 28 36 -2 29 0 T T 0 4.1 17 300 M M 8 1 23 300
2 32 21 27 -11 38 0 0.07 1.0 0 5.7 13 90 M M 6 1 15 90
3 36 26 31 -7 34 0 0.03 0.5 2 2.1 12 60 M M 9 1 14 60
4 45 33 39 1 26 0 0.00 0.0 0 12.3 29 190 M M 4 36 180
5 53 33 43 5 22 0 0.00 0.0 0 2.7 12 210 M M 1 14 210
6 50 32 41 3 24 0 0.00 0.0 0 5.9 15 130 M M 0 22 140
7 61 38 50 12 15 0 0.00 0.0 0 10.7 30 180 M M 0 36 180
8 51 31 41 3 24 0 0.00 0.0 0 3.6 9 70 M M 2 11 60
9 56 36 46 8 19 0 0.00 0.0 0 1.8 10 130 M M 4 12 120
10 58 34 46 8 19 0 0.00 0.0 0 3.3 10 160 M M 0 11 30
11 53 31 42 3 23 0 0.00 0.0 0 1.8 8 150 M M 0 10 340
12 50 28 39 0 26 0 0.00 0.0 0 4.1 8 350 M M 0 10 80
13 52 27 40 1 25 0 0.00 0.0 0 3.7 18 120 M M 0 22 130
14 49 36 43 4 22 0 0.09 0.0 0 5.6 20 110 M M 5 1 23 110
15 45 36 41 2 24 0 0.01 0.0 0 2.3 10 190 M M 9 1 12 190
16 51 35 43 4 22 0 T 0.0 0 7.3 18 320 M M 7 22 310
17 52 28 40 0 25 0 0.00 0.0 0 5.5 12 80 M M 2 14 140
18 55 30 43 3 22 0 0.00 0.0 0 3.0 9 350 M M 0 11 340
19 57 34 46 6 19 0 0.00 0.0 0 5.9 28 230 M M 3 36 230
20 49 34 42 2 23 0 0.01 0.0 0 5.8 33 260 M M 7 42 260
21 42 24 33 -7 32 0 T T 0 9.0 23 50 M M 9 1 28 60
22 28 15 22 -18 43 0 0.00 0.0 0 10.0 21 60 M M 4 29 50
23 26 9 18 -23 47 0 0.00 0.0 0 4.9 13 280 M M 3 16 280
24 27 14 21 -20 44 0 0.07 0.8 0 2.6 10 260 M M 8 18 12 260
25 34 10 22 -19 43 0 0.00 0.0 0 3.4 8 100 M M 0 13 340
26 46 21 34 -7 31 0 0.00 0.0 0 13.7 25 170 M M 0 32 170
27 48 36 42 0 23 0 0.04 T 0 15.3 32 170 M M 9 38 170
28 55 39 47 5 18 0 T 0.0 0 21.8 35 200 M M 10 43 190
================================================================================
SM 1304 799 762 0 0.32 2.3 177.9 M 110
================================================================================
AV 46.6 28.5 6.4 FASTST M M 4 MAX(MPH)
MISC ----> 35 200 43 190
================================================================================
NOTES:
# LAST OF SEVERAL OCCURRENCES
COLUMN 17 PEAK WIND IN M.P.H.
PRELIMINARY LOCAL CLIMATOLOGICAL DATA (WS FORM: F-6) , PAGE 2
STATION: LEWISTON ID AIRPORT
MONTH: FEBRUARY
YEAR: 2022
LATITUDE: 46 22 N
LONGITUDE: 117 1 W
[TEMPERATURE DATA] [PRECIPITATION DATA] SYMBOLS USED IN COLUMN 16
AVERAGE MONTHLY: 37.6 TOTAL FOR MONTH: 0.32 1 = FOG OR MIST
DPTR FM NORMAL: -1.7 DPTR FM NORMAL: -0.72 2 = FOG REDUCING VISIBILITY
HIGHEST: 61 ON 7 GRTST 24HR 0.10 ON 14-15 TO 1/4 MILE OR LESS
LOWEST: 9 ON 23 3 = THUNDER
SNOW, ICE PELLETS, HAIL 4 = ICE PELLETS
TOTAL MONTH: 2.3 INCHES 5 = HAIL
GRTST 24HR 1.0 ON 2- 2 6 = FREEZING RAIN OR DRIZZLE
GRTST DEPTH: 2 ON 3 7 = DUSTSTORM OR SANDSTORM:
VSBY 1/2 MILE OR LESS
8 = SMOKE OR HAZE
[NO. OF DAYS WITH] [WEATHER - DAYS WITH] 9 = BLOWING SNOW
X = TORNADO
MAX 32 OR BELOW: 4 0.01 INCH OR MORE: 7
MAX 90 OR ABOVE: 0 0.10 INCH OR MORE: 0
MIN 32 OR BELOW: 16 0.50 INCH OR MORE: 0
MIN 0 OR BELOW: 0 1.00 INCH OR MORE: 0
[HDD (BASE 65) ]
TOTAL THIS MO. 762 CLEAR (SCALE 0-3) 14
DPTR FM NORMAL 44 PTCLDY (SCALE 4-7) 9
TOTAL FM JUL 1 3556 CLOUDY (SCALE 8-10) 5
DPTR FM NORMAL -162
[CDD (BASE 65) ]
TOTAL THIS MO. 0
DPTR FM NORMAL 0 [PRESSURE DATA]
TOTAL FM JAN 1 0 HIGHEST SLP 30.64 ON 25
DPTR FM NORMAL 0 LOWEST SLP 29.77 ON 20
[REMARKS]
#FINAL-02-22#