000
CXUS56 KTFX 012139
CF6LWT
PRELIMINARY LOCAL CLIMATOLOGICAL DATA (WS FORM: F-6)
STATION: LEWISTOWN MT
MONTH: JUNE
YEAR: 2020
LATITUDE: 47 2 N
LONGITUDE: 109 28 W
TEMPERATURE IN F: :PCPN: SNOW: WIND :SUNSHINE: SKY :PK WND
================================================================================
1 2 3 4 5 6A 6B 7 8 9 10 11 12 13 14 15 16 17 18
12Z AVG MX 2MIN
DY MAX MIN AVG DEP HDD CDD WTR SNW DPTH SPD SPD DIR MIN PSBL S-S WX SPD DR
================================================================================
1 75 44 60 6 5 0 0.17 0.0 0 5.7 20 270 M M 3 13 26 270
2 73 44 59 4 6 0 T 0.0 0 5.5 13 220 M M 1 22 30
3 72 50 61 6 4 0 0.00 0.0 0 10.6 24 290 M M 0 32 290
4 69 39 54 -1 11 0 0.00 0.0 0 6.0 15 350 M M 1 21 330
5 78 41 60 5 5 0 T 0.0 0 14.5 25 110 M M 1 3 32 110
6 67 48 58 2 7 0 0.59 0.0 0 8.6 29 290 M M 5 1 40 290
7 67 45 56 0 9 0 0.15 0.0 0 12.9 32 280 M M 6 1 39 270
8 54 42 48 -8 17 0 0.15 0.0 0 8.6 22 220 M M 7 13 27 220
9 61 38 50 -6 15 0 0.00 0.0 0 11.1 20 280 M M 5 26 290
10 68 40 54 -3 11 0 0.00 0.0 0 9.6 24 290 M M 2 32 280
11 77 42 60 3 5 0 T 0.0 0 7.2 22 180 M M 0 29 160
12 87 57 72 15 0 7 0.00 0.0 0 9.5 21 100 M M 0 25 150
13 88 59 74 17 0 9 0.00 0.0 0 10.2 36 220 M M 0 48 220
14 65 43 54 -4 11 0 0.04 0.0 0 10.4 30 240 M M 4 37 240
15 73 41 57 -1 8 0 T 0.0 0 14.1 29 230 M M 3 38 240
16 54 43 49 -9 16 0 0.12 0.0 0 7.4 16 310 M M 7 1 22 320
17 54 40 47 -11 18 0 0.53 0.0 0 8.8 16 250 M M 9 1 24 310
18 57 43 50 -9 15 0 0.25 0.0 0 12.2 22 300 M M 7 1 30 300
19 65 42 54 -5 11 0 0.09 0.0 0 4.7 16 330 M M 4 13 27 270
20 75 42 59 0 6 0 T 0.0 0 7.9 18 230 M M 4 24 230
21 73 54 64 4 1 0 0.04 0.0 0 8.3 20 320 M M 7 3 28 330
22 74 46 60 0 5 0 0.00 0.0 0 4.9 10 300 M M 1 14 320
23 81 48 65 5 0 0 0.00 0.0 0 4.5 12 340 M M 0 16 300
24 84 53 69 9 0 4 0.02 0.0 0 6.7 28 270 M M 2 3 33 210
25 74 51 63 2 2 0 0.00 0.0 0 7.0 15 310 M M 1 21 310
26 85 48 67 6 0 2 0.00 0.0 0 7.5 18 240 M M 0 23 270
27 82 51 67 6 0 2 0.18 0.0 0 8.0 25 300 M M 3 13 33 300
28 62 49 56 -5 9 0 0.50 0.0 0 7.4 21 180 M M 7 1 25 180
29 57 49 53 -9 12 0 0.81 0.0 0 6.0 13 270 M M 10 1 18 270
30 67 46 57 -5 8 0 0.00 0.0 0 8.9 23 260 M M 3 29 240
================================================================================
SM 2118 1378 217 24 3.64 0.0 254.7 M 103
================================================================================
AV 70.6 45.9 8.5 FASTST M M 3 MAX(MPH)
MISC ----> 36 220 48 220
================================================================================
NOTES:
# LAST OF SEVERAL OCCURRENCES
COLUMN 17 PEAK WIND IN M.P.H.
PRELIMINARY LOCAL CLIMATOLOGICAL DATA (WS FORM: F-6) , PAGE 2
STATION: LEWISTOWN MT
MONTH: JUNE
YEAR: 2020
LATITUDE: 47 2 N
LONGITUDE: 109 28 W
[TEMPERATURE DATA] [PRECIPITATION DATA] SYMBOLS USED IN COLUMN 16
AVERAGE MONTHLY: 58.3 TOTAL FOR MONTH: 3.64 1 = FOG OR MIST
DPTR FM NORMAL: 0.2 DPTR FM NORMAL: 0.56 2 = FOG REDUCING VISIBILITY
HIGHEST: 88 ON 13 GRTST 24HR 1.30 ON 28-29 TO 1/4 MILE OR LESS
LOWEST: 38 ON 9 3 = THUNDER
SNOW, ICE PELLETS, HAIL 4 = ICE PELLETS
TOTAL MONTH: 0.0 INCH 5 = HAIL
GRTST 24HR 0.0 6 = FREEZING RAIN OR DRIZZLE
GRTST DEPTH: 0 7 = DUSTSTORM OR SANDSTORM:
VSBY 1/2 MILE OR LESS
8 = SMOKE OR HAZE
[NO. OF DAYS WITH] [WEATHER - DAYS WITH] 9 = BLOWING SNOW
X = TORNADO
MAX 32 OR BELOW: 0 0.01 INCH OR MORE: 14
MAX 90 OR ABOVE: 0 0.10 INCH OR MORE: 10
MIN 32 OR BELOW: 0 0.50 INCH OR MORE: 4
MIN 0 OR BELOW: 0 1.00 INCH OR MORE: 0
[HDD (BASE 65) ]
TOTAL THIS MO. 217 CLEAR (SCALE 0-3) 17
DPTR FM NORMAL -10 PTCLDY (SCALE 4-7) 11
TOTAL FM JUL 1 8477 CLOUDY (SCALE 8-10) 2
DPTR FM NORMAL 276
[CDD (BASE 65) ]
TOTAL THIS MO. 24
DPTR FM NORMAL 4 [PRESSURE DATA]
TOTAL FM JAN 1 27 HIGHEST SLP 30.19 ON 18
DPTR FM NORMAL 5 LOWEST SLP 29.36 ON 6
[REMARKS]
#FINAL-06-20#