000
CXUS53 KILX 011000
CF6LWV
PRELIMINARY LOCAL CLIMATOLOGICAL DATA (WS FORM: F-6)
STATION: LAWRENCEVILLE IL AIRPORT
MONTH: DECEMBER
YEAR: 2022
LATITUDE: 38 45 N
LONGITUDE: 87 36 W
TEMPERATURE IN F: :PCPN: SNOW: WIND :SUNSHINE: SKY :PK WND
================================================================================
1 2 3 4 5 6A 6B 7 8 9 10 11 12 13 14 15 16 17 18
12Z AVG MX 2MIN
DY MAX MIN AVG DEP HDD CDD WTR SNW DPTH SPD SPD DIR MIN PSBL S-S WX SPD DR
================================================================================
1 40 21 31 -8 34 0 0.00 M M 4.8 12 140 M M 1 14 150
2 56 36 46 7 19 0 T M M 17.7 36 190 M M 10 47 200
3 57 26 42 3 23 0 T M M 12.6 40 320 M M 3 50 320
4 41 22 32 -6 33 0 0.00 M M 5.1 13 200 M M 0 16 230
5 44 26 35 -3 30 0 0.00 M M 5.6 13 150 M M 8 1 16 160
6 51 43 47 9 18 0 0.32 M M 4.6 10 50 M M 10 13 14 30
7 48 39 44 6 21 0 0.00 M M 4.4 10 340 M M 8 12 13 340
8 46 40 43 6 22 0 0.34 M M 8.8 14 40 M M 10 1 19 30
9 53 37 45 8 20 0 0.08 M M 6.6 17 330 M M 9 12 22 330
10 44 31 38 1 27 0 T M M 2.6 10 140 M M 8 12 12 140
11 45 39 42 6 23 0 0.00 M M 5.8 13 10 M M 10 1 16 10
12 48 34 41 5 24 0 0.00 M M 7.8 14 100 M M 4 18 100
13 49 33 41 5 24 0 0.19 M M 12.9 22 110 M M 3 1 29 110
14 55 44 50 14 15 0 1.13 M M 13.3 28 290 M M 10 1 36 290
15 44 34 39 3 26 0 T M M 11.3 23 290 M M 8 1 30 250
16 36 30 33 -2 32 0 0.00 M M 11.3 24 230 M M 8 32 250
17 35 27 31 -4 34 0 T M M 10.4 21 260 M M 10 26 280
18 32 21 27 -8 38 0 T M M 7.1 21 290 M M 3 1 26 290
19 35 21 28 -6 37 0 0.00 M M 2.9 9 50 M M 4 11 50
20 48 26 37 3 28 0 0.00 M M 5.3 12 350 M M 3 14 350
21 44 26 35 1 30 0 0.00 M M 8.0 14 50 M M 0 18 17 40
22 44 -3 21 -13 44 0 M M M 15.9 36 300 M M 10 1 51 290
23 5 -6 0 -34 65 0 0.00 M M 20.5 35 300 M M 9 189 48 280
24 20 4 12 -22 53 0 0.00 M M 15.2 24 260 M M 3 32 260
25 21 8 15 -18 50 0 0.00 M M 10.8 18 270 M M 0 24 290
26 30 20 25 -8 40 0 0.01 M M 6.3 14 180 M M 10 1 18 180
27 29 20 25 -8 40 0 0.00 M M 9.0 21 180 M M 8 1 26 190
28 48 20 34 1 31 0 0.00 M M 14.8 23 170 M M 0 33 180
29 57 43 50 18 15 0 0.01 M M 15.6 22 180 M M 9 30 190
30 57 45 51 19 14 0 0.73 M M 13.8 18 170 M M 9 1 27 180
31 50 37 44 12 21 0 0.01 M M 6.0 13 320 M M 6 1 16 320
================================================================================
SM 1312 844 931 0 2.82 M 296.8 M 194
================================================================================
AV 42.3 27.2 9.6 FASTST M M 6 MAX(MPH)
MISC ----> 40 320 51 290
================================================================================
NOTES:
# LAST OF SEVERAL OCCURRENCES
COLUMN 17 PEAK WIND IN M.P.H.
PRELIMINARY LOCAL CLIMATOLOGICAL DATA (WS FORM: F-6) , PAGE 2
STATION: LAWRENCEVILLE IL AIRPORT
MONTH: DECEMBER
YEAR: 2022
LATITUDE: 38 45 N
LONGITUDE: 87 36 W
[TEMPERATURE DATA] [PRECIPITATION DATA] SYMBOLS USED IN COLUMN 16
AVERAGE MONTHLY: 34.8 TOTAL FOR MONTH: 2.82 1 = FOG OR MIST
DPTR FM NORMAL: -0.6 DPTR FM NORMAL: 0.16 2 = FOG REDUCING VISIBILITY
HIGHEST: 57 ON 30,29 GRTST 24HR 1.25 ON 13-14 TO 1/4 MILE OR LESS
LOWEST: -6 ON 23 3 = THUNDER
SNOW, ICE PELLETS, HAIL 4 = ICE PELLETS
TOTAL MONTH: M 5 = HAIL
GRTST 24HR M ON M 6 = FREEZING RAIN OR DRIZZLE
GRTST DEPTH: M ON M 7 = DUSTSTORM OR SANDSTORM:
VSBY 1/2 MILE OR LESS
8 = SMOKE OR HAZE
[NO. OF DAYS WITH] [WEATHER - DAYS WITH] 9 = BLOWING SNOW
X = TORNADO
MAX 32 OR BELOW: 6 0.01 INCH OR MORE: 9
MAX 90 OR ABOVE: 0 0.10 INCH OR MORE: 5
MIN 32 OR BELOW: 18 0.50 INCH OR MORE: 2
MIN 0 OR BELOW: 2 1.00 INCH OR MORE: 1
[HDD (BASE 65) ]
TOTAL THIS MO. 931 CLEAR (SCALE 0-3) 10
DPTR FM NORMAL 13 PTCLDY (SCALE 4-7) 8
TOTAL FM JUL 1 1846 CLOUDY (SCALE 8-10) 13
DPTR FM NORMAL 20
[CDD (BASE 65) ]
TOTAL THIS MO. 0
DPTR FM NORMAL 0 [PRESSURE DATA]
TOTAL FM JAN 1 1549 HIGHEST SLP 30.60 ON 1
DPTR FM NORMAL 170 LOWEST SLP 29.50 ON 14
[REMARKS]
#FINAL-12-22#