000
CXUS53 KGID 030216 CCA
CF6LXN
PRELIMINARY LOCAL CLIMATOLOGICAL DATA (WS FORM: F-6)
STATION: LEXINGTON NE
MONTH: JUNE
YEAR: 2022
LATITUDE: 40 47 N
LONGITUDE: 99 46 W
TEMPERATURE IN F: :PCPN: SNOW: WIND :SUNSHINE: SKY :PK WND
================================================================================
1 2 3 4 5 6A 6B 7 8 9 10 11 12 13 14 15 16 17 18
12Z AVG MX 2MIN
DY MAX MIN AVG DEP HDD CDD WTR SNW DPTH SPD SPD DIR MIN PSBL S-S WX SPD DR
================================================================================
1 68 48 58 M 7 0 0.02 M M 5.2 13 360 M M 4 M M
2 78 40 59 M 6 0 0.00 M M 4.2 13 30 M M 3 21 200
3 82 49 66 M 0 1 0.00 M M 9.9 20 170 M M 3 27 170
4 87 53 70 M 0 5 0.00 M M 8.8 23 170 M M 0 29 170
5 81 55 68 M 0 3 1.23 M M 9.3 23 160 M M 3 3 32 350
6 81 60 71 M 0 6 0.01 M M 5.7 14 60 M M 4 25 10
7 76 57 67 M 0 2 0.16 M M 6.6 17 40 M M 5 13 56 10
8 75 55 65 M 0 0 0.00 M M 9.1 20 340 M M 1 24 340
9 77 57 67 M 0 2 0.00 M M 11.9 24 180 M M 2 32 180
10 83 53 68 M 0 3 0.00 M M 6.1 14 20 M M 0 17 20
11 92 61 77 M 0 12 0.00 M M 7.9 17 220 M M 0 23 340
12 95 65 80 M 0 15 0.01 M M 10.4 16 150 M M 0 27 70
13 108 67 88 M 0 23 0.00 M M 15.6 30 170 M M 0 39 170
14 87 62 75 M 0 10 0.03 M M 13.1 27 180 M M 1 3 35 180
15 87 60 74 M 0 9 0.00 M M 9.6 16 30 M M 4 25 340
16 90 56 73 M 0 8 0.00 M M 9.2 17 60 M M 1 22 60
17 99 67 83 M 0 18 0.00 M M 11.9 17 150 M M 0 24 140
18 99 68 84 M 0 19 0.00 M M 16.4 27 170 M M 0 35 160
19 98 74 86 M 0 21 0.00 M M 21.9 32 170 M M 0 37 170
20 99 75 87 M 0 22 T M M 18.8 29 190 M M 1 38 190
21 79 63 71 M 0 6 T M M 4.9 22 340 M M 3 8 28 340
22 89 54 72 M 0 7 0.00 M M 6.9 16 150 M M 1 8 18 180
23 89 64 77 M 0 12 0.00 M M 10.9 18 170 M M 2 1 24 150
24 89 67 78 M 0 13 0.02 M M 9.8 17 160 M M 2 3 31 50
25 81 54 68 M 0 3 0.00 M M 15.0 28 360 M M 1 33 350
26 78 51 65 M 0 0 0.00 M M 3.8 9 310 M M 1 16 270
27 85 53 69 M 0 4 0.00 M M 8.8 17 210 M M 3 27 200
28 95 54 75 M 0 10 0.00 M M 9.6 16 230 M M 0 22 230
29 98 67 83 M 0 18 0.00 M M 17.3 28 170 M M 0 36 180
30 94 71 83 M 0 18 0.00 M M 10.0 21 200 M M 0 30 200
================================================================================
SM 2619 1780 13 270 1.48 M 308.6 M 45
================================================================================
AV 87.3 59.3 10.3 FASTST M M 2 MAX(MPH)
MISC ----> 32 170 M M
================================================================================
NOTES:
# LAST OF SEVERAL OCCURRENCES
COLUMN 17 PEAK WIND IN M.P.H.
PRELIMINARY LOCAL CLIMATOLOGICAL DATA (WS FORM: F-6) , PAGE 2
STATION: LEXINGTON NE
MONTH: JUNE
YEAR: 2022
LATITUDE: 40 47 N
LONGITUDE: 99 46 W
[TEMPERATURE DATA] [PRECIPITATION DATA] SYMBOLS USED IN COLUMN 16
AVERAGE MONTHLY: 73.3 TOTAL FOR MONTH: 1.48 1 = FOG OR MIST
DPTR FM NORMAL: M DPTR FM NORMAL: M 2 = FOG REDUCING VISIBILITY
HIGHEST: 108 ON 13 GRTST 24HR 1.23 ON 5- 5 TO 1/4 MILE OR LESS
LOWEST: 40 ON 2 3 = THUNDER
SNOW, ICE PELLETS, HAIL 4 = ICE PELLETS
TOTAL MONTH: M 5 = HAIL
GRTST 24HR M ON M 6 = FREEZING RAIN OR DRIZZLE
GRTST DEPTH: M ON M 7 = DUSTSTORM OR SANDSTORM:
VSBY 1/2 MILE OR LESS
8 = SMOKE OR HAZE
[NO. OF DAYS WITH] [WEATHER - DAYS WITH] 9 = BLOWING SNOW
X = TORNADO
MAX 32 OR BELOW: 0 0.01 INCH OR MORE: 7
MAX 90 OR ABOVE: 11 0.10 INCH OR MORE: 2
MIN 32 OR BELOW: 0 0.50 INCH OR MORE: 1
MIN 0 OR BELOW: 0 1.00 INCH OR MORE: 1
[HDD (BASE 65) ]
TOTAL THIS MO. 13 CLEAR (SCALE 0-3) 24
DPTR FM NORMAL M PTCLDY (SCALE 4-7) 6
TOTAL FM JUL 1 5791 CLOUDY (SCALE 8-10) 0
DPTR FM NORMAL M
[CDD (BASE 65) ]
TOTAL THIS MO. 270
DPTR FM NORMAL M [PRESSURE DATA]
TOTAL FM JAN 1 335 HIGHEST SLP M ON M
DPTR FM NORMAL M LOWEST SLP M ON M
[REMARKS]
#FINAL-06-22#