000
CXUS53 KEAX 010836
CF6LXT
PRELIMINARY LOCAL CLIMATOLOGICAL DATA (WS FORM: F-6)
STATION: LEE`S SUMMIT MO
MONTH: JANUARY
YEAR: 2022
LATITUDE: 38 57 N
LONGITUDE: 94 22 W
TEMPERATURE IN F: :PCPN: SNOW: WIND :SUNSHINE: SKY :PK WND
================================================================================
1 2 3 4 5 6A 6B 7 8 9 10 11 12 13 14 15 16 17 18
12Z AVG MX 2MIN
DY MAX MIN AVG DEP HDD CDD WTR SNW DPTH SPD SPD DIR MIN PSBL S-S WX SPD DR
================================================================================
1 33 9 21 -10 44 0 0.11 M M 16.1 23 10 M M 9 126 30 350
2 18 3 11 -20 54 0 T M M 7.9 21 340 M M 2 1 27 350
3 39 12 26 -5 39 0 0.00 M M 8.6 16 180 M M 0 22 180
4 48 30 39 8 26 0 0.00 M M 17.5 30 220 M M 0 43 220
5 30 14 22 -9 43 0 0.00 M M 13.6 26 320 M M 2 35 320
6 16 7 12 -19 53 0 T M M 11.4 22 340 M M 4 8 28 340
7 24 7 16 -14 49 0 0.00 M M 7.0 15 150 M M 1 23 150
8 42 23 33 3 32 0 0.01 M M 8.9 21 350 M M 8 18 29 160
9 35 18 27 -3 38 0 0.00 M M 10.7 24 350 M M 1 34 360
10 44 18 31 1 34 0 0.00 M M 6.9 14 230 M M 0 19 230
11 59 28 44 14 21 0 0.00 M M 13.9 30 220 M M 0 39 240
12 55 32 44 14 21 0 0.00 M M 8.8 16 280 M M 0 23 280
13 57 39 48 18 17 0 0.00 M M 7.8 18 330 M M 1 23 340
14 49 32 41 11 24 0 0.10 M M 7.0 17 330 M M 5 1 23 320
15 32 20 26 -4 39 0 M M M 14.5 25 40 M M 8 16 34 40
16 33 17 25 -5 40 0 0.00 M M 7.1 16 220 M M 7 12 21 250
17 42 26 34 4 31 0 0.00 M M 8.5 16 220 M M 1 21 190
18 55 34 45 15 20 0 0.00 M M 10.4 18 220 M M 0 26 210
19 42 10 26 -4 39 0 0.00 M M 19.7 30 10 M M 4 39 20
20 19 4 12 -18 53 0 0.00 M M 9.0 18 360 M M 0 24 350
21 25 3 14 -16 51 0 0.00 M M 6.9 12 190 M M 0 21 170
22 48 20 34 4 31 0 0.00 M M 9.6 20 220 M M 1 29 210
23 39 34 37 7 28 0 0.00 M M 10.3 21 220 M M 4 28 220
24 55 19 37 7 28 0 0.00 M M 13.4 24 360 M M 5 34 340
25 24 9 17 -14 48 0 0.00 M M 9.5 20 10 M M 0 25 10
26 32 9 21 -10 44 0 0.00 M M 9.5 18 210 M M 2 26 210
27 43 27 35 4 30 0 T M M 10.9 22 220 M M 4 1 29 220
28 33 16 25 -6 40 0 0.00 M M 9.1 21 350 M M 3 26 350
29 54 20 37 6 28 0 0.00 M M 9.5 18 230 M M 0 25 200
30 46 28 37 6 28 0 0.00 M M 7.0 14 350 M M 0 19 340
31 64 28 46 15 19 0 0.00 M M 11.9 22 190 M M 0 32 190
================================================================================
SM 1235 596 1092 0 0.22 M 322.9 M 72
================================================================================
AV 39.8 19.2 10.4 FASTST M M 2 MAX(MPH)
MISC ----> # 30 220 43 220
================================================================================
NOTES:
# LAST OF SEVERAL OCCURRENCES
COLUMN 17 PEAK WIND IN M.P.H.
PRELIMINARY LOCAL CLIMATOLOGICAL DATA (WS FORM: F-6) , PAGE 2
STATION: LEE`S SUMMIT MO
MONTH: JANUARY
YEAR: 2022
LATITUDE: 38 57 N
LONGITUDE: 94 22 W
[TEMPERATURE DATA] [PRECIPITATION DATA] SYMBOLS USED IN COLUMN 16
AVERAGE MONTHLY: 29.5 TOTAL FOR MONTH: 0.22 1 = FOG OR MIST
DPTR FM NORMAL: -1.1 DPTR FM NORMAL: -0.74 2 = FOG REDUCING VISIBILITY
HIGHEST: 64 ON 31 GRTST 24HR 0.11 ON 1- 1 TO 1/4 MILE OR LESS
LOWEST: 3 ON 21, 2 3 = THUNDER
SNOW, ICE PELLETS, HAIL 4 = ICE PELLETS
TOTAL MONTH: M 5 = HAIL
GRTST 24HR M ON M 6 = FREEZING RAIN OR DRIZZLE
GRTST DEPTH: M ON M 7 = DUSTSTORM OR SANDSTORM:
VSBY 1/2 MILE OR LESS
8 = SMOKE OR HAZE
[NO. OF DAYS WITH] [WEATHER - DAYS WITH] 9 = BLOWING SNOW
X = TORNADO
MAX 32 OR BELOW: 9 0.01 INCH OR MORE: 3
MAX 90 OR ABOVE: 0 0.10 INCH OR MORE: 2
MIN 32 OR BELOW: 28 0.50 INCH OR MORE: 0
MIN 0 OR BELOW: 0 1.00 INCH OR MORE: 0
[HDD (BASE 65) ]
TOTAL THIS MO. 1092 CLEAR (SCALE 0-3) 21
DPTR FM NORMAL 24 PTCLDY (SCALE 4-7) 9
TOTAL FM JUL 1 2436 CLOUDY (SCALE 8-10) 1
DPTR FM NORMAL -497
[CDD (BASE 65) ]
TOTAL THIS MO. 0
DPTR FM NORMAL 0 [PRESSURE DATA]
TOTAL FM JAN 1 0 HIGHEST SLP 30.76 ON 20
DPTR FM NORMAL 0 LOWEST SLP 29.60 ON 4
[REMARKS]
#FINAL-01-22#