000
CXUS55 KPUB 281210
CF6LXV
PRELIMINARY LOCAL CLIMATOLOGICAL DATA (WS FORM: F-6)
STATION: LEADVILLE CO
MONTH: MARCH
YEAR: 2024
LATITUDE: 39 15 N
LONGITUDE: 106 18 W
TEMPERATURE IN F: :PCPN: SNOW: WIND :SUNSHINE: SKY :PK WND
================================================================================
1 2 3 4 5 6A 6B 7 8 9 10 11 12 13 14 15 16 17 18
12Z AVG MX 2MIN
DY MAX MIN AVG DEP HDD CDD WTR SNW DPTH SPD SPD DIR MIN PSBL S-S WX SPD DR
================================================================================
1 44 14 29 8 36 0 0.00 M M 7.8 24 210 M M 0 34 230
2 41 24 33 12 32 0 0.08 M M 12.9 30 190 M M 4 18 45 250
3 27 11 19 -2 46 0 0.33 M M 6.4 28 310 M M 10 128 41 320
4 30 12 21 -1 44 0 0.04 M M 8.1 21 200 M M 8 1 32 230
5 33 11 22 0 43 0 T M M 6.4 16 220 M M 5 24 210
6 37 8 23 1 42 0 0.00 M M 4.8 18 310 M M 5 24 220
7 32 5 19 -3 46 0 0.01 M M 3.7 14 350 M M 7 1 18 360
8 28 13 21 -2 44 0 0.22 M M 4.1 13 190 M M 10 128 18 360
9 37 -7 15 -8 50 0 T M M 4.6 14 260 M M 2 1 19 280
10 46 1 24 1 41 0 0.00 M M 5.8 12 270 M M 0 20 310
11 41 5 23 -1 42 0 0.00 M M 4.2 18 190 M M 3 28 250
12 39 22 31 7 34 0 0.05 M M 7.0 16 20 M M 7 1 27 10
13 35 19 27 3 38 0 0.03 M M 8.1 21 300 M M 8 18 29 310
14 24 17 21 -3 44 0 0.45 M M 8.7 17 200 M M 10 1 27 220
15 27 13 20 -4 45 0 0.01 M M 7.9 16 180 M M 7 1 21 190
16 29 3 16 -9 49 0 T M M 7.8 21 180 M M 7 1 26 190
17 31 18 25 0 40 0 T M M 5.2 16 190 M M 8 1 22 190
18 40 8 24 -1 41 0 0.00 M M 6.1 17 180 M M 3 12 20 180
19 41 8 25 -1 40 0 0.00 M M 4.5 14 160 M M 2 20 240
20 46 10 28 2 37 0 0.00 M M 4.4 17 300 M M 2 23 310
21 46 13 30 4 35 0 0.02 M M 7.2 22 260 M M 2 1 32 270
22 45 25 35 9 30 0 T M M 3.9 15 220 M M 4 21 230
23 42 23 33 7 32 0 0.04 M M 7.2 18 210 M M 5 1 29 210
24 40 16 28 1 37 0 0.56 M M 5.3 16 200 M M 7 12 23 190
25 27 1 14 -13 51 0 0.02 M M 10.4 18 10 M M 7 1 25 30
26 28 -4 12 -15 53 0 T M M 6.2 24 280 M M 5 18 33 280
27 29 4 17 -10 48 0 0.08 M M 7.6 17 300 M M 7 18 25 330
================================================================================
SM 965 293 1120 0 1.94 M 176.3 M 145
================================================================================
AV 35.7 10.9 6.5 FASTST M M 5 MAX(MPH)
MISC ----> 30 190 45 250
================================================================================
NOTES:
# LAST OF SEVERAL OCCURRENCES
COLUMN 17 PEAK WIND IN M.P.H.
PRELIMINARY LOCAL CLIMATOLOGICAL DATA (WS FORM: F-6) , PAGE 2
STATION: LEADVILLE CO
MONTH: MARCH
YEAR: 2024
LATITUDE: 39 15 N
LONGITUDE: 106 18 W
[TEMPERATURE DATA] [PRECIPITATION DATA] SYMBOLS USED IN COLUMN 16
AVERAGE MONTHLY: 23.3 TOTAL FOR MONTH: 1.94 1 = FOG OR MIST
DPTR FM NORMAL: -0.9 DPTR FM NORMAL: 1.07 2 = FOG REDUCING VISIBILITY
HIGHEST: 46 ON 21,20 GRTST 24HR 0.57 ON 23-24 TO 1/4 MILE OR LESS
LOWEST: -7 ON 9 3 = THUNDER
SNOW, ICE PELLETS, HAIL 4 = ICE PELLETS
TOTAL MONTH: M 5 = HAIL
GRTST 24HR M ON M 6 = FREEZING RAIN OR DRIZZLE
GRTST DEPTH: M ON M 7 = DUSTSTORM OR SANDSTORM:
VSBY 1/2 MILE OR LESS
8 = SMOKE OR HAZE
[NO. OF DAYS WITH] [WEATHER - DAYS WITH] 9 = BLOWING SNOW
X = TORNADO
MAX 32 OR BELOW: 11 0.01 INCH OR MORE: 14
MAX 90 OR ABOVE: 0 0.10 INCH OR MORE: 4
MIN 32 OR BELOW: 27 0.50 INCH OR MORE: 1
MIN 0 OR BELOW: 2 1.00 INCH OR MORE: 0
[HDD (BASE 65) ]
TOTAL THIS MO. 1120 CLEAR (SCALE 0-3) 7
DPTR FM NORMAL 16 PTCLDY (SCALE 4-7) 16
TOTAL FM JUL 1 7924 CLOUDY (SCALE 8-10) 4
DPTR FM NORMAL -775
[CDD (BASE 65) ]
TOTAL THIS MO. 0
DPTR FM NORMAL 0 [PRESSURE DATA]
TOTAL FM JAN 1 0 HIGHEST SLP M ON M
DPTR FM NORMAL 0 LOWEST SLP 29.05 ON 24
[REMARKS]