000
CXUS51 KRNK 230610
CF6LYH
PRELIMINARY LOCAL CLIMATOLOGICAL DATA (WS FORM: F-6)
STATION: LYNCHBURG VA
MONTH: APRIL
YEAR: 2024
LATITUDE: 37 19 N
LONGITUDE: 79 12 W
TEMPERATURE IN F: :PCPN: SNOW: WIND :SUNSHINE: SKY :PK WND
================================================================================
1 2 3 4 5 6A 6B 7 8 9 10 11 12 13 14 15 16 17 18
12Z AVG MX 2MIN
DY MAX MIN AVG DEP HDD CDD WTR SNW DPTH SPD SPD DIR MIN PSBL S-S WX SPD DR
================================================================================
1 84 48 66 14 0 1 0.17 0.0 0 7.1 18 40 M M 5 123 24 50
2 66 52 59 7 6 0 0.00 0.0 0 3.7 13 60 M M 7 12 18 60
3 66 46 56 4 9 0 1.17 0.0 0 7.2 22 40 M M 8 13 34 310
4 54 37 46 -6 19 0 0.01 0.0 0 6.9 18 220 M M 5 36 270
5 55 36 46 -7 19 0 T 0.0 0 7.0 15 290 M M 4 34 320
6 58 37 48 -5 17 0 0.00 0.0 0 5.9 14 10 M M 5 28 350
7 67 30 49 -5 16 0 0.00 0.0 0 1.3 10 260 M M 0 22 260
8 72 39 56 2 9 0 T 0.0 0 1.8 14 200 M M 4 20 210
9 71 49 60 6 5 0 T 0.0 0 4.8 14 260 M M 5 22 240
10 73 56 65 11 0 0 T 0.0 0 6.4 18 190 M M 6 26 190
11 68 59 64 9 1 0 0.64 0.0 0 11.0 35 210 M M 9 13 53 220
12 64 53 59 4 6 0 0.15 0.0 0 11.2 20 260 M M 7 1 40 290
13 70 51 61 5 4 0 0.00 0.0 0 8.5 17 300 M M 1 34 300
14 84 41 63 7 2 0 0.00 0.0 0 8.3 23 200 M M 0 32 200
15 88 56 72 16 0 7 0.00 0.0 0 6.7 20 190 M M 1 3 27 180
16 78 59 69 13 0 4 0.00 0.0 0 5.4 16 50 M M 1 24 60
17 77 56 67 10 0 2 0.00 0.0 0 6.0 14 200 M M 1 22 210
18 86 57 72 15 0 7 0.00 0.0 0 3.9 14 50 M M 0 23 60
19 65 53 59 2 6 0 0.01 0.0 0 2.5 12 150 M M 6 1 14 40
20 74 51 63 5 2 0 T 0.0 0 4.3 15 260 M M 4 1 25 310
21 54 40 47 -11 18 0 0.02 0.0 0 3.4 13 40 M M 5 21 60
22 62 37 50 -8 15 0 0.00 0.0 0 4.2 16 40 M M 0 26 20
================================================================================
SM 1536 1043 154 21 2.17 0.0 127.5 M 84
================================================================================
AV 69.8 47.4 5.8 FASTST M M 4 MAX(MPH)
MISC ----> 35 210 53 220
================================================================================
NOTES:
# LAST OF SEVERAL OCCURRENCES
COLUMN 17 PEAK WIND IN M.P.H.
PRELIMINARY LOCAL CLIMATOLOGICAL DATA (WS FORM: F-6) , PAGE 2
STATION: LYNCHBURG VA
MONTH: APRIL
YEAR: 2024
LATITUDE: 37 19 N
LONGITUDE: 79 12 W
[TEMPERATURE DATA] [PRECIPITATION DATA] SYMBOLS USED IN COLUMN 16
AVERAGE MONTHLY: 58.6 TOTAL FOR MONTH: 2.17 1 = FOG OR MIST
DPTR FM NORMAL: 3.7 DPTR FM NORMAL: -0.33 2 = FOG REDUCING VISIBILITY
HIGHEST: 88 ON 15 GRTST 24HR 1.17 ON 3- 3 TO 1/4 MILE OR LESS
LOWEST: 30 ON 7 3 = THUNDER
SNOW, ICE PELLETS, HAIL 4 = ICE PELLETS
TOTAL MONTH: 0.0 INCH 5 = HAIL
GRTST 24HR 0.0 6 = FREEZING RAIN OR DRIZZLE
GRTST DEPTH: 0 7 = DUSTSTORM OR SANDSTORM:
VSBY 1/2 MILE OR LESS
8 = SMOKE OR HAZE
[NO. OF DAYS WITH] [WEATHER - DAYS WITH] 9 = BLOWING SNOW
X = TORNADO
MAX 32 OR BELOW: 0 0.01 INCH OR MORE: 7
MAX 90 OR ABOVE: 0 0.10 INCH OR MORE: 4
MIN 32 OR BELOW: 1 0.50 INCH OR MORE: 2
MIN 0 OR BELOW: 0 1.00 INCH OR MORE: 1
[HDD (BASE 65) ]
TOTAL THIS MO. 154 CLEAR (SCALE 0-3) 8
DPTR FM NORMAL -79 PTCLDY (SCALE 4-7) 13
TOTAL FM JUL 1 3478 CLOUDY (SCALE 8-10) 1
DPTR FM NORMAL -648
[CDD (BASE 65) ]
TOTAL THIS MO. 21
DPTR FM NORMAL 12 [PRESSURE DATA]
TOTAL FM JAN 1 21 HIGHEST SLP M ON M
DPTR FM NORMAL 10 LOWEST SLP 29.24 ON 3
[REMARKS]