000
CXUS54 KLZK 011130
CF6M19
PRELIMINARY LOCAL CLIMATOLOGICAL DATA (WS FORM: F-6)
STATION: Newport Airport
MONTH: JUNE
YEAR: 2020
LATITUDE: 35 35 N
LONGITUDE: 91 16 W
TEMPERATURE IN F: :PCPN: SNOW: WIND :SUNSHINE: SKY :PK WND
================================================================================
1 2 3 4 5 6A 6B 7 8 9 10 11 12 13 14 15 16 17 18
12Z AVG MX 2MIN
DY MAX MIN AVG DEP HDD CDD WTR SNW DPTH SPD SPD DIR MIN PSBL S-S WX SPD DR
================================================================================
1 85 62 74 0 0 9 M M M 4.3 9 130 M M 0 8 M M
2 87 62 75 1 0 10 0.00 M M 5.8 13 220 M M 0 M M
3 80 70 75 0 0 10 0.34 M M 6.2 12 220 M M 2 3 M M
4 86 70 78 3 0 13 0.00 M M 7.6 17 240 M M 3 1 M M
5 93 71 82 7 0 17 0.00 M M 6.9 15 170 M M 3 1 M M
6 93 68 81 5 0 16 M M M 5.8 10 90 M M 0 8 M M
7 95 70 83 7 0 18 M M M 10.2 17 80 M M 0 1 22 70
8 83 73 78 2 0 13 0.58 M M 18.3 30 60 M M 6 1 38 70
9 88 73 81 5 0 16 0.03 M M 20.6 29 180 M M 7 13 36 200
10 76 65 71 -6 0 6 T M M 13.8 23 250 M M 3 13 33 250
11 84 60 72 -5 0 7 0.00 M M 5.3 10 360 M M 0 16 350
12 87 62 75 -2 0 10 0.00 M M 4.8 9 10 M M 0 8 M M
13 91 68 80 3 0 15 0.00 M M 4.3 10 330 M M 0 M M
14 91 69 80 2 0 15 0.00 M M 3.8 8 190 M M 1 M M
15 87 67 77 -1 0 12 0.00 M M 7.8 14 50 M M 1 M M
16 84 61 73 -5 0 8 0.00 M M 5.3 10 80 M M 0 M M
17 88 63 76 -2 0 11 0.00 M M 2.3 5 180 M M 2 M M
18 89 68 79 0 0 14 0.00 M M 3.9 8 250 M M 2 M M
19 91 68 80 1 0 15 0.00 M M 5.7 12 210 M M 1 M M
20 91 69 80 1 0 15 0.11 M M 7.2 16 210 M M 3 3 M M
21 88 67 78 -1 0 13 0.06 M M 7.1 13 20 M M 5 M M
22 82 70 76 -3 0 11 T M M 10.0 16 200 M M 6 M M
23 84 69 77 -3 0 12 T M M 5.4 9 200 M M 2 3 M M
24 85 68 77 -3 0 12 T M M 5.6 13 30 M M 1 1 M M
25 89 65 77 -3 0 12 0.00 M M 5.0 9 170 M M 0 8 M M
26 86 72 79 -1 0 14 T M M 12.6 23 200 M M 6 32 200
27 89 71 80 0 0 15 0.08 M M 12.1 23 200 M M 6 138 29 200
28 91 74 83 3 0 18 0.01 M M 12.1 17 180 M M 3 3 23 200
29 84 74 79 -1 0 14 T M M 8.2 15 190 M M 4 M M
30 91 74 83 3 0 18 T M M 11.6 21 200 M M 4 24 200
================================================================================
SM 2618 2043 0 389 1.21 M 239.6 M 71
================================================================================
AV 87.3 68.1 8.0 FASTST M M 2 MAX(MPH)
MISC ----> # 30 60 # 38 70
================================================================================
NOTES:
# LAST OF SEVERAL OCCURRENCES
COLUMN 17 PEAK WIND IN M.P.H.
PRELIMINARY LOCAL CLIMATOLOGICAL DATA (WS FORM: F-6) , PAGE 2
STATION: Newport Airport
MONTH: JUNE
YEAR: 2020
LATITUDE: 35 35 N
LONGITUDE: 91 16 W
[TEMPERATURE DATA] [PRECIPITATION DATA] SYMBOLS USED IN COLUMN 16
AVERAGE MONTHLY: 77.7 TOTAL FOR MONTH: 1.21 1 = FOG OR MIST
DPTR FM NORMAL: -0.1 DPTR FM NORMAL: -2.29 2 = FOG REDUCING VISIBILITY
HIGHEST: 95 ON 7 GRTST 24HR 0.58 ON 8- 8 TO 1/4 MILE OR LESS
LOWEST: 60 ON 11 3 = THUNDER
SNOW, ICE PELLETS, HAIL 4 = ICE PELLETS
TOTAL MONTH: M 5 = HAIL
GRTST 24HR M ON M 6 = FREEZING RAIN OR DRIZZLE
GRTST DEPTH: M ON M 7 = DUSTSTORM OR SANDSTORM:
VSBY 1/2 MILE OR LESS
8 = SMOKE OR HAZE
[NO. OF DAYS WITH] [WEATHER - DAYS WITH] 9 = BLOWING SNOW
X = TORNADO
MAX 32 OR BELOW: 0 0.01 INCH OR MORE: 7
MAX 90 OR ABOVE: 9 0.10 INCH OR MORE: 3
MIN 32 OR BELOW: 0 0.50 INCH OR MORE: 1
MIN 0 OR BELOW: 0 1.00 INCH OR MORE: 0
[HDD (BASE 65) ]
TOTAL THIS MO. 0 CLEAR (SCALE 0-3) 19
DPTR FM NORMAL -1 PTCLDY (SCALE 4-7) 11
TOTAL FM JUL 1 3342 CLOUDY (SCALE 8-10) 0
DPTR FM NORMAL -278
[CDD (BASE 65) ]
TOTAL THIS MO. 389
DPTR FM NORMAL 5 [PRESSURE DATA]
TOTAL FM JAN 1 545 HIGHEST SLP M ON M
DPTR FM NORMAL -64 LOWEST SLP M ON M
[REMARKS]
#FINAL-06-20#