000
CXUS56 KHNX 100618
CF6MAE
PRELIMINARY LOCAL CLIMATOLOGICAL DATA (WS FORM: F-6)
STATION: MADERA CA AIRPORT
MONTH: MAY
YEAR: 2023
LATITUDE: 36 58 N
LONGITUDE: 120 7 W
TEMPERATURE IN F: :PCPN: SNOW: WIND :SUNSHINE: SKY :PK WND
================================================================================
1 2 3 4 5 6A 6B 7 8 9 10 11 12 13 14 15 16 17 18
12Z AVG MX 2MIN
DY MAX MIN AVG DEP HDD CDD WTR SNW DPTH SPD SPD DIR MIN PSBL S-S WX SPD DR
================================================================================
1 66 45 56 -9 9 0 0.00 0.0 0 9.9 17 280 M M 1 22 300
2 67 44 56 -9 9 0 0.00 0.0 0 7.2 21 140 M M M 28 140
3 66 44 55 -10 10 0 0.00 0.0 0 7.6 16 200 M M 0 21 150
4 67 50 59 -6 6 0 0.79 0.0 0 4.6 14 320 M M 4 16 320
5 69 50 60 -6 5 0 0.00 0.0 0 5.6 14 300 M M M 16 330
6 71 50 61 -5 4 0 0.00 0.0 0 7.1 13 290 M M M 16 330
7 75 45 60 -6 5 0 0.00 0.0 0 6.5 12 300 M M M 16 320
8 75 49 62 -4 3 0 0.00 0.0 0 9.1 16 300 M M M 20 300
9 75 49 62 -5 3 0 0.00 0.0 0 9.7 17 290 M M M 22 310
10 75 48 62 -5 3 0 0.00 0.0 0 7.6 14 290 M M M 18 300
11 79 45 62 -5 3 0 0.00 0.0 0 8.4 16 320 M M M 20 320
12 91 57 74 7 0 9 0.00 0.0 0 5.8 13 310 M M M 17 280
13 91 57 74 6 0 9 0.00 0.0 0 3.9 10 330 M M M 19 330
14 99 60 80 12 0 15 0.00 0.0 0 8.0 21 160 M M M 27 150
15 94 55 75 7 0 10 0.00 0.0 0 6.7 13 310 M M M 17 320
16 95 56 76 8 0 11 0.00 0.0 0 6.2 15 290 M M 0 18 300
17 97 57 77 9 0 12 0.00 0.0 0 6.2 15 290 M M 0 18 300
18 95 55 75 6 0 10 0.00 0.0 0 7.3 14 300 M M 0 18 300
19 93 56 75 6 0 10 0.00 0.0 0 6.9 15 280 M M 0 18 290
20 92 55 74 5 0 9 0.00 0.0 0 7.1 13 300 M M 0 18 300
21 92 57 75 6 0 10 0.00 0.0 0 7.0 10 300 M M 0 18 14 270
22 96 59 78 8 0 13 0.00 0.0 0 6.8 12 290 M M 0 16 280
23 83 56 70 0 0 5 0.00 0.0 0 9.2 16 310 M M 0 20 310
24 81 51 66 -4 0 1 0.00 0.0 0 6.7 13 300 M M 0 15 290
25 82 50 66 -4 0 1 0.00 0.0 0 7.6 14 290 M M 0 18 300
26 81 54 68 -2 0 3 0.00 0.0 0 7.5 14 300 M M 0 17 310
27 86 55 71 1 0 6 0.00 0.0 0 7.6 12 310 M M 0 15 300
28 82 55 69 -2 0 4 0.00 0.0 0 9.0 14 300 M M 0 20 10
29 83 57 70 -1 0 5 0.00 0.0 0 8.1 17 300 M M 1 22 310
30 82 54 68 -3 0 3 0.00 0.0 0 8.1 14 300 M M 3 17 300
31 83 54 69 -2 0 4 0.00 0.0 0 6.8 13 320 M M 0 17 290
================================================================================
SM 2563 1629 60 150 0.79 0.0 225.8 M 9
================================================================================
AV 82.7 52.5 7.3 FASTST M M 0 MAX(MPH)
MISC ----> # 21 140 28 140
================================================================================
NOTES:
# LAST OF SEVERAL OCCURRENCES
COLUMN 17 PEAK WIND IN M.P.H.
PRELIMINARY LOCAL CLIMATOLOGICAL DATA (WS FORM: F-6) , PAGE 2
STATION: MADERA CA AIRPORT
MONTH: MAY
YEAR: 2023
LATITUDE: 36 58 N
LONGITUDE: 120 7 W
[TEMPERATURE DATA] [PRECIPITATION DATA] SYMBOLS USED IN COLUMN 16
AVERAGE MONTHLY: 67.6 TOTAL FOR MONTH: 0.79 1 = FOG OR MIST
DPTR FM NORMAL: -0.5 DPTR FM NORMAL: 0.32 2 = FOG REDUCING VISIBILITY
HIGHEST: 99 ON 14 GRTST 24HR 0.79 ON 4- 4 TO 1/4 MILE OR LESS
LOWEST: 44 ON 3, 2 3 = THUNDER
SNOW, ICE PELLETS, HAIL 4 = ICE PELLETS
TOTAL MONTH: 0.0 INCH 5 = HAIL
GRTST 24HR 0.0 6 = FREEZING RAIN OR DRIZZLE
GRTST DEPTH: 0 7 = DUSTSTORM OR SANDSTORM:
VSBY 1/2 MILE OR LESS
8 = SMOKE OR HAZE
[NO. OF DAYS WITH] [WEATHER - DAYS WITH] 9 = BLOWING SNOW
X = TORNADO
MAX 32 OR BELOW: 0 0.01 INCH OR MORE: 1
MAX 90 OR ABOVE: 11 0.10 INCH OR MORE: 1
MIN 32 OR BELOW: 0 0.50 INCH OR MORE: 1
MIN 0 OR BELOW: 0 1.00 INCH OR MORE: 0
[HDD (BASE 65) ]
TOTAL THIS MO. 60 CLEAR (SCALE 0-3) 18
DPTR FM NORMAL 21 PTCLDY (SCALE 4-7) 1
TOTAL FM JUL 1 2727 CLOUDY (SCALE 8-10) 12
DPTR FM NORMAL 373
[CDD (BASE 65) ]
TOTAL THIS MO. 150
DPTR FM NORMAL 15 [PRESSURE DATA]
TOTAL FM JAN 1 186 HIGHEST SLP 30.11 ON 8
DPTR FM NORMAL 18 LOWEST SLP 29.74 ON 14
[REMARKS]
#FINAL-05-23#