000
CXUS52 KTAE 010800
CF6MAI
PRELIMINARY LOCAL CLIMATOLOGICAL DATA (WS FORM: F-6)
STATION: MARIANNA
MONTH: JULY
YEAR: 2023
LATITUDE: 30 50 N
LONGITUDE: 85 11 W
TEMPERATURE IN F: :PCPN: SNOW: WIND :SUNSHINE: SKY :PK WND
================================================================================
1 2 3 4 5 6A 6B 7 8 9 10 11 12 13 14 15 16 17 18
12Z AVG MX 2MIN
DY MAX MIN AVG DEP HDD CDD WTR SNW DPTH SPD SPD DIR MIN PSBL S-S WX SPD DR
================================================================================
1 99 73 86 4 0 21 T 0.0 M 3.8 15 350 M M 1 3 20 40
2 96 75 86 4 0 21 0.00 0.0 M 4.2 18 200 M M 2 3 27 190
3 95 73 84 2 0 19 T 0.0 0 4.8 13 220 M M 1 3 20 150
4 89 75 82 0 0 17 0.27 0.0 0 2.7 22 270 M M 1 13 28 260
5 91 74 83 1 0 18 0.23 0.0 0 4.1 16 280 M M 2 13 21 200
6 94 72 83 1 0 18 0.00 0.0 0 6.1 14 220 M M 1 19 270
7 95 74 85 3 0 20 0.27 0.0 0 5.5 18 250 M M 1 138 25 250
8 94 73 84 1 0 19 T 0.0 0 6.6 28 330 M M 1 3 41 340
9 91 73 82 -1 0 17 0.07 M M 5.5 20 270 M M 2 13 28 290
10 90 75 83 0 0 18 0.83 M M 8.6 25 240 M M 3 13 44 270
11 94 73 84 1 0 19 0.00 M M 3.9 13 280 M M 1 1 16 320
12 92 75 84 1 0 19 0.04 M M 4.3 18 280 M M 1 13 24 280
13 88 73 81 -2 0 16 0.44 0.0 0 4.5 21 250 M M 3 138 28 300
14 84 74 79 -4 0 14 3.42 0.0 M 6.0 15 290 M M 6 13 22 270
15 93 75 84 1 0 19 0.01 0.0 M 5.7 22 350 M M 4 3 29 350
16 91 75 83 0 0 18 0.37 0.0 0 4.7 30 210 M M 3 38 51 210
17 93 74 84 1 0 19 0.00 0.0 0 2.5 18 350 M M 1 22 350
18 93 73 83 0 0 18 0.00 M M 1.3 9 350 M M 0 1 14 350
19 95 75 85 2 0 20 0.00 M M 3.1 9 310 M M 0 1 13 270
20 95 77 86 3 0 21 0.00 0.0 0 3.6 10 220 M M 0 1 15 220
21 95 78 87 4 0 22 0.00 0.0 0 6.3 12 220 M M 1 17 200
22 92 73 83 0 0 18 0.78 0.0 0 3.9 23 330 M M 3 13 36 330
23 85 73 79 -4 0 14 0.08 0.0 0 5.4 23 210 M M 3 13 32 200
24 92 73 83 0 0 18 0.00 0.0 0 3.7 15 180 M M 2 3 19 180
25 94 72 83 0 0 18 0.00 0.0 0 2.0 9 340 M M 0 14 340
26 95 72 84 1 0 19 0.00 0.0 0 2.4 12 200 M M 0 16 150
27 94 73 84 1 0 19 0.01 0.0 0 2.0 21 40 M M 1 3 33 40
28 90 77 84 1 0 19 T 0.0 M 2.7 9 50 M M 1 12 80
29 95 75 85 2 0 20 T 0.0 M 4.4 25 60 M M 1 3 33 80
30 98 74 86 3 0 21 T 0.0 0 5.1 20 40 M M 1 13 32 60
31 95 71 83 0 0 18 0.00 0.0 0 3.5 14 330 M M 4 12 18 340
================================================================================
SM 2877 2292 0 577 6.82 0.0 132.9 M 51
================================================================================
AV 92.8 73.9 4.3 FASTST M M 2 MAX(MPH)
MISC ----> 30 210 51 210
================================================================================
NOTES:
# LAST OF SEVERAL OCCURRENCES
COLUMN 17 PEAK WIND IN M.P.H.
PRELIMINARY LOCAL CLIMATOLOGICAL DATA (WS FORM: F-6) , PAGE 2
STATION: MARIANNA
MONTH: JULY
YEAR: 2023
LATITUDE: 30 50 N
LONGITUDE: 85 11 W
[TEMPERATURE DATA] [PRECIPITATION DATA] SYMBOLS USED IN COLUMN 16
AVERAGE MONTHLY: 83.4 TOTAL FOR MONTH: 6.82 1 = FOG OR MIST
DPTR FM NORMAL: 0.7 DPTR FM NORMAL: 1.72 2 = FOG REDUCING VISIBILITY
HIGHEST: 99 ON 1 GRTST 24HR 3.42 ON 14-14 TO 1/4 MILE OR LESS
LOWEST: 71 ON 31 3 = THUNDER
SNOW, ICE PELLETS, HAIL 4 = ICE PELLETS
TOTAL MONTH: 0.0 INCH 5 = HAIL
GRTST 24HR 0.0 6 = FREEZING RAIN OR DRIZZLE
GRTST DEPTH: 0 7 = DUSTSTORM OR SANDSTORM:
VSBY 1/2 MILE OR LESS
8 = SMOKE OR HAZE
[NO. OF DAYS WITH] [WEATHER - DAYS WITH] 9 = BLOWING SNOW
X = TORNADO
MAX 32 OR BELOW: 0 0.01 INCH OR MORE: 13
MAX 90 OR ABOVE: 27 0.10 INCH OR MORE: 8
MIN 32 OR BELOW: 0 0.50 INCH OR MORE: 3
MIN 0 OR BELOW: 0 1.00 INCH OR MORE: 1
[HDD (BASE 65) ]
TOTAL THIS MO. 0 CLEAR (SCALE 0-3) 25
DPTR FM NORMAL 0 PTCLDY (SCALE 4-7) 6
TOTAL FM JUL 1 0 CLOUDY (SCALE 8-10) 0
DPTR FM NORMAL 0
[CDD (BASE 65) ]
TOTAL THIS MO. 577
DPTR FM NORMAL 28 [PRESSURE DATA]
TOTAL FM JAN 1 1660 HIGHEST SLP M ON M
DPTR FM NORMAL 83 LOWEST SLP 29.83 ON 22
[REMARKS]
#FINAL-07-23#