000
CXUS54 KLIX 010810
CF6MCB
PRELIMINARY LOCAL CLIMATOLOGICAL DATA (WS FORM: F-6)
STATION: MCCOMB
MONTH: SEPTEMBER
YEAR: 2021
LATITUDE: 31 10 N
LONGITUDE: 90 28 W
TEMPERATURE IN F: :PCPN: SNOW: WIND :SUNSHINE: SKY :PK WND
================================================================================
1 2 3 4 5 6A 6B 7 8 9 10 11 12 13 14 15 16 17 18
12Z AVG MX 2MIN
DY MAX MIN AVG DEP HDD CDD WTR SNW DPTH SPD SPD DIR MIN PSBL S-S WX SPD DR
================================================================================
1 94 73 84 4 0 19 0.00 0.0 M 3.8 16 190 M M M 20 180
2 93 72 83 3 0 18 0.00 0.0 M 3.5 10 30 M M M 14 350
3 91 71 81 2 0 16 0.00 M M 1.7 8 350 M M 0 1 12 340
4 92 66 79 0 0 14 0.00 M M 1.9 12 340 M M 1 14 340
5 93 67 80 1 0 15 0.00 M M 3.1 13 150 M M 3 12 14 150
6 82 74 78 -1 0 13 0.57 M M 2.4 21 320 M M 7 13 26 300
7 90 73 82 3 0 17 T 0.0 M 2.4 9 10 M M 5 3 13 50
8 88 68 78 -1 0 13 0.00 M M 1.8 10 320 M M 1 1 13 280
9 87 63 75 -3 0 10 0.00 M M 6.3 15 340 M M 2 21 350
10 85 60 73 -5 0 8 0.00 M M 3.5 15 360 M M 0 19 360
11 85 59 72 -6 0 7 0.00 M M 2.2 10 40 M M 0 15 80
12 88 66 77 -1 0 12 0.00 M M 5.8 16 140 M M 2 1 22 150
13 86 71 79 1 0 14 0.04 M M 3.6 14 150 M M 4 12 19 160
14 76 70 73 -4 0 8 1.38 0.0 M 5.1 13 140 M M 7 1 20 120
15 79 71 75 -2 0 10 2.45 M M 6.7 14 100 M M 10 13 21 110
16 87 73 80 3 0 15 0.19 M M 4.5 9 130 M M 9 13 14 70
17 86 75 81 4 0 16 2.35 0.0 M 6.3 20 220 M M 7 123 26 230
18 87 73 80 3 0 15 0.76 0.0 M 3.9 15 50 M M 6 123 23 40
19 85 74 80 4 0 15 0.00 0.0 M 2.5 7 150 M M 5 12 11 120
20 89 74 82 6 0 17 0.00 0.0 M 2.6 8 270 M M 5 1 12 230
21 91 72 82 6 0 17 0.19 0.0 M 3.0 14 10 M M 1 1 19 350
22 79 57 68 -8 0 3 T M M 10.9 21 340 M M 4 1 28 350
23 78 53 66 -9 0 1 0.00 M M 3.8 16 340 M M 0 19 340
24 79 52 66 -9 0 1 0.00 M M 2.6 10 340 M M 0 16 360
25 82 53 68 -7 0 3 0.00 M M 2.0 12 330 M M 0 15 10
26 84 56 70 -4 0 5 0.00 M M 1.1 9 60 M M 0 1 11 50
27 86 58 72 -2 0 7 0.00 M M 2.8 12 160 M M 3 1 14 150
28 79 68 74 0 0 9 0.04 M M 4.3 12 150 M M 7 123 15 150
29 83 69 76 2 0 11 0.27 0.0 M 5.8 16 160 M M 9 13 21 170
30 83 71 77 4 0 12 0.48 0.0 M 4.8 14 140 M M 6 12 19 150
================================================================================
SM 2567 2002 0 341 8.72 0.0 114.7 M 104
================================================================================
AV 85.6 66.7 3.8 FASTST M M 4 MAX(MPH)
MISC ----> # 21 320 28 350
================================================================================
NOTES:
# LAST OF SEVERAL OCCURRENCES
COLUMN 17 PEAK WIND IN M.P.H.
PRELIMINARY LOCAL CLIMATOLOGICAL DATA (WS FORM: F-6) , PAGE 2
STATION: MCCOMB
MONTH: SEPTEMBER
YEAR: 2021
LATITUDE: 31 10 N
LONGITUDE: 90 28 W
[TEMPERATURE DATA] [PRECIPITATION DATA] SYMBOLS USED IN COLUMN 16
AVERAGE MONTHLY: 76.1 TOTAL FOR MONTH: 8.72 1 = FOG OR MIST
DPTR FM NORMAL: -0.8 DPTR FM NORMAL: 4.42 2 = FOG REDUCING VISIBILITY
HIGHEST: 94 ON 1 GRTST 24HR 3.54 ON 14-15 TO 1/4 MILE OR LESS
LOWEST: 52 ON 24 3 = THUNDER
SNOW, ICE PELLETS, HAIL 4 = ICE PELLETS
TOTAL MONTH: 0.0 INCH 5 = HAIL
GRTST 24HR 0.0 6 = FREEZING RAIN OR DRIZZLE
GRTST DEPTH: M ON M 7 = DUSTSTORM OR SANDSTORM:
VSBY 1/2 MILE OR LESS
8 = SMOKE OR HAZE
[NO. OF DAYS WITH] [WEATHER - DAYS WITH] 9 = BLOWING SNOW
X = TORNADO
MAX 32 OR BELOW: 0 0.01 INCH OR MORE: 11
MAX 90 OR ABOVE: 7 0.10 INCH OR MORE: 9
MIN 32 OR BELOW: 0 0.50 INCH OR MORE: 5
MIN 0 OR BELOW: 0 1.00 INCH OR MORE: 3
[HDD (BASE 65) ]
TOTAL THIS MO. 0 CLEAR (SCALE 0-3) 13
DPTR FM NORMAL -2 PTCLDY (SCALE 4-7) 12
TOTAL FM JUL 1 0 CLOUDY (SCALE 8-10) 5
DPTR FM NORMAL 0
[CDD (BASE 65) ]
TOTAL THIS MO. 341
DPTR FM NORMAL -17 [PRESSURE DATA]
TOTAL FM JAN 1 2195 HIGHEST SLP M ON M
DPTR FM NORMAL 6 LOWEST SLP 29.74 ON 15
[REMARKS]
#FINAL-09-21#