000
CXUS53 KEAX 010736
CF6MCI
PRELIMINARY LOCAL CLIMATOLOGICAL DATA (WS FORM: F-6)
STATION: KANSAS CITY INTERNATIONAL MO
MONTH: JUNE
YEAR: 2023
LATITUDE: 39 19 N
LONGITUDE: 94 43 W
TEMPERATURE IN F: :PCPN: SNOW: WIND :SUNSHINE: SKY :PK WND
================================================================================
1 2 3 4 5 6A 6B 7 8 9 10 11 12 13 14 15 16 17 18
12Z AVG MX 2MIN
DY MAX MIN AVG DEP HDD CDD WTR SNW DPTH SPD SPD DIR MIN PSBL S-S WX SPD DR
================================================================================
1 85 65 75 5 0 10 T 0.0 0 7.7 22 190 M M 6 13 28 190
2 87 65 76 5 0 11 1.00 0.0 0 7.4 36 90 M M 5 13 56 90
3 88 66 77 6 0 12 0.00 0.0 0 8.8 18 80 M M 3 26 120
4 89 63 76 5 0 11 0.00 0.0 0 7.5 20 130 M M 3 25 130
5 88 65 77 5 0 12 0.00 0.0 0 6.9 22 170 M M 3 26 170
6 88 62 75 3 0 10 0.00 0.0 0 2.5 8 230 M M 2 18 10 330
7 91 66 79 7 0 14 0.00 0.0 0 5.4 14 60 M M 5 3 20 40
8 77 67 72 0 0 7 0.04 0.0 0 11.0 16 120 M M 7 1 27 80
9 82 64 73 0 0 8 0.00 0.0 0 8.6 15 140 M M 6 26 120
10 71 65 68 -5 0 3 0.36 0.0 0 5.0 14 300 M M 9 1 20 300
11 74 56 65 -8 0 0 0.38 0.0 0 8.5 17 20 M M 8 1 25 40
12 74 51 63 -11 2 0 0.00 0.0 0 3.6 13 360 M M 5 1 18 360
13 80 50 65 -9 0 0 0.00 0.0 0 6.0 15 210 M M 4 8 20 220
14 85 56 71 -3 0 6 0.00 0.0 0 5.3 12 80 M M 3 15 90
15 86 58 72 -2 0 7 0.00 0.0 0 4.2 12 180 M M 2 14 180
16 88 62 75 1 0 10 0.00 0.0 0 4.1 10 110 M M 4 14 40
17 87 67 77 2 0 12 0.00 0.0 0 6.4 15 210 M M 6 19 170
18 81 61 71 -4 0 6 1.38 0.0 0 5.3 20 30 M M 6 13 24 30
19 89 64 77 2 0 12 0.00 0.0 0 5.0 12 110 M M 1 1 15 70
20 87 69 78 3 0 13 0.00 0.0 0 9.8 18 120 M M 0 26 100
21 88 70 79 3 0 14 0.00 0.0 0 8.4 18 70 M M 5 24 70
22 87 68 78 2 0 13 0.00 0.0 0 6.8 15 100 M M 2 21 110
23 89 65 77 1 0 12 0.00 0.0 0 5.7 13 160 M M 6 18 260
24 91 73 82 6 0 17 0.00 0.0 0 10.9 24 190 M M 4 38 32 180
25 86 67 77 1 0 12 0.00 0.0 0 10.4 23 300 M M 1 32 330
26 85 63 74 -2 0 9 0.00 0.0 0 8.7 18 330 M M 1 8 27 350
27 86 59 73 -3 0 8 T 0.0 0 6.3 26 170 M M 6 32 170
28 95 71 83 6 0 18 0.00 0.0 0 10.3 20 140 M M 5 38 27 140
29 93 71 82 5 0 17 T 0.0 0 9.8 31 350 M M 6 38 50 360
30 96 70 83 6 0 18 0.21 0.0 0 9.1 25 280 M M 7 138 37 280
================================================================================
SM 2573 1919 2 302 3.37 0.0 215.4 M 131
================================================================================
AV 85.8 64.0 7.2 FASTST M M 4 MAX(MPH)
MISC ----> 36 90 56 90
================================================================================
NOTES:
# LAST OF SEVERAL OCCURRENCES
COLUMN 17 PEAK WIND IN M.P.H.
PRELIMINARY LOCAL CLIMATOLOGICAL DATA (WS FORM: F-6) , PAGE 2
STATION: KANSAS CITY INTERNATIONAL MO
MONTH: JUNE
YEAR: 2023
LATITUDE: 39 19 N
LONGITUDE: 94 43 W
[TEMPERATURE DATA] [PRECIPITATION DATA] SYMBOLS USED IN COLUMN 16
AVERAGE MONTHLY: 74.9 TOTAL FOR MONTH: 3.37 1 = FOG OR MIST
DPTR FM NORMAL: 0.8 DPTR FM NORMAL: -1.88 2 = FOG REDUCING VISIBILITY
HIGHEST: 96 ON 30 GRTST 24HR 1.38 ON 18-18 TO 1/4 MILE OR LESS
LOWEST: 50 ON 13 3 = THUNDER
SNOW, ICE PELLETS, HAIL 4 = ICE PELLETS
TOTAL MONTH: 0.0 INCH 5 = HAIL
GRTST 24HR 0.0 6 = FREEZING RAIN OR DRIZZLE
GRTST DEPTH: 0 7 = DUSTSTORM OR SANDSTORM:
VSBY 1/2 MILE OR LESS
8 = SMOKE OR HAZE
[NO. OF DAYS WITH] [WEATHER - DAYS WITH] 9 = BLOWING SNOW
X = TORNADO
MAX 32 OR BELOW: 0 0.01 INCH OR MORE: 6
MAX 90 OR ABOVE: 5 0.10 INCH OR MORE: 5
MIN 32 OR BELOW: 0 0.50 INCH OR MORE: 2
MIN 0 OR BELOW: 0 1.00 INCH OR MORE: 2
[HDD (BASE 65) ]
TOTAL THIS MO. 2 CLEAR (SCALE 0-3) 9
DPTR FM NORMAL -5 PTCLDY (SCALE 4-7) 20
TOTAL FM JUL 1 4565 CLOUDY (SCALE 8-10) 1
DPTR FM NORMAL -502
[CDD (BASE 65) ]
TOTAL THIS MO. 302
DPTR FM NORMAL 22 [PRESSURE DATA]
TOTAL FM JAN 1 445 HIGHEST SLP M ON M
DPTR FM NORMAL 45 LOWEST SLP 29.65 ON 18
[REMARKS]
#FINAL-06-23#