000
CXUS55 KEAX 010736
CF6MCI
PRELIMINARY LOCAL CLIMATOLOGICAL DATA (WS FORM: F-6)
STATION: KANSAS CITY INTERNATIONAL MO
MONTH: APRIL
YEAR: 2020
LATITUDE: 39 19 N
LONGITUDE: 94 43 W
TEMPERATURE IN F: :PCPN: SNOW: WIND :SUNSHINE: SKY :PK WND
================================================================================
1 2 3 4 5 6A 6B 7 8 9 10 11 12 13 14 15 16 17 18
12Z AVG MX 2MIN
DY MAX MIN AVG DEP HDD CDD WTR SNW DPTH SPD SPD DIR MIN PSBL S-S WX SPD DR
================================================================================
1 73 43 58 8 7 0 0.00 0.0 0 11.5 23 160 M M 6 32 170
2 69 39 54 4 11 0 0.34 0.0 0 12.8 21 150 M M 7 138 29 170
3 39 30 35 -16 30 0 0.23 0.0 0 13.7 22 350 M M 10 136 27 340
4 48 30 39 -12 26 0 0.00 0.0 0 9.0 16 10 M M 7 21 360
5 61 34 48 -3 17 0 0.00 0.0 0 7.4 16 140 M M 5 25 160
6 67 52 60 8 5 0 0.02 0.0 0 12.0 20 190 M M 9 1 27 180
7 80 61 71 19 0 6 0.00 0.0 0 11.4 18 210 M M 4 18 26 230
8 88 48 68 16 0 3 0.00 0.0 0 11.4 33 360 M M 2 128 43 10
9 60 32 46 -7 19 0 0.00 0.0 0 13.3 28 340 M M 3 41 310
10 55 25 40 -13 25 0 0.00 0.0 0 8.0 15 180 M M 4 21 210
11 74 44 59 6 6 0 0.34 0.0 0 16.0 26 160 M M 5 3 34 170
12 63 31 47 -7 18 0 0.40 T 0 18.1 36 350 M M 9 13 50 350
13 45 27 36 -18 29 0 0.00 0.0 0 11.7 25 360 M M 4 36 350
14 51 30 41 -13 24 0 0.00 0.0 0 9.5 22 250 M M 6 29 290
15 53 31 42 -13 23 0 0.00 0.0 0 6.6 18 220 M M 4 26 220
16 47 36 42 -13 23 0 0.47 0.0 0 15.4 25 70 M M 10 18 32 70
17 47 31 39 -16 26 0 0.26 T 0 10.9 21 10 M M 7 1 31 10
18 63 28 46 -10 19 0 0.00 0.0 0 12.5 24 200 M M 3 33 230
19 67 43 55 -1 10 0 0.00 0.0 0 8.4 20 50 M M 5 27 20
20 70 44 57 1 8 0 0.01 0.0 0 7.6 20 290 M M 5 28 290
21 71 43 57 0 8 0 0.00 0.0 0 6.9 14 170 M M 1 8 18 170
22 66 50 58 1 7 0 0.02 0.0 0 10.4 20 190 M M 7 29 200
23 75 52 64 7 1 0 T 0.0 0 4.5 13 170 M M 7 1 16 170
24 63 53 58 0 7 0 1.09 0.0 0 7.4 18 360 M M 9 13 27 360
25 68 47 58 0 7 0 0.05 0.0 0 11.2 21 330 M M 6 18 30 360
26 70 43 57 -1 8 0 0.01 0.0 0 5.1 13 150 M M 5 17 150
27 75 53 64 5 1 0 0.02 0.0 0 14.2 26 210 M M 5 3 37 180
28 76 52 64 5 1 0 0.08 0.0 0 10.7 26 320 M M 4 18 43 320
29 70 50 60 1 5 0 T 0.0 0 16.3 33 340 M M 5 50 340
30 74 48 61 1 4 0 0.00 0.0 0 6.0 14 330 M M 2 20 330
================================================================================
SM 1928 1230 375 9 3.34 T 319.9 M 166
================================================================================
AV 64.3 41.0 10.7 FASTST M M 6 MAX(MPH)
MISC ----> 36 350 # 50 350
================================================================================
NOTES:
# LAST OF SEVERAL OCCURRENCES
COLUMN 17 PEAK WIND IN M.P.H.
PRELIMINARY LOCAL CLIMATOLOGICAL DATA (WS FORM: F-6) , PAGE 2
STATION: KANSAS CITY INTERNATIONAL MO
MONTH: APRIL
YEAR: 2020
LATITUDE: 39 19 N
LONGITUDE: 94 43 W
[TEMPERATURE DATA] [PRECIPITATION DATA] SYMBOLS USED IN COLUMN 16
AVERAGE MONTHLY: 52.6 TOTAL FOR MONTH: 3.34 1 = FOG OR MIST
DPTR FM NORMAL: -2.2 DPTR FM NORMAL: -0.36 2 = FOG REDUCING VISIBILITY
HIGHEST: 88 ON 8 GRTST 24HR 1.12 ON 24-25 TO 1/4 MILE OR LESS
LOWEST: 25 ON 10 3 = THUNDER
SNOW, ICE PELLETS, HAIL 4 = ICE PELLETS
TOTAL MONTH: T 5 = HAIL
GRTST 24HR T ON 12-12 6 = FREEZING RAIN OR DRIZZLE
GRTST DEPTH: 0 7 = DUSTSTORM OR SANDSTORM:
VSBY 1/2 MILE OR LESS
8 = SMOKE OR HAZE
[NO. OF DAYS WITH] [WEATHER - DAYS WITH] 9 = BLOWING SNOW
X = TORNADO
MAX 32 OR BELOW: 0 0.01 INCH OR MORE: 14
MAX 90 OR ABOVE: 0 0.10 INCH OR MORE: 7
MIN 32 OR BELOW: 10 0.50 INCH OR MORE: 1
MIN 0 OR BELOW: 0 1.00 INCH OR MORE: 1
[HDD (BASE 65) ]
TOTAL THIS MO. 375 CLEAR (SCALE 0-3) 4
DPTR FM NORMAL 46 PTCLDY (SCALE 4-7) 21
TOTAL FM JUL 1 4715 CLOUDY (SCALE 8-10) 5
DPTR FM NORMAL -305
[CDD (BASE 65) ]
TOTAL THIS MO. 9
DPTR FM NORMAL -16 [PRESSURE DATA]
TOTAL FM JAN 1 9 HIGHEST SLP M ON M
DPTR FM NORMAL -19 LOWEST SLP 29.44 ON 12
[REMARKS]
#FINAL-04-20#