000
CXUS53 KGLD 010800
CF6MCK
PRELIMINARY LOCAL CLIMATOLOGICAL DATA (WS FORM: F-6)
STATION: MCCOOK NE
MONTH: JUNE
YEAR: 2022
LATITUDE: 40 13 N
LONGITUDE: 100 35 W
TEMPERATURE IN F: :PCPN: SNOW: WIND :SUNSHINE: SKY :PK WND
================================================================================
1 2 3 4 5 6A 6B 7 8 9 10 11 12 13 14 15 16 17 18
12Z AVG MX 2MIN
DY MAX MIN AVG DEP HDD CDD WTR SNW DPTH SPD SPD DIR MIN PSBL S-S WX SPD DR
================================================================================
1 69 48 59 -9 6 0 0.02 M M 7.7 18 20 M M 5 26 10
2 79 41 60 -8 5 0 0.00 M M 6.6 14 210 M M 2 18 210
3 82 47 65 -3 0 0 0.03 M M 12.0 25 250 M M 4 3 36 220
4 91 54 73 4 0 8 T M M 9.3 44 70 M M 1 138 60 70
5 87 58 73 4 0 8 1.17 M M 9.8 36 30 M M 3 123 59 30
6 88 62 75 6 0 10 0.06 M M 8.5 30 280 M M 3 13 39 290
7 79 58 69 -1 0 4 0.43 M M 8.6 36 350 M M 5 13 45 340
8 80 55 68 -2 0 3 0.00 M M 9.9 22 330 M M 1 27 330
9 81 58 70 0 0 5 T M M 12.0 29 180 M M 4 3 47 10
10 87 59 73 2 0 8 0.00 M M 6.7 16 200 M M 0 1 22 200
11 99 65 82 11 0 17 0.00 M M 9.6 22 350 M M 0 1 28 350
12 95 69 82 11 0 17 0.00 M M 11.3 23 30 M M 0 30 30
13 109 65 87 15 0 22 T M M 16.7 38 200 M M 0 1 50 160
14 88 64 76 4 0 11 0.00 M M 14.6 33 190 M M 2 3 46 190
15 87 60 74 2 0 9 0.00 M M 11.8 21 20 M M 3 32 30
16 92 58 75 2 0 10 0.00 M M 10.6 25 60 M M 0 32 60
17 103 65 84 11 0 19 0.00 M M 12.9 25 180 M M 0 38 180
18 100 73 87 14 0 22 0.00 M M 19.6 31 160 M M 0 46 200
19 99 75 87 14 0 22 0.00 M M 22.4 35 170 M M 1 48 180
20 100 75 88 14 0 23 0.00 M M 20.2 35 190 M M 0 49 180
21 82 64 73 -1 0 8 0.00 M M 5.7 20 360 M M 5 38 27 360
22 92 53 73 -1 0 8 0.00 M M 7.3 21 180 M M 1 8 29 170
23 99 68 84 10 0 19 0.04 M M 11.8 30 140 M M 2 3 43 140
24 93 67 80 5 0 15 0.10 M M 9.6 41 290 M M 1 13 58 280
25 83 59 71 -4 0 6 0.00 M M 15.2 30 360 M M 1 41 10
26 77 52 65 -10 0 0 0.00 M M 5.4 13 70 M M 3 20 130
27 85 57 71 -4 0 6 0.00 M M 11.4 24 200 M M 2 44 180
28 98 52 75 -1 0 10 0.00 M M 11.3 18 160 M M 0 27 170
29 103 65 84 8 0 19 0.00 M M 17.4 29 190 M M 0 42 180
30 100 74 87 11 0 22 T M M 11.2 28 200 M M 1 37 200
================================================================================
SM 2707 1820 11 331 1.85 M 347.1 M 50
================================================================================
AV 90.2 60.7 11.6 FASTST M M 2 MAX(MPH)
MISC ----> 44 70 60 70
================================================================================
NOTES:
# LAST OF SEVERAL OCCURRENCES
COLUMN 17 PEAK WIND IN M.P.H.
PRELIMINARY LOCAL CLIMATOLOGICAL DATA (WS FORM: F-6) , PAGE 2
STATION: MCCOOK NE
MONTH: JUNE
YEAR: 2022
LATITUDE: 40 13 N
LONGITUDE: 100 35 W
[TEMPERATURE DATA] [PRECIPITATION DATA] SYMBOLS USED IN COLUMN 16
AVERAGE MONTHLY: 75.5 TOTAL FOR MONTH: 1.85 1 = FOG OR MIST
DPTR FM NORMAL: 3.3 DPTR FM NORMAL: -1.24 2 = FOG REDUCING VISIBILITY
HIGHEST: 109 ON 13 GRTST 24HR 1.18 ON 5- 6 TO 1/4 MILE OR LESS
LOWEST: 41 ON 2 3 = THUNDER
SNOW, ICE PELLETS, HAIL 4 = ICE PELLETS
TOTAL MONTH: M 5 = HAIL
GRTST 24HR M ON M 6 = FREEZING RAIN OR DRIZZLE
GRTST DEPTH: M ON M 7 = DUSTSTORM OR SANDSTORM:
VSBY 1/2 MILE OR LESS
8 = SMOKE OR HAZE
[NO. OF DAYS WITH] [WEATHER - DAYS WITH] 9 = BLOWING SNOW
X = TORNADO
MAX 32 OR BELOW: 0 0.01 INCH OR MORE: 7
MAX 90 OR ABOVE: 15 0.10 INCH OR MORE: 3
MIN 32 OR BELOW: 0 0.50 INCH OR MORE: 1
MIN 0 OR BELOW: 0 1.00 INCH OR MORE: 1
[HDD (BASE 65) ]
TOTAL THIS MO. 11 CLEAR (SCALE 0-3) 24
DPTR FM NORMAL -9 PTCLDY (SCALE 4-7) 6
TOTAL FM JUL 1 5396 CLOUDY (SCALE 8-10) 0
DPTR FM NORMAL -379
[CDD (BASE 65) ]
TOTAL THIS MO. 331
DPTR FM NORMAL 95 [PRESSURE DATA]
TOTAL FM JAN 1 429 HIGHEST SLP M ON M
DPTR FM NORMAL 130 LOWEST SLP 29.32 ON 13
[REMARKS]
#FINAL-06-22#