000
CXUS53 KDMX 030735
CF6MCW
PRELIMINARY LOCAL CLIMATOLOGICAL DATA (WS FORM: F-6)
STATION: MASON CITY IA
MONTH: JUNE
YEAR: 2020
LATITUDE: 43 9 N
LONGITUDE: 93 20 W
TEMPERATURE IN F: :PCPN: SNOW: WIND :SUNSHINE: SKY :PK WND
================================================================================
1 2 3 4 5 6A 6B 7 8 9 10 11 12 13 14 15 16 17 18
12Z AVG MX 2MIN
DY MAX MIN AVG DEP HDD CDD WTR SNW DPTH SPD SPD DIR MIN PSBL S-S WX SPD DR
================================================================================
1 89 59 74 10 0 9 0.12 0.0 0 17.3 30 210 M M 3 3 43 180
2 96 66 81 17 0 16 0.17 0.0 0 14.7 36 10 M M 1 13 45 300
3 87 62 75 11 0 10 0.00 0.0 0 5.3 15 310 M M 1 1 19 310
4 93 61 77 12 0 12 T 0.0 0 5.4 17 160 M M 2 23 70
5 84 65 75 10 0 10 0.48 0.0 0 9.7 21 10 M M 1 13 27 10
6 84 62 73 8 0 8 0.00 0.0 0 11.7 22 100 M M 6 3 27 110
7 91 65 78 12 0 13 0.00 0.0 0 18.9 28 150 M M 2 37 150
8 93 69 81 15 0 16 0.00 0.0 0 15.7 25 150 M M 0 35 170
9 78 64 71 5 0 6 0.66 0.0 0 10.5 28 40 M M 4 1 35 40
10 72 55 64 -3 1 0 0.08 0.0 0 20.6 33 320 M M 6 1 44 320
11 83 55 69 2 0 4 0.00 0.0 0 12.4 30 280 M M 1 42 280
12 87 51 69 2 0 4 0.00 0.0 0 7.5 18 40 M M 2 24 80
13 76 59 68 0 0 3 0.00 0.0 0 15.5 23 90 M M 3 32 90
14 78 56 67 -1 0 2 0.00 0.0 0 19.3 29 140 M M 1 39 130
15 87 62 75 7 0 10 0.00 0.0 0 17.4 26 160 M M 0 39 160
16 87 63 75 6 0 10 0.00 0.0 0 14.4 23 140 M M 0 32 160
17 86 55 71 2 0 6 0.00 0.0 0 13.4 24 160 M M 0 31 170
18 86 64 75 6 0 10 1.72 0.0 0 12.8 24 330 M M 3 13 35 160
19 75 65 70 1 0 5 0.08 0.0 0 9.6 18 350 M M 8 1 24 340
20 76 60 68 -2 0 3 0.06 0.0 0 4.3 13 340 M M 7 1 17 340
21 85 57 71 1 0 6 0.93 0.0 0 9.7 37 290 M M 1 13 62 240
22 72 59 66 -4 0 1 0.38 0.0 0 5.1 18 40 M M 5 13 25 30
23 74 56 65 -5 0 0 0.00 0.0 0 10.1 21 330 M M 6 26 330
24 79 53 66 -5 0 1 0.01 0.0 0 7.2 14 290 M M 3 22 290
25 84 53 69 -2 0 4 T 0.0 0 5.4 14 300 M M 1 19 150
26 83 67 75 4 0 10 0.17 0.0 0 6.3 16 290 M M 3 13 24 180
27 87 61 74 3 0 9 0.00 0.0 0 3.1 10 50 M M 1 1 14 60
28 85 63 74 3 0 9 0.00 0.0 0 11.3 24 170 M M 3 33 170
29 86 72 79 7 0 14 0.00 0.0 0 10.9 21 140 M M 3 27 140
30 85 71 78 6 0 13 0.00 0.0 0 12.2 23 150 M M 4 33 160
================================================================================
SM 2508 1830 1 224 4.86 0.0 337.7 M 81
================================================================================
AV 83.6 61.0 11.3 FASTST M M 3 MAX(MPH)
MISC ----> # 37 290 # 62 240
================================================================================
NOTES:
# LAST OF SEVERAL OCCURRENCES
COLUMN 17 PEAK WIND IN M.P.H.
PRELIMINARY LOCAL CLIMATOLOGICAL DATA (WS FORM: F-6) , PAGE 2
STATION: MASON CITY IA
MONTH: JUNE
YEAR: 2020
LATITUDE: 43 9 N
LONGITUDE: 93 20 W
[TEMPERATURE DATA] [PRECIPITATION DATA] SYMBOLS USED IN COLUMN 16
AVERAGE MONTHLY: 72.3 TOTAL FOR MONTH: 4.86 1 = FOG OR MIST
DPTR FM NORMAL: 4.2 DPTR FM NORMAL: -0.28 2 = FOG REDUCING VISIBILITY
HIGHEST: 96 ON 2 GRTST 24HR 1.72 ON 18-18 TO 1/4 MILE OR LESS
LOWEST: 51 ON 12 3 = THUNDER
SNOW, ICE PELLETS, HAIL 4 = ICE PELLETS
TOTAL MONTH: 0.0 INCH 5 = HAIL
GRTST 24HR 0.0 6 = FREEZING RAIN OR DRIZZLE
GRTST DEPTH: 0 7 = DUSTSTORM OR SANDSTORM:
VSBY 1/2 MILE OR LESS
8 = SMOKE OR HAZE
[NO. OF DAYS WITH] [WEATHER - DAYS WITH] 9 = BLOWING SNOW
X = TORNADO
MAX 32 OR BELOW: 0 0.01 INCH OR MORE: 12
MAX 90 OR ABOVE: 4 0.10 INCH OR MORE: 8
MIN 32 OR BELOW: 0 0.50 INCH OR MORE: 3
MIN 0 OR BELOW: 0 1.00 INCH OR MORE: 1
[HDD (BASE 65) ]
TOTAL THIS MO. 1 CLEAR (SCALE 0-3) 20
DPTR FM NORMAL -43 PTCLDY (SCALE 4-7) 10
TOTAL FM JUL 1 7492 CLOUDY (SCALE 8-10) 0
DPTR FM NORMAL -187
[CDD (BASE 65) ]
TOTAL THIS MO. 224
DPTR FM NORMAL 86 [PRESSURE DATA]
TOTAL FM JAN 1 247 HIGHEST SLP 30.28 ON 12
DPTR FM NORMAL 74 LOWEST SLP 29.39 ON 9
[REMARKS]
#FINAL-06-20#