000
CXUS54 KMAF 011210
CF6MDD
PRELIMINARY LOCAL CLIMATOLOGICAL DATA (WS FORM: F-6)
STATION: MIDLAND AIRPARK
MONTH: FEBRUARY
YEAR: 2023
LATITUDE: 32 2 N
LONGITUDE: 102 6 W
TEMPERATURE IN F: :PCPN: SNOW: WIND :SUNSHINE: SKY :PK WND
================================================================================
1 2 3 4 5 6A 6B 7 8 9 10 11 12 13 14 15 16 17 18
12Z AVG MX 2MIN
DY MAX MIN AVG DEP HDD CDD WTR SNW DPTH SPD SPD DIR MIN PSBL S-S WX SPD DR
================================================================================
1 30 24 27 M 38 0 M M M 3.6 9 80 M M 9 M M
2 55 30 43 M 22 0 M M M 5.8 13 310 M M 6 1 17 310
3 58 26 42 M 23 0 M M M 5.4 10 140 M M 0 M M
4 65 36 51 M 14 0 M M M 10.3 17 200 M M 0 25 190
5 77 32 55 M 10 0 M M M 7.0 14 180 M M 0 21 210
6 80 52 66 M 0 1 M M M 11.3 15 180 M M 0 20 200
7 56 42 49 M 16 0 M M M 15.0 22 40 M M 9 28 40
8 58 36 47 M 18 0 M M M 10.1 22 270 M M 4 29 260
9 59 34 47 M 18 0 M M M 12.0 28 340 M M 2 1 41 350
10 47 29 38 M 27 0 M M M 10.9 18 340 M M 2 24 330
11 56 24 40 M 25 0 M M M 5.3 12 160 M M 0 16 150
12 69 36 53 M 12 0 M M M 8.1 13 170 M M 0 17 160
13 62 40 51 M 14 0 M M M 11.6 21 160 M M 2 29 160
14 67 44 56 M 9 0 M M M 17.8 32 260 M M 1 41 250
15 76 42 59 M 6 0 M M M 13.8 25 320 M M 0 33 320
16 45 23 34 M 31 0 M M M 12.9 15 350 M M 0 22 340
17 50 19 35 M 30 0 M M M 4.8 12 10 M M 0 M M
18 55 36 46 M 19 0 M M M 11.8 17 200 M M 3 25 180
19 68 40 54 M 11 0 M M M 8.2 15 240 M M 2 21 260
20 79 55 67 M 0 2 M M M 14.4 26 250 M M 0 35 250
21 84 51 68 M 0 3 0.01 M M 11.3 21 220 M M 1 29 230
22 74 50 62 M 3 0 0.03 M M 17.9 32 250 M M 1 40 250
23 70 40 55 M 10 0 M M M 10.6 20 80 M M 0 28 80
24 43 31 37 M 28 0 M M M 10.0 14 80 M M 9 17 80
25 46 37 42 M 23 0 M M M 6.1 12 80 M M 10 18 M M
26 86 46 66 M 0 1 M M M 15.1 33 290 M M 5 128 44 290
27 74 40 57 M 8 0 M M M 12.2 17 260 M M 0 25 240
28 80 47 64 M 1 0 M M M 10.4 21 240 M M 0 29 240
================================================================================
SM 1769 1042 416 7 0.04 M 293.4 M 66
================================================================================
AV 63.2 37.2 10.5 FASTST M M 2 MAX(MPH)
MISC ----> 33 290 44 290
================================================================================
NOTES:
# LAST OF SEVERAL OCCURRENCES
COLUMN 17 PEAK WIND IN M.P.H.
PRELIMINARY LOCAL CLIMATOLOGICAL DATA (WS FORM: F-6) , PAGE 2
STATION: MIDLAND AIRPARK
MONTH: FEBRUARY
YEAR: 2023
LATITUDE: 32 2 N
LONGITUDE: 102 6 W
[TEMPERATURE DATA] [PRECIPITATION DATA] SYMBOLS USED IN COLUMN 16
AVERAGE MONTHLY: 50.2 TOTAL FOR MONTH: 0.04 1 = FOG OR MIST
DPTR FM NORMAL: 0.0 DPTR FM NORMAL: 0.04 2 = FOG REDUCING VISIBILITY
HIGHEST: 86 ON 26 GRTST 24HR 0.03 ON 22-22 TO 1/4 MILE OR LESS
LOWEST: 19 ON 17 3 = THUNDER
SNOW, ICE PELLETS, HAIL 4 = ICE PELLETS
TOTAL MONTH: M 5 = HAIL
GRTST 24HR M ON M 6 = FREEZING RAIN OR DRIZZLE
GRTST DEPTH: M ON M 7 = DUSTSTORM OR SANDSTORM:
VSBY 1/2 MILE OR LESS
8 = SMOKE OR HAZE
[NO. OF DAYS WITH] [WEATHER - DAYS WITH] 9 = BLOWING SNOW
X = TORNADO
MAX 32 OR BELOW: 1 0.01 INCH OR MORE: 2
MAX 90 OR ABOVE: 0 0.10 INCH OR MORE: 0
MIN 32 OR BELOW: 9 0.50 INCH OR MORE: 0
MIN 0 OR BELOW: 0 1.00 INCH OR MORE: 0
[HDD (BASE 65) ]
TOTAL THIS MO. 416 CLEAR (SCALE 0-3) 21
DPTR FM NORMAL M PTCLDY (SCALE 4-7) 3
TOTAL FM JUL 1 1896 CLOUDY (SCALE 8-10) 4
DPTR FM NORMAL M
[CDD (BASE 65) ]
TOTAL THIS MO. 7
DPTR FM NORMAL M [PRESSURE DATA]
TOTAL FM JAN 1 7 HIGHEST SLP M ON M
DPTR FM NORMAL M LOWEST SLP M ON M
[REMARKS]
#FINAL-02-23#