000
CXUS54 KMAF 011210
CF6MDD
PRELIMINARY LOCAL CLIMATOLOGICAL DATA (WS FORM: F-6)
STATION: MIDLAND AIRPARK
MONTH: FEBRUARY
YEAR: 2024
LATITUDE: 32 2 N
LONGITUDE: 102 6 W
TEMPERATURE IN F: :PCPN: SNOW: WIND :SUNSHINE: SKY :PK WND
================================================================================
1 2 3 4 5 6A 6B 7 8 9 10 11 12 13 14 15 16 17 18
12Z AVG MX 2MIN
DY MAX MIN AVG DEP HDD CDD WTR SNW DPTH SPD SPD DIR MIN PSBL S-S WX SPD DR
================================================================================
1 75 46 61 M 4 0 M M M 9.3 15 190 M M 0 21 240
2 75 51 63 M 2 0 M M M 13.7 26 290 M M 1 36 290
3 62 44 53 M 12 0 M M M 21.0 29 260 M M 0 39 260
4 64 45 55 M 10 0 M M M 16.8 23 320 M M 0 32 330
5 59 37 48 M 17 0 M M M 6.5 10 340 M M 2 17 360
6 64 40 52 M 13 0 M M M 10.2 17 150 M M 0 25 150
7 66 50 58 M 7 0 M M M 13.7 30 M M M 1 8 41 M
8 61 42 52 M 13 0 M M M 10.3 18 210 M M 0 25 210
9 64 46 55 M 10 0 M M M 4.5 13 290 M M 0 18 M
10 67 45 56 M 9 0 0.03 M M 8.5 23 50 M M 2 32 50
11 49 33 41 M 24 0 M M M 11.5 18 360 M M 9 1 25 10
12 58 29 44 M 21 0 M M M 8.3 14 320 M M 1 22 320
13 67 33 50 M 15 0 M M M 6.9 15 200 M M 0 20 210
14 73 41 57 M 8 0 M M M 9.8 17 240 M M 0 24 240
15 72 42 57 M 8 0 M M M 8.9 14 200 M M 0 21 200
16 62 40 51 M 14 0 M M M 12.9 18 40 M M 0 24 50
17 40 27 34 M 31 0 M M M 14.1 20 30 M M 7 24 30
18 54 26 40 M 25 0 M M M 5.5 13 170 M M 0 18 200
19 76 36 56 M 9 0 M M M 8.2 17 300 M M 0 21 300
20 82 46 64 M 1 0 M M M 10.1 20 230 M M 0 28 230
21 87 44 66 M 0 1 M M M 8.9 21 190 M M 0 31 190
22 74 48 61 M 4 0 M M M 10.9 21 320 M M 0 29 300
23 67 40 54 M 11 0 M M M 4.1 8 70 M M 0 M M
24 76 44 60 M 5 0 M M M 8.7 20 170 M M 0 25 170
25 85 47 66 M 0 1 M M M 8.3 16 310 M M 0 25 270
26 87 57 72 M 0 7 M M M 10.5 21 260 M M 0 28 260
27 80 61 71 M 0 6 M M M 14.7 29 260 M M 0 8 47 260
28 73 40 57 M 8 0 0.02 M M 14.7 23 280 M M 1 8 37 280
29 54 34 44 M 21 0 0.23 M M 8.5 20 180 M M 4 1 23 180
================================================================================
SM 1973 1214 302 15 0.28 M 299.9 M 28
================================================================================
AV 68.0 41.9 10.3 FASTST M M 1 MAX(MPH)
MISC ----> 30 9999 47 260
================================================================================
NOTES:
# LAST OF SEVERAL OCCURRENCES
COLUMN 17 PEAK WIND IN M.P.H.
PRELIMINARY LOCAL CLIMATOLOGICAL DATA (WS FORM: F-6) , PAGE 2
STATION: MIDLAND AIRPARK
MONTH: FEBRUARY
YEAR: 2024
LATITUDE: 32 2 N
LONGITUDE: 102 6 W
[TEMPERATURE DATA] [PRECIPITATION DATA] SYMBOLS USED IN COLUMN 16
AVERAGE MONTHLY: 54.9 TOTAL FOR MONTH: 0.28 1 = FOG OR MIST
DPTR FM NORMAL: 0.0 DPTR FM NORMAL: M 2 = FOG REDUCING VISIBILITY
HIGHEST: 87 ON 26,21 GRTST 24HR 0.23 ON 29-29 TO 1/4 MILE OR LESS
LOWEST: 26 ON 18 3 = THUNDER
SNOW, ICE PELLETS, HAIL 4 = ICE PELLETS
TOTAL MONTH: M 5 = HAIL
GRTST 24HR M ON M 6 = FREEZING RAIN OR DRIZZLE
GRTST DEPTH: M ON M 7 = DUSTSTORM OR SANDSTORM:
VSBY 1/2 MILE OR LESS
8 = SMOKE OR HAZE
[NO. OF DAYS WITH] [WEATHER - DAYS WITH] 9 = BLOWING SNOW
X = TORNADO
MAX 32 OR BELOW: 0 0.01 INCH OR MORE: 3
MAX 90 OR ABOVE: 0 0.10 INCH OR MORE: 1
MIN 32 OR BELOW: 3 0.50 INCH OR MORE: 0
MIN 0 OR BELOW: 0 1.00 INCH OR MORE: 0
[HDD (BASE 65) ]
TOTAL THIS MO. 302 CLEAR (SCALE 0-3) 26
DPTR FM NORMAL M PTCLDY (SCALE 4-7) 2
TOTAL FM JUL 1 1806 CLOUDY (SCALE 8-10) 1
DPTR FM NORMAL M
[CDD (BASE 65) ]
TOTAL THIS MO. 15
DPTR FM NORMAL M [PRESSURE DATA]
TOTAL FM JAN 1 15 HIGHEST SLP M ON M
DPTR FM NORMAL M LOWEST SLP M ON M
[REMARKS]
#FINAL-02-24#