000
CXUS53 KARX 012218
CF6MDZ
PRELIMINARY LOCAL CLIMATOLOGICAL DATA (WS FORM: F-6)
STATION: MEDFORD WI
MONTH: JULY
YEAR: 2023
LATITUDE: 45 5 N
LONGITUDE: 90 18 W
TEMPERATURE IN F: :PCPN: SNOW: WIND :SUNSHINE: SKY :PK WND
================================================================================
1 2 3 4 5 6A 6B 7 8 9 10 11 12 13 14 15 16 17 18
12Z AVG MX 2MIN
DY MAX MIN AVG DEP HDD CDD WTR SNW DPTH SPD SPD DIR MIN PSBL S-S WX SPD DR
================================================================================
1 81 57 69 M 0 4 0.00 0.0 0 2.2 7 20 M M 2 M M
2 80 57 69 M 0 4 0.00 0.0 0 3.8 9 70 M M 2 M M
3 87 53 70 M 0 5 0.22 0.0 0 4.7 27 350 M M 3 3 32 350
4 81 60 71 M 0 6 0.01 0.0 0 3.1 8 200 M M 2 3 23 240
5 75 56 66 M 0 1 0.05 0.0 0 6.1 12 320 M M 5 17 320
6 70 47 59 M 6 0 0.00 0.0 0 5.6 12 320 M M 5 M M
7 72 42 57 M 8 0 0.00 0.0 0 2.0 8 240 M M 2 M M
8 76 49 63 M 2 0 0.00 0.0 0 3.6 10 290 M M 4 17 280
9 78 48 63 M 2 0 0.00 0.0 0 6.4 15 220 M M 3 23 260
10 85 58 72 M 0 7 M 0.0 0 10.8 20 330 M M 3 3 25 220
11 72 46 59 M 6 0 0.01 0.0 0 4.9 13 350 M M 2 17 360
12 64 51 58 M 7 0 0.07 0.0 0 4.2 8 100 M M 8 M M
13 74 52 63 M 2 0 M 0.0 0 4.3 8 230 M M 7 M M
14 81 60 71 M 0 6 0.17 0.0 0 5.6 14 230 M M 4 3 29 0
15 75 55 65 M 0 0 0.01 0.0 0 4.9 12 270 M M 5 18 290
16 73 49 61 M 4 0 0.00 0.0 0 6.1 17 240 M M 4 28 240
17 69 49 59 M 6 0 0.00 0.0 0 7.0 13 280 M M 3 18 300
18 75 50 63 M 2 0 0.00 0.0 0 4.1 12 280 M M 4 16 280
19 77 51 64 M 1 0 0.27 0.0 0 4.9 13 210 M M 6 3 33 180
20 71 53 62 M 3 0 0.00 0.0 0 7.7 14 360 M M 6 21 340
21 79 49 64 M 1 0 0.00 0.0 0 2.9 10 320 M M 2 M M
22 79 51 65 M 0 0 0.09 0.0 0 4.0 17 290 M M 4 32 290
23 80 50 65 M 0 0 0.00 0.0 0 3.1 10 300 M M 5 M M
24 80 54 67 M 0 2 M 0.0 0 3.5 13 30 M M 2 9 250
25 85 57 71 M 0 6 0.00 0.0 0 3.7 8 190 M M 2 M M
26 85 63 74 M 0 9 0.10 0.0 0 5.4 10 270 M M 3 3 16 280
27 89 61 75 M 0 10 0.77 0.0 0 6.9 17 350 M M 4 3 37 350
28 82 62 72 M 0 7 0.64 0.0 0 3.8 10 170 M M 6 3 31 140
29 76 52 64 M 1 0 0.00 0.0 0 5.1 14 350 M M 4 20 350
30 74 48 61 M 4 0 0.00 0.0 0 3.7 12 330 M M 4 17 340
31 76 46 61 M 4 0 0.00 0.0 0 1.7 7 270 M M 2 M M
================================================================================
SM 2401 1636 59 67 2.41 0.0 145.8 M 118
================================================================================
AV 77.5 52.8 4.7 FASTST M M 4 MAX(MPH)
MISC ----> 27 350 37 350
================================================================================
NOTES:
# LAST OF SEVERAL OCCURRENCES
COLUMN 17 PEAK WIND IN M.P.H.
PRELIMINARY LOCAL CLIMATOLOGICAL DATA (WS FORM: F-6) , PAGE 2
STATION: MEDFORD WI
MONTH: JULY
YEAR: 2023
LATITUDE: 45 5 N
LONGITUDE: 90 18 W
[TEMPERATURE DATA] [PRECIPITATION DATA] SYMBOLS USED IN COLUMN 16
AVERAGE MONTHLY: 65.1 TOTAL FOR MONTH: 2.41 1 = FOG OR MIST
DPTR FM NORMAL: 0.0 DPTR FM NORMAL: M 2 = FOG REDUCING VISIBILITY
HIGHEST: 89 ON 27 GRTST 24HR 0.77 ON 27-27 TO 1/4 MILE OR LESS
LOWEST: 42 ON 7 3 = THUNDER
SNOW, ICE PELLETS, HAIL 4 = ICE PELLETS
TOTAL MONTH: 0.0 INCH 5 = HAIL
GRTST 24HR 0.0 6 = FREEZING RAIN OR DRIZZLE
GRTST DEPTH: 0 7 = DUSTSTORM OR SANDSTORM:
VSBY 1/2 MILE OR LESS
8 = SMOKE OR HAZE
[NO. OF DAYS WITH] [WEATHER - DAYS WITH] 9 = BLOWING SNOW
X = TORNADO
MAX 32 OR BELOW: 0 0.01 INCH OR MORE: 12
MAX 90 OR ABOVE: 0 0.10 INCH OR MORE: 6
MIN 32 OR BELOW: 0 0.50 INCH OR MORE: 2
MIN 0 OR BELOW: 0 1.00 INCH OR MORE: 0
[HDD (BASE 65) ]
TOTAL THIS MO. 59 CLEAR (SCALE 0-3) 10
DPTR FM NORMAL M PTCLDY (SCALE 4-7) 21
TOTAL FM JUL 1 59 CLOUDY (SCALE 8-10) 0
DPTR FM NORMAL M
[CDD (BASE 65) ]
TOTAL THIS MO. 67
DPTR FM NORMAL M [PRESSURE DATA]
TOTAL FM JAN 1 165 HIGHEST SLP M ON M
DPTR FM NORMAL M LOWEST SLP M ON M
[REMARKS]
#FINAL-07-23#