000
CXUS53 KARX 012111
CF6MDZ
PRELIMINARY LOCAL CLIMATOLOGICAL DATA (WS FORM: F-6)
STATION: MEDFORD WI
MONTH: AUGUST
YEAR: 2022
LATITUDE: 45 5 N
LONGITUDE: 90 18 W
TEMPERATURE IN F: :PCPN: SNOW: WIND :SUNSHINE: SKY :PK WND
================================================================================
1 2 3 4 5 6A 6B 7 8 9 10 11 12 13 14 15 16 17 18
12Z AVG MX 2MIN
DY MAX MIN AVG DEP HDD CDD WTR SNW DPTH SPD SPD DIR MIN PSBL S-S WX SPD DR
================================================================================
1 75 56 66 M 0 1 0.00 0.0 0 7.9 13 300 M M 6 18 300
2 81 55 68 M 0 3 1.27 0.0 0 8.6 20 170 M M 4 3 27 170
3 83 61 72 M 0 7 1.26 0.0 0 8.8 15 300 M M 4 3 30 210
4 78 53 66 M 0 1 0.00 0.0 0 2.1 6 100 M M 1 M M
5 81 58 70 M 0 5 0.00 0.0 0 6.6 14 160 M M 0 20 160
6 78 64 71 M 0 6 1.76 0.0 0 4.7 8 160 M M 6 16 200
7 71 63 67 M 0 2 0.16 0.0 0 6.4 9 60 M M 10 M M
8 72 52 62 M 3 0 1.86 0.0 0 7.8 13 330 M M 6 3 18 360
9 75 47 61 M 4 0 0.00 0.0 0 3.0 7 240 M M 2 M M
10 79 53 66 M 0 1 0.00 0.0 0 4.8 9 330 M M 0 M M
11 75 50 63 M 2 0 0.00 0.0 0 3.4 8 60 M M 1 M M
12 60 51 56 M 9 0 0.03 0.0 0 6.1 12 150 M M 6 17 200
13 65 56 61 M 4 0 0.01 0.0 0 4.7 10 170 M M 10 17 160
14 68 55 62 M 3 0 0.00 0.0 0 3.7 9 60 M M 10 M M
15 75 51 63 M 2 0 0.00 0.0 0 0.9 7 90 M M 7 M M
16 77 52 65 M 0 0 0.00 0.0 0 2.0 6 130 M M 1 M M
17 76 52 64 M 1 0 0.00 0.0 0 2.2 8 210 M M 4 M M
18 71 57 64 M 1 0 0.20 0.0 0 4.8 10 180 M M 7 M M
19 73 56 65 M 0 0 0.25 0.0 0 5.5 13 210 M M 8 3 18 210
20 77 58 68 M 0 3 0.51 0.0 0 3.1 7 40 M M 7 M M
21 75 53 64 M 1 0 0.00 0.0 0 5.6 13 350 M M 4 12 18 350
22 76 49 63 M 2 0 0.00 0.0 0 1.4 7 310 M M 4 M M
23 80 54 67 M 0 2 0.00 0.0 0 1.6 9 50 M M 2 M M
24 78 55 67 M 0 2 0.81 0.0 0 3.4 10 290 M M 6 3 17 290
25 73 53 63 M 2 0 0.00 0.0 0 4.9 13 360 M M 8 18 360
26 73 49 61 M 4 0 0.00 0.0 0 1.3 6 200 M M 3 M M
27 67 55 61 M 4 0 0.33 0.0 0 8.9 20 170 M M 5 25 170
28 70 62 66 M 0 1 0.44 0.0 0 5.6 9 190 M M 10 M M
29 75 62 69 M 0 4 0.00 0.0 0 8.4 12 260 M M 6 3 22 270
30 73 57 65 M 0 0 0.00 0.0 0 9.2 17 310 M M 1 27 310
31 80 55 68 M 0 3 0.00 0.0 0 5.5 12 280 M M 1 17 320
================================================================================
SM 2310 1704 42 41 8.89 0.0 152.9 M 150
================================================================================
AV 74.5 55.0 4.9 FASTST M M 5 MAX(MPH)
MISC ----> # 20 170 30 210
================================================================================
NOTES:
# LAST OF SEVERAL OCCURRENCES
COLUMN 17 PEAK WIND IN M.P.H.
PRELIMINARY LOCAL CLIMATOLOGICAL DATA (WS FORM: F-6) , PAGE 2
STATION: MEDFORD WI
MONTH: AUGUST
YEAR: 2022
LATITUDE: 45 5 N
LONGITUDE: 90 18 W
[TEMPERATURE DATA] [PRECIPITATION DATA] SYMBOLS USED IN COLUMN 16
AVERAGE MONTHLY: 64.7 TOTAL FOR MONTH: 8.89 1 = FOG OR MIST
DPTR FM NORMAL: 0.0 DPTR FM NORMAL: M 2 = FOG REDUCING VISIBILITY
HIGHEST: 83 ON 3 GRTST 24HR 1.86 ON 8- 8 TO 1/4 MILE OR LESS
LOWEST: 47 ON 9 3 = THUNDER
SNOW, ICE PELLETS, HAIL 4 = ICE PELLETS
TOTAL MONTH: 0.0 INCH 5 = HAIL
GRTST 24HR 0.0 6 = FREEZING RAIN OR DRIZZLE
GRTST DEPTH: 0 7 = DUSTSTORM OR SANDSTORM:
VSBY 1/2 MILE OR LESS
8 = SMOKE OR HAZE
[NO. OF DAYS WITH] [WEATHER - DAYS WITH] 9 = BLOWING SNOW
X = TORNADO
MAX 32 OR BELOW: 0 0.01 INCH OR MORE: 13
MAX 90 OR ABOVE: 0 0.10 INCH OR MORE: 11
MIN 32 OR BELOW: 0 0.50 INCH OR MORE: 6
MIN 0 OR BELOW: 0 1.00 INCH OR MORE: 4
[HDD (BASE 65) ]
TOTAL THIS MO. 42 CLEAR (SCALE 0-3) 10
DPTR FM NORMAL M PTCLDY (SCALE 4-7) 17
TOTAL FM JUL 1 74 CLOUDY (SCALE 8-10) 4
DPTR FM NORMAL M
[CDD (BASE 65) ]
TOTAL THIS MO. 41
DPTR FM NORMAL M [PRESSURE DATA]
TOTAL FM JAN 1 225 HIGHEST SLP M ON M
DPTR FM NORMAL M LOWEST SLP M ON M
[REMARKS]
#FINAL-08-22#