000
CXUS53 KARX 240900
CF6MDZ
PRELIMINARY LOCAL CLIMATOLOGICAL DATA (WS FORM: F-6)
STATION: MEDFORD WI
MONTH: APRIL
YEAR: 2024
LATITUDE: 45 5 N
LONGITUDE: 90 18 W
TEMPERATURE IN F: :PCPN: SNOW: WIND :SUNSHINE: SKY :PK WND
================================================================================
1 2 3 4 5 6A 6B 7 8 9 10 11 12 13 14 15 16 17 18
12Z AVG MX 2MIN
DY MAX MIN AVG DEP HDD CDD WTR SNW DPTH SPD SPD DIR MIN PSBL S-S WX SPD DR
================================================================================
1 41 28 35 M 30 0 0.00 0.0 M 8.3 10 60 M M 6 17 100
2 35 31 33 M 32 0 M M M 12.5 21 20 M M 10 27 20
3 33 30 32 M 33 0 M M M 18.2 23 360 M M 10 32 360
4 40 28 34 M 31 0 M M M 12.9 20 20 M M 9 27 10
5 52 26 39 M 26 0 0.00 0.0 M 4.6 10 10 M M 0 17 340
6 55 26 41 M 24 0 0.00 0.0 M 7.0 10 110 M M 0 18 140
7 49 34 42 M 23 0 0.15 0.0 0 11.7 17 120 M M 6 31 130
8 49 40 45 M 20 0 0.01 0.0 0 9.0 16 200 M M 10 24 200
9 55 38 47 M 18 0 0.02 0.0 0 7.6 13 260 M M 9 21 260
10 65 36 51 M 14 0 0.00 0.0 0 6.1 14 240 M M 2 18 210
11 64 38 51 M 14 0 0.00 0.0 0 6.2 12 340 M M 4 18 340
12 54 37 46 M 19 0 0.00 0.0 0 12.5 22 330 M M 3 29 330
13 68 29 49 M 16 0 0.00 0.0 0 7.9 21 200 M M 0 28 200
14 69 40 55 M 10 0 0.00 0.0 0 6.5 15 300 M M 0 22 300
15 66 36 51 M 14 0 0.00 0.0 0 6.8 14 360 M M 0 21 360
16 60 42 51 M 14 0 0.36 0.0 0 16.2 27 100 M M 4 38 100
17 49 42 46 M 19 0 0.39 0.0 0 11.5 18 290 M M 10 28 100
18 51 36 44 M 21 0 0.00 0.0 0 8.9 14 270 M M 7 30 270
19 37 31 34 M 31 0 0.00 0.0 0 14.1 24 270 M M 9 35 280
20 38 28 33 M 32 0 0.00 0.0 0 9.7 17 280 M M 8 22 310
21 55 29 42 M 23 0 0.00 0.0 0 7.8 15 280 M M 2 27 310
22 63 35 49 M 16 0 0.01 M M 9.4 22 210 M M 3 33 210
23 58 30 44 M 21 0 0.19 M M 9.6 18 360 M M 5 35 250
================================================================================
SM 1206 770 501 0 1.13 0.0 225.0 M 117
================================================================================
AV 52.4 33.5 9.8 FASTST M M 5 MAX(MPH)
MISC ----> 27 100 38 100
================================================================================
NOTES:
# LAST OF SEVERAL OCCURRENCES
COLUMN 17 PEAK WIND IN M.P.H.
PRELIMINARY LOCAL CLIMATOLOGICAL DATA (WS FORM: F-6) , PAGE 2
STATION: MEDFORD WI
MONTH: APRIL
YEAR: 2024
LATITUDE: 45 5 N
LONGITUDE: 90 18 W
[TEMPERATURE DATA] [PRECIPITATION DATA] SYMBOLS USED IN COLUMN 16
AVERAGE MONTHLY: 43.0 TOTAL FOR MONTH: 1.13 1 = FOG OR MIST
DPTR FM NORMAL: 0.0 DPTR FM NORMAL: 1.13 2 = FOG REDUCING VISIBILITY
HIGHEST: 69 ON 14 GRTST 24HR 0.39 ON 17-17 TO 1/4 MILE OR LESS
LOWEST: 26 ON 6, 5 3 = THUNDER
SNOW, ICE PELLETS, HAIL 4 = ICE PELLETS
TOTAL MONTH: 0.0 INCH 5 = HAIL
GRTST 24HR 0.0 6 = FREEZING RAIN OR DRIZZLE
GRTST DEPTH: 0 7 = DUSTSTORM OR SANDSTORM:
VSBY 1/2 MILE OR LESS
8 = SMOKE OR HAZE
[NO. OF DAYS WITH] [WEATHER - DAYS WITH] 9 = BLOWING SNOW
X = TORNADO
MAX 32 OR BELOW: 0 0.01 INCH OR MORE: 7
MAX 90 OR ABOVE: 0 0.10 INCH OR MORE: 4
MIN 32 OR BELOW: 11 0.50 INCH OR MORE: 0
MIN 0 OR BELOW: 0 1.00 INCH OR MORE: 0
[HDD (BASE 65) ]
TOTAL THIS MO. 501 CLEAR (SCALE 0-3) 9
DPTR FM NORMAL M PTCLDY (SCALE 4-7) 7
TOTAL FM JUL 1 6811 CLOUDY (SCALE 8-10) 7
DPTR FM NORMAL M
[CDD (BASE 65) ]
TOTAL THIS MO. 0
DPTR FM NORMAL M [PRESSURE DATA]
TOTAL FM JAN 1 0 HIGHEST SLP M ON M
DPTR FM NORMAL M LOWEST SLP M ON M
[REMARKS]