000
CXUS54 KJAN 040816
CF6MEI
PRELIMINARY LOCAL CLIMATOLOGICAL DATA (WS FORM: F-6)
STATION: MERIDIAN
MONTH: DECEMBER
YEAR: 2023
LATITUDE: 32 19 N
LONGITUDE: 88 45 W
TEMPERATURE IN F: :PCPN: SNOW: WIND :SUNSHINE: SKY :PK WND
================================================================================
1 2 3 4 5 6A 6B 7 8 9 10 11 12 13 14 15 16 17 18
12Z AVG MX 2MIN
DY MAX MIN AVG DEP HDD CDD WTR SNW DPTH SPD SPD DIR MIN PSBL S-S WX SPD DR
================================================================================
1 77 50 64 12 1 0 0.59 0.0 0 6.1 21 160 M M 6 13 27 170
2 71 65 68 16 0 3 0.40 0.0 0 7.2 16 170 M M 9 13 22 170
3 70 47 59 7 6 0 0.00 0.0 0 4.2 9 280 M M 4 1 13 310
4 68 44 56 4 9 0 0.00 0.0 0 5.8 17 300 M M 0 23 320
5 65 33 49 -3 16 0 0.00 0.0 0 3.5 14 290 M M 0 1 20 240
6 57 32 45 -6 20 0 0.00 0.0 0 7.4 20 10 M M 0 29 10
7 60 29 45 -6 20 0 0.00 0.0 0 2.9 13 210 M M 0 19 180
8 69 37 53 2 12 0 0.05 0.0 0 4.5 16 180 M M 4 21 180
9 77 60 69 18 0 4 0.50 0.0 0 8.2 31 300 M M 8 13 42 300
10 60 34 47 -4 18 0 0.32 0.0 0 10.2 22 320 M M 4 3 29 300
11 57 28 43 -7 22 0 0.00 0.0 0 1.8 12 30 M M 0 17 20
12 62 28 45 -5 20 0 0.00 0.0 0 2.5 12 40 M M 0 16 70
13 63 31 47 -3 18 0 0.00 0.0 0 5.9 16 30 M M 0 20 40
14 67 39 53 3 12 0 0.00 0.0 0 6.5 17 100 M M 0 25 100
15 67 45 56 6 9 0 0.00 0.0 0 7.6 15 110 M M 2 24 110
16 63 50 57 7 8 0 0.01 0.0 0 5.0 16 120 M M 9 25 120
17 61 37 49 -1 16 0 0.00 0.0 0 6.8 17 320 M M 5 23 330
18 64 32 48 -2 17 0 0.00 0.0 0 6.9 18 330 M M 0 27 330
19 54 29 42 -7 23 0 0.00 0.0 0 4.6 15 50 M M 0 8 19 50
20 57 29 43 -6 22 0 0.00 0.0 0 2.3 10 150 M M 0 14 150
21 60 28 44 -5 21 0 0.00 0.0 0 2.2 8 90 M M 0 12 70
22 66 40 53 4 12 0 0.00 0.0 0 1.3 9 200 M M 0 14 200
23 71 38 55 6 10 0 0.00 0.0 0 2.8 14 160 M M 0 19 170
24 63 48 56 7 9 0 0.59 0.0 0 6.5 16 150 M M 5 25 110
25 64 52 58 10 7 0 0.53 0.0 0 5.8 20 140 M M 9 13 30 110
26 59 45 52 4 13 0 0.00 0.0 0 5.1 15 320 M M 4 22 300
27 59 32 46 -2 19 0 0.00 0.0 0 3.2 13 220 M M 2 18 240
28 51 28 40 -8 25 0 0.00 0.0 0 5.6 15 290 M M 4 22 280
29 53 32 43 -5 22 0 0.00 0.0 0 5.6 18 260 M M 4 25 250
30 54 27 41 -7 24 0 0.00 0.0 0 1.8 9 290 M M 1 14 310
31 65 28 47 -1 18 0 0.00 0.0 0 4.3 17 230 M M 0 23 210
================================================================================
SM 1954 1177 449 7 2.99 0.0 154.1 M 80
================================================================================
AV 63.0 38.0 5.0 FASTST M M 3 MAX(MPH)
MISC ----> 31 300 42 300
================================================================================
NOTES:
# LAST OF SEVERAL OCCURRENCES
COLUMN 17 PEAK WIND IN M.P.H.
PRELIMINARY LOCAL CLIMATOLOGICAL DATA (WS FORM: F-6) , PAGE 2
STATION: MERIDIAN
MONTH: DECEMBER
YEAR: 2023
LATITUDE: 32 19 N
LONGITUDE: 88 45 W
[TEMPERATURE DATA] [PRECIPITATION DATA] SYMBOLS USED IN COLUMN 16
AVERAGE MONTHLY: 50.5 TOTAL FOR MONTH: 2.99 1 = FOG OR MIST
DPTR FM NORMAL: 0.6 DPTR FM NORMAL: -2.28 2 = FOG REDUCING VISIBILITY
HIGHEST: 77 ON 9, 1 GRTST 24HR 1.12 ON 24-25 TO 1/4 MILE OR LESS
LOWEST: 27 ON 30 3 = THUNDER
SNOW, ICE PELLETS, HAIL 4 = ICE PELLETS
TOTAL MONTH: 0.0 INCH 5 = HAIL
GRTST 24HR 0.0 6 = FREEZING RAIN OR DRIZZLE
GRTST DEPTH: 0 7 = DUSTSTORM OR SANDSTORM:
VSBY 1/2 MILE OR LESS
8 = SMOKE OR HAZE
[NO. OF DAYS WITH] [WEATHER - DAYS WITH] 9 = BLOWING SNOW
X = TORNADO
MAX 32 OR BELOW: 0 0.01 INCH OR MORE: 8
MAX 90 OR ABOVE: 0 0.10 INCH OR MORE: 6
MIN 32 OR BELOW: 14 0.50 INCH OR MORE: 4
MIN 0 OR BELOW: 0 1.00 INCH OR MORE: 0
[HDD (BASE 65) ]
TOTAL THIS MO. 449 CLEAR (SCALE 0-3) 18
DPTR FM NORMAL -30 PTCLDY (SCALE 4-7) 9
TOTAL FM JUL 1 797 CLOUDY (SCALE 8-10) 4
DPTR FM NORMAL -63
[CDD (BASE 65) ]
TOTAL THIS MO. 7
DPTR FM NORMAL -2 [PRESSURE DATA]
TOTAL FM JAN 1 2681 HIGHEST SLP 30.60 ON 14
DPTR FM NORMAL 203 LOWEST SLP 29.75 ON 25
[REMARKS]
#FINAL-12-23#