000
CXUS54 KMEG 050537
CF6MEM
PRELIMINARY LOCAL CLIMATOLOGICAL DATA (WS FORM: F-6)
STATION: MEMPHIS
MONTH: FEBRUARY
YEAR: 2022
LATITUDE: 35 3 N
LONGITUDE: 89 59 W
TEMPERATURE IN F: :PCPN: SNOW: WIND :SUNSHINE: SKY :PK WND
================================================================================
1 2 3 4 5 6A 6B 7 8 9 10 11 12 13 14 15 16 17 18
12Z AVG MX 2MIN
DY MAX MIN AVG DEP HDD CDD WTR SNW DPTH SPD SPD DIR MIN PSBL S-S WX SPD DR
================================================================================
1 70 44 57 14 8 0 0.33 0.0 0 9.5 18 150 M M 6 1 30 90
2 61 33 47 4 18 0 0.13 0.0 0 13.2 21 160 M M 10 1 27 150
3 34 27 31 -13 34 0 1.85 T 0 13.3 23 10 M M 10 146 29 10
4 29 22 26 -18 39 0 T T T 7.8 17 340 M M 7 1468 22 20
5 39 22 31 -13 34 0 0.00 0.0 0 4.1 9 30 M M 1 14 310
6 49 22 36 -8 29 0 0.00 0.0 0 3.0 10 320 M M 0 14 290
7 51 24 38 -6 27 0 0.00 0.0 0 3.8 15 320 M M 1 20 40
8 58 26 42 -2 23 0 0.00 0.0 0 9.8 17 220 M M 0 26 110
9 65 43 54 9 11 0 0.00 0.0 0 9.0 16 220 M M 1 29 210
10 67 36 52 7 13 0 0.00 0.0 0 3.0 12 180 M M 4 16 90
11 71 46 59 14 6 0 0.00 0.0 0 12.5 25 200 M M 4 34 200
12 53 28 41 -4 24 0 T 0.0 0 10.4 21 10 M M 8 25 10
13 47 23 35 -11 30 0 0.00 0.0 0 4.6 15 250 M M 0 22 250
14 62 28 45 -1 20 0 0.00 0.0 0 5.4 15 200 M M 0 20 290
15 69 41 55 9 10 0 0.00 0.0 0 10.4 26 180 M M 1 36 180
16 75 51 63 17 2 0 0.00 0.0 0 18.4 30 170 M M 7 42 200
17 69 33 51 4 14 0 0.97 0.0 0 19.0 32 240 M M 10 138 49 230
18 46 27 37 -10 28 0 0.00 0.0 0 7.2 18 10 M M 4 23 340
19 56 29 43 -4 22 0 0.00 0.0 0 5.1 13 330 M M 0 16 320
20 67 36 52 5 13 0 0.00 0.0 0 10.3 23 190 M M 2 30 200
21 61 51 56 8 9 0 0.07 0.0 0 12.0 21 160 M M 10 1 27 160
22 71 42 57 9 8 0 1.82 0.0 0 11.5 29 280 M M 10 13 37 280
23 42 33 38 -10 27 0 1.45 T 0 11.7 21 20 M M 10 134 26 20
24 40 33 37 -11 28 0 0.97 0.0 0 7.7 15 300 M M 10 134 22 310
25 34 30 32 -17 33 0 0.00 0.0 0 11.3 20 310 M M 10 24 310
26 39 30 35 -14 30 0 0.31 0.0 0 8.6 15 50 M M 10 16 20 30
27 51 34 43 -6 22 0 0.12 0.0 0 5.8 15 320 M M 6 1 18 320
28 61 29 45 -5 20 0 0.00 0.0 0 2.5 10 280 M M 1 16 290
================================================================================
SM 1537 923 582 0 8.02 T 250.9 M 143
================================================================================
AV 54.9 33.0 9.0 FASTST M M 5 MAX(MPH)
MISC ----> 32 240 49 230
================================================================================
NOTES:
# LAST OF SEVERAL OCCURRENCES
COLUMN 17 PEAK WIND IN M.P.H.
PRELIMINARY LOCAL CLIMATOLOGICAL DATA (WS FORM: F-6) , PAGE 2
STATION: MEMPHIS
MONTH: FEBRUARY
YEAR: 2022
LATITUDE: 35 3 N
LONGITUDE: 89 59 W
[TEMPERATURE DATA] [PRECIPITATION DATA] SYMBOLS USED IN COLUMN 16
AVERAGE MONTHLY: 43.9 TOTAL FOR MONTH: 8.02 1 = FOG OR MIST
DPTR FM NORMAL: -2.2 DPTR FM NORMAL: 3.47 2 = FOG REDUCING VISIBILITY
HIGHEST: 75 ON 16 GRTST 24HR 2.31 ON 23-24 TO 1/4 MILE OR LESS
LOWEST: 22 ON 6, 5 3 = THUNDER
SNOW, ICE PELLETS, HAIL 4 = ICE PELLETS
TOTAL MONTH: T 5 = HAIL
GRTST 24HR T ON 3- 3 6 = FREEZING RAIN OR DRIZZLE
GRTST DEPTH: T 7 = DUSTSTORM OR SANDSTORM:
VSBY 1/2 MILE OR LESS
8 = SMOKE OR HAZE
[NO. OF DAYS WITH] [WEATHER - DAYS WITH] 9 = BLOWING SNOW
X = TORNADO
MAX 32 OR BELOW: 1 0.01 INCH OR MORE: 10
MAX 90 OR ABOVE: 0 0.10 INCH OR MORE: 9
MIN 32 OR BELOW: 14 0.50 INCH OR MORE: 5
MIN 0 OR BELOW: 0 1.00 INCH OR MORE: 3
[HDD (BASE 65) ]
TOTAL THIS MO. 582 CLEAR (SCALE 0-3) 11
DPTR FM NORMAL 50 PTCLDY (SCALE 4-7) 8
TOTAL FM JUL 1 2072 CLOUDY (SCALE 8-10) 9
DPTR FM NORMAL -301
[CDD (BASE 65) ]
TOTAL THIS MO. 0
DPTR FM NORMAL -2 [PRESSURE DATA]
TOTAL FM JAN 1 0 HIGHEST SLP 30.58 ON 5
DPTR FM NORMAL -1 LOWEST SLP 29.57 ON 17
[REMARKS]
#FINAL-02-22#