000
CXUS54 KLZK 011330
CF6MEZ
PRELIMINARY LOCAL CLIMATOLOGICAL DATA (WS FORM: F-6)
STATION: MENA AIRPORT
MONTH: JANUARY
YEAR: 2024
LATITUDE: 34 9 N
LONGITUDE: 94 15 W
TEMPERATURE IN F: :PCPN: SNOW: WIND :SUNSHINE: SKY :PK WND
================================================================================
1 2 3 4 5 6A 6B 7 8 9 10 11 12 13 14 15 16 17 18
12Z AVG MX 2MIN
DY MAX MIN AVG DEP HDD CDD WTR SNW DPTH SPD SPD DIR MIN PSBL S-S WX SPD DR
================================================================================
1 46 23 35 -3 30 0 0.00 M M 3.4 9 60 M M 2 M M
2 45 20 33 -5 32 0 0.00 M M 1.0 5 340 M M 0 M M
3 53 28 41 3 24 0 0.00 M M 1.4 7 280 M M 3 1 M M
4 52 22 37 -1 28 0 0.00 M M 4.1 10 60 M M 0 1 M M
5 37 31 34 -4 31 0 0.17 M M 5.4 14 110 M M 10 1 M M
6 42 29 36 -2 29 0 T M M 5.5 12 290 M M 9 M M
7 56 24 40 2 25 0 0.00 M M 1.8 8 270 M M 0 1 M M
8 47 40 44 6 21 0 0.13 M M 7.2 13 110 M M 7 1 31 M
9 42 30 36 -2 29 0 T M M 13.1 25 280 M M 7 1 36 M
10 57 20 39 1 26 0 0.00 M M 4.7 15 240 M M 0 27 220
11 61 24 43 5 22 0 0.04 M M 3.6 13 230 M M 3 1 24 250
12 62 25 44 6 21 0 0.06 M M 12.2 25 290 M M 4 1 32 M
13 51 17 34 -4 31 0 0.00 M M 5.8 16 320 M M 0 23 350
14 17 8 13 -25 52 0 0.13 M M 7.6 10 40 M M 7 1 21 360
15 19 6 13 -25 52 0 0.02 M M 7.3 13 320 M M 6 20 320
16 19 2 11 -28 54 0 0.00 M M 4.5 9 10 M M 0 M M
17 37 1 19 -20 46 0 0.00 M M 3.3 7 99 M M 0 M M
18 48 26 37 -2 28 0 0.00 M M 3.5 9 270 M M 5 1 21 99
19 41 16 29 -10 36 0 0.00 M M 8.6 13 360 M M 0 31 M
20 32 11 22 -17 43 0 0.00 M M 3.8 7 90 M M 0 M M
21 31 15 23 -16 42 0 T M M 4.8 8 90 M M 7 M M
22 38 29 34 -5 31 0 0.29 M M 2.1 6 80 M M 9 1 M M
23 49 38 44 5 21 0 0.09 M M 0.2 5 110 M M 10 12 M M
24 54 46 50 11 15 0 0.03 M M 0.4 3 100 M M 10 1 M M
25 61 38 50 11 15 0 0.05 M M 2.8 10 290 M M 6 1 M M
26 51 39 45 6 20 0 0.02 M M 3.7 8 50 M M 10 12 M M
27 47 36 42 3 23 0 0.05 M M 6.6 14 290 M M 8 1 17 310
28 54 28 41 2 24 0 0.00 M M 4.9 13 350 M M 2 1 18 360
29 65 27 46 6 19 0 0.00 M M 1.9 6 280 M M 0 M M
30 69 35 52 12 13 0 0.00 M M 5.3 13 290 M M 0 24 99
31 69 28 49 9 16 0 0.00 M M 0.9 5 80 M M 0 1 M M
================================================================================
SM 1452 762 899 0 1.08 M 141.4 M 125
================================================================================
AV 46.8 24.6 4.6 FASTST M M 4 MAX(MPH)
MISC ----> # 25 280 36 9999
================================================================================
NOTES:
# LAST OF SEVERAL OCCURRENCES
COLUMN 17 PEAK WIND IN M.P.H.
PRELIMINARY LOCAL CLIMATOLOGICAL DATA (WS FORM: F-6) , PAGE 2
STATION: MENA AIRPORT
MONTH: JANUARY
YEAR: 2024
LATITUDE: 34 9 N
LONGITUDE: 94 15 W
[TEMPERATURE DATA] [PRECIPITATION DATA] SYMBOLS USED IN COLUMN 16
AVERAGE MONTHLY: 35.7 TOTAL FOR MONTH: 1.08 1 = FOG OR MIST
DPTR FM NORMAL: -3.1 DPTR FM NORMAL: -2.64 2 = FOG REDUCING VISIBILITY
HIGHEST: 69 ON 31,30 GRTST 24HR 1.53 ON 11-12 TO 1/4 MILE OR LESS
LOWEST: 1 ON 17 3 = THUNDER
SNOW, ICE PELLETS, HAIL 4 = ICE PELLETS
TOTAL MONTH: M 5 = HAIL
GRTST 24HR M ON M 6 = FREEZING RAIN OR DRIZZLE
GRTST DEPTH: M ON M 7 = DUSTSTORM OR SANDSTORM:
VSBY 1/2 MILE OR LESS
8 = SMOKE OR HAZE
[NO. OF DAYS WITH] [WEATHER - DAYS WITH] 9 = BLOWING SNOW
X = TORNADO
MAX 32 OR BELOW: 5 0.01 INCH OR MORE: 12
MAX 90 OR ABOVE: 0 0.10 INCH OR MORE: 4
MIN 32 OR BELOW: 24 0.50 INCH OR MORE: 0
MIN 0 OR BELOW: 0 1.00 INCH OR MORE: 0
[HDD (BASE 65) ]
TOTAL THIS MO. 899 CLEAR (SCALE 0-3) 15
DPTR FM NORMAL 85 PTCLDY (SCALE 4-7) 9
TOTAL FM JUL 1 2149 CLOUDY (SCALE 8-10) 7
DPTR FM NORMAL -110
[CDD (BASE 65) ]
TOTAL THIS MO. 0
DPTR FM NORMAL 0 [PRESSURE DATA]
TOTAL FM JAN 1 0 HIGHEST SLP M ON M
DPTR FM NORMAL 0 LOWEST SLP M ON M
[REMARKS]
#FINAL-01-24#